NOAA Style Climate Reports


Select a Year or Month report
2019: Jan Feb Mar Apr May Jun Jul Aug Sep Oct Nov Dec
2018: Jan Feb Mar Apr May Jun Jul Aug Sep Oct Nov Dec
2017: Jan Feb Mar Apr May Jun Jul Aug Sep Oct Nov Dec
2016: Jan Feb Mar Apr May Jun Jul Aug Sep Oct Nov Dec

Report for January 2019
                   MONTHLY CLIMATOLOGICAL SUMMARY for Jan 2019


NAME: Allen Weather                  
ELEV: 672 feet    LAT: 33-05.77 N    LONG: 096-41.79 W


                   TEMPERATURE (F), RAIN (in), WIND SPEED (mph)

                                         HEAT   COOL         AVG
      MEAN                               DEG    DEG          WIND                   DOM
DAY   TEMP   HIGH   TIME    LOW   TIME   DAYS   DAYS   RAIN  SPEED   HIGH   TIME    DIR
---------------------------------------------------------------------------------------
 01   37.5   43.9  00:18   34.0  23:42   27.5    0.0   0.00    1.3   16.0  03:34    335
 02   33.8   35.3  23:23   32.0  07:18   31.2    0.0   0.66    1.0   14.0  18:19    335
 03   37.4   40.1  13:27   35.1  00:00   27.6    0.0   0.48    2.3   16.0  18:07    319
 04   43.7   56.8  16:21   36.1  00:26   21.3    0.0   0.01    2.7   17.0  00:51    316
 05   51.2   71.5  14:38   34.1  07:06   13.8    0.0   0.00    0.4    7.0  14:09    175
 06   55.7   68.5  14:05   40.9  06:15    9.3    0.0   0.00    1.7   20.0  14:13    171
 07   63.7   74.3  14:45   50.9  23:16    1.3    0.0   0.00    0.7   16.0  00:40    204
 08   54.7   65.6  13:47   45.2  06:45   10.3    0.0   0.00    1.3   13.0  14:41    332
 09   48.1   58.0  14:09   41.4  21:55   16.9    0.0   0.00    0.4   10.0  09:46    360
 10   45.8   50.2  13:21   38.0  03:38   19.2    0.0   0.00    0.4   10.0  20:00    164
 11   48.2   52.9  14:11   45.0  07:14   16.8    0.0   0.23    0.8   14.0  14:11    164
 12   44.8   53.7  03:31   40.5  23:57   20.2    0.0   0.04    3.3   20.0  09:13    316
 13   37.2   40.6  00:00   35.6  20:32   27.8    0.0   0.00    0.2   19.0  00:12    327
 14   38.0   44.1  14:25   35.1  23:55   27.0    0.0   0.00    0.0    6.0  10:17     90
 15   42.8   48.3  14:39   35.0  00:06   22.2    0.0   0.00    0.0    8.0  17:29    169
 16   52.3   60.9  15:18   46.4  05:45   12.7    0.0   0.00    0.4   17.0  16:55    169
 17   52.6   58.0  01:59   42.6  23:58   12.4    0.0   0.00    1.7   17.0  10:28    314
 18   54.0   66.9  16:13   40.0  01:45   11.0    0.0   0.22    1.5   17.0  16:37    168
 19   37.0   60.5  00:00   29.0  23:56   28.0    0.0   0.04    6.2   29.0  03:37    317
 20   35.1   46.6  15:00   24.5  07:29   29.9    0.0   0.00    0.1   10.0  00:35    206
 21   45.9   57.6  14:55   35.3  06:49   19.1    0.0   0.00    2.4   21.0  19:37    164
 22   55.3   59.2  15:17   52.1  02:02    9.7    0.0   0.06    0.9   21.0  02:04    168
 23
 24
 25
 26
 27
 28
 29
 30
 31
---------------------------------------------------------------------------------------
      46.0   74.3     07   24.5     20  415.1    0.0   1.74    1.4   29.0     19    303