NOAA Style Climate Reports


Select a Year or Month report
2018: Jan Feb Mar Apr May Jun Jul Aug Sep Oct Nov Dec
2017: Jan Feb Mar Apr May Jun Jul Aug Sep Oct Nov Dec
2016: Jan Feb Mar Apr May Jun Jul Aug Sep Oct Nov Dec

Report for September 2018
                   MONTHLY CLIMATOLOGICAL SUMMARY for Sep 2018


NAME: Allen Weather                  
ELEV: 672 feet    LAT: 33-05.77 N    LONG: 096-41.79 W


                   TEMPERATURE (F), RAIN (in), WIND SPEED (mph)

                                         HEAT   COOL         AVG
      MEAN                               DEG    DEG          WIND                   DOM
DAY   TEMP   HIGH   TIME    LOW   TIME   DAYS   DAYS   RAIN  SPEED   HIGH   TIME    DIR
---------------------------------------------------------------------------------------
 01   86.7   97.6  16:30   77.3  07:00    0.0   21.7   0.00    1.3   12.0  12:23    155
 02   84.4   94.2  14:57   76.5  07:21    0.0   19.4   0.00    1.5   14.0  15:01    157
 03   77.5   83.6  10:58   75.3  12:46    0.0   12.5   0.59    1.3   15.0  19:28    147
 04   80.2   91.9  16:47   74.5  08:14    0.0   15.2   0.00    1.9   13.0  03:34    171
 05   80.3   88.9  11:12   75.8  03:49    0.0   15.3   0.01    0.4    9.0  18:13    322
 06   80.2   93.8  14:40   74.2  18:25    0.0   15.2   0.83    0.6   14.0  17:26    334
 07   78.8   92.4  14:25   73.0  06:43    0.0   13.8   1.22    0.3   15.0  18:12    332
 08   74.2   75.9  02:14   71.2  23:57    0.0    9.2   0.80    0.1    7.0  07:56    351
 09   70.9   75.1  15:43   67.3  08:07    0.0    5.9   0.00    1.5   12.0  16:24    338
 10   70.8   76.0  14:49   68.2  07:23    0.0    5.8   0.16    0.3    7.0  09:33      1
 11   72.7   80.9  15:36   67.9  07:08    0.0    7.7   0.03    0.5    8.0  19:22    129
 12   76.2   85.7  16:18   71.3  07:22    0.0   11.2   0.01    0.6   12.0  22:19    150
 13   78.7   88.1  16:32   71.0  05:35    0.0   13.7   0.00    0.5    9.0  14:30    141
 14   77.4   86.7  15:42   72.3  04:43    0.0   12.4   1.09    0.3   14.0  19:29    126
 15   78.8   90.7  15:15   72.0  07:15    0.0   13.8   0.01    0.4    9.0  16:30     37
 16   82.8   92.6  15:26   74.5  06:42    0.0   17.8   0.00    0.1    6.0  11:36    129
 17   84.6   95.4  15:51   74.9  06:56    0.0   19.6   0.00    0.3    9.0  12:53    258
 18   85.0   96.0  15:37   74.5  07:03    0.0   20.0   0.00    0.4    7.0  12:35    214
 19   85.6   96.2  14:32   75.1  07:15    0.0   20.6   0.00    0.8   11.0  13:52    178
 20   81.7   90.9  13:28   74.1  20:19    0.0   16.7   0.05    1.2   12.0  16:14    177
 21   77.2   85.2  12:41   72.3  23:25    0.0   12.2   4.22    1.2   14.0  10:04    194
 22   71.9   74.3  11:10   68.0  23:05    0.0    6.9   3.29    1.1   12.0  04:10     14
 23   68.3   71.8  16:23   65.5  06:32    0.0    3.3   0.09    0.2    8.0  12:41    356
 24   74.2   80.7  17:22   69.9  01:23    0.0    9.2   0.02    0.1    5.0  11:19    291
 25   79.0   91.0  16:20   70.0  03:59    0.0   14.0   0.00    0.8   10.0  08:57    181
 26   71.3   77.2  00:00   63.5  09:34    0.0    6.3   0.06    1.0   10.0  07:02    352
 27
 28
 29
 30
---------------------------------------------------------------------------------------
      78.2   97.6     01   63.5     26    0.0  339.3  12.48    0.7   15.0     03    165