NOAA Style Climate Reports


Select a Year or Month report
2019: Jan Feb Mar Apr May Jun Jul Aug Sep Oct Nov Dec
2018: Jan Feb Mar Apr May Jun Jul Aug Sep Oct Nov Dec
2017: Jan Feb Mar Apr May Jun Jul Aug Sep Oct Nov Dec
2016: Jan Feb Mar Apr May Jun Jul Aug Sep Oct Nov Dec

Report for May 2019
                   MONTHLY CLIMATOLOGICAL SUMMARY for May 2019


NAME: Allen Weather                  
ELEV: 672 feet    LAT: 33-05.77 N    LONG: 096-41.79 W


                   TEMPERATURE (F), RAIN (in), WIND SPEED (mph)

                                         HEAT   COOL         AVG
      MEAN                               DEG    DEG          WIND                   DOM
DAY   TEMP   HIGH   TIME    LOW   TIME   DAYS   DAYS   RAIN  SPEED   HIGH   TIME    DIR
---------------------------------------------------------------------------------------
 01   74.2   84.9  14:59   62.1  23:58    0.0    9.2   1.61    1.2   16.0  15:16    186
 02   68.5   83.0  14:51   60.3  07:12    0.0    3.5   0.37    0.5   14.0  09:53    325
 03   69.9   82.1  14:16   61.6  02:48    0.0    4.9   0.00    0.0    7.0  13:08     90
 04   68.4   77.3  13:37   61.9  07:35    0.0    3.4   0.00    0.0    9.0  14:27    315
 05   71.6   85.4  16:56   57.9  06:46    0.0    6.6   0.00    0.5   16.0  17:14    177
 06   76.4   86.2  15:35   69.8  06:27    0.0   11.4   0.00    1.7   16.0  08:47    180
 07   75.8   87.9  16:13   67.3  06:29    0.0   10.8   0.02    1.8   21.0  18:50    173
 08   65.8   72.4  00:00   60.6  11:49    0.0    0.8   1.07    1.5   16.0  09:23    198
 09   63.4   72.2  11:19   53.3  23:56    1.6    0.0   0.00    2.1   18.0  21:36    336
 10   53.9   58.8  15:36   50.3  06:34   11.1    0.0   0.00    1.6   15.0  00:54    341
 11   58.8   63.7  18:44   55.8  02:17    6.2    0.0   0.90    1.5    9.0  11:45    321
 12   66.7   78.5  17:20   57.0  06:51    0.0    1.7   0.00    1.5   14.0  11:48    320
 13   71.7   85.7  16:47   57.4  06:17    0.0    6.7   0.00    0.8   10.0  11:08    189
 14   74.5   87.3  16:11   61.0  06:01    0.0    9.5   0.00    1.0   10.0  19:23    180
 15   76.5   88.3  15:38   63.5  05:16    0.0   11.5   0.00    1.1   12.0  13:26    184
 16   77.8   89.0  16:15   66.2  05:35    0.0   12.8   0.00    1.5   13.0  15:56    177
 17   77.5   87.9  14:35   67.8  07:24    0.0   12.5   0.00    2.7   15.0  14:03    180
 18   71.7   77.9  00:00   63.2  13:24    0.0    6.7   2.20    2.5   26.0  12:56    191
 19   75.7   85.0  15:10   67.0  07:27    0.0   10.7   0.00    1.4   10.0  09:07    331
 20   78.4   87.9  16:55   70.5  04:14    0.0   13.4   0.00    2.8   24.0  15:41    174
 21   75.1   84.7  17:40   65.3  07:19    0.0   10.1   0.27    2.4   23.0  06:42    187
 22   71.3   85.9  12:17   64.4  02:54    0.0    6.3   0.00    2.0   15.0  11:30    180
 23
 24
 25
 26
 27
 28
 29
 30
 31
---------------------------------------------------------------------------------------
      71.1   89.0     16   50.3     10   18.9  152.6   6.44    1.4   26.0     18    197