NOAA Style Climate Reports


Select a Year or Month report
2018: Jan Feb Mar Apr May Jun Jul Aug Sep Oct Nov Dec
2017: Jan Feb Mar Apr May Jun Jul Aug Sep Oct Nov Dec
2016: Jan Feb Mar Apr May Jun Jul Aug Sep Oct Nov Dec

Report for 2016
                     CLIMATOLOGICAL SUMMARY for year 2016


NAME: Allen Weather                  
ELEV: 672 feet    LAT: 33-05.77 N    LONG: 096-41.79 W


                                       TEMPERATURE (F)

                              HEAT    COOL                              MAX    MAX    MIN    MIN
          MEAN   MEAN         DEG     DEG                                >=     <=     <=     <=
 YR  MO   MAX    MIN    MEAN  DAYS    DAYS      HI  DAY     LOW  DAY     90     32     32      0
------------------------------------------------------------------------------------------------
2016 01
2016 02
2016 03   72.1   51.6   62.4   46.7   17.0    82.5   23    39.1   25      0      0      0      0
2016 04   77.5   57.6   67.2   37.9  104.7    87.1   05    43.6   02      0      0      0      0
2016 05   81.0   63.0   71.7   20.6  227.1    95.0   10    48.5   03      2      0      0      0
2016 06   93.1   73.7   82.9    0.0  536.7    99.1   16    64.7   06     23      0      0      0
2016 07   98.0   77.3   87.0    0.0  680.9   102.4   22    69.2   15     31      0      0      0
2016 08   95.0   76.0   84.4    0.0  601.5   107.4   12    70.2   19     24      0      0      0
2016 09   90.6   70.6   79.7    0.1  442.6    98.9   19    55.6   30     20      0      0      0
2016 10   83.8   62.1   72.1   10.8  230.9    93.3   18    48.3   22      5      0      0      0
2016 11   70.5   52.6   60.9  159.4   37.5    85.8   16    33.4   20      0      0      0      0
2016 12   57.2   40.1   48.3  527.1    8.9    80.1   28    14.5   19      0      1      6      0
------------------------------------------------------------------------------------------------
          82.5   63.2   72.3  802.5 2887.7   107.4  Aug    14.5  Dec    105      1      6      0


                  PRECIPITATION (in)

                  MAX         ---DAYS OF RAIN---
                  OBS.               OVER
 YR  MO  TOTAL    DAY  DATE   0.01   0.10   1.00
------------------------------------------------
2016 01
2016 02
2016 03   0.86   0.72    23      2      2      0
2016 04   6.62   1.61    17      9      8      3
2016 05   6.28   2.50    31     15      9      1
2016 06   2.45   1.24    02      7      2      2
2016 07   2.10   0.92    09      7      3      0
2016 08   4.00   1.02    20      8      6      1
2016 09   5.12   3.76    25      6      5      1
2016 10   1.94   0.98    07      2      2      0
2016 11   4.46   2.07    07      8      5      1
2016 12   0.71   0.38    03      8      2      0
------------------------------------------------
         34.54   3.76   Sep     72     44      9


           WIND SPEED (mph)

                                DOM
 YR  MO    AVG     HI   DATE    DIR
-----------------------------------
2016 01
2016 02
2016 03    3.2   30.0     22    206 
2016 04    1.8   32.0     11    205 
2016 05    1.8   26.0     10    186 
2016 06    1.1   20.0     12    171 
2016 07    1.7   28.0     15    178 
2016 08    1.2   16.0     12    174 
2016 09    1.1   31.0     18    187 
2016 10    1.4   19.0     07    184 
2016 11    1.6   24.0     18    252 
2016 12    1.8   27.0     25    277 
-----------------------------------
           1.6   32.0    Apr    189