NOAA Style Climate Reports


Select a Year or Month report
2018: Jan Feb Mar Apr May Jun Jul Aug Sep Oct Nov Dec
2017: Jan Feb Mar Apr May Jun Jul Aug Sep Oct Nov Dec
2016: Jan Feb Mar Apr May Jun Jul Aug Sep Oct Nov Dec

Report for March 2016
                   MONTHLY CLIMATOLOGICAL SUMMARY for Mar 2016


NAME: Allen Weather                  
ELEV: 672 feet    LAT: 33-05.77 N    LONG: 096-41.79 W


                   TEMPERATURE (F), RAIN (in), WIND SPEED (mph)

                                         HEAT   COOL         AVG
      MEAN                               DEG    DEG          WIND                   DOM
DAY   TEMP   HIGH   TIME    LOW   TIME   DAYS   DAYS   RAIN  SPEED   HIGH   TIME    DIR
---------------------------------------------------------------------------------------
 01
 02
 03
 04
 05
 06
 07
 08
 09
 10
 11
 12
 13
 14
 15
 16
 17
 18
 19
 20
 21   59.1   64.7  17:59   55.3  23:54    5.9    0.0   0.00    3.6   18.0  22:00    166
 22   68.2   75.5  16:27   49.1  07:04    0.0    3.2   0.00    5.5   30.0  17:07    167
 23   70.7   82.5  16:11   58.4  23:01    0.0    5.7   0.72    4.9   21.0  12:45    169
 24   53.6   61.4  00:30   44.3  07:32   11.4    0.0   0.00    6.0   23.0  04:14    316
 25   55.6   70.9  16:03   39.1  06:42    9.4    0.0   0.00    1.2   15.0  17:48    163
 26   63.3   76.8  16:01   50.5  07:35    1.7    0.0   0.00    2.0   16.0  11:00    164
 27   57.0   62.8  15:13   49.2  09:10    8.0    0.0   0.00    3.0   23.0  07:35    323
 28   56.0   70.1  15:41   41.0  06:26    9.0    0.0   0.00    1.1   14.0  17:25    146
 29   63.7   75.8  14:33   53.9  03:53    1.3    0.0   0.00    2.5   18.0  14:50    161
 30   70.2   77.7  13:06   65.9  22:09    0.0    5.2   0.14    3.0   26.0  18:39    172
 31   67.8   74.9  15:58   60.6  23:34    0.0    2.8   0.00    3.3   15.0  11:36    317
---------------------------------------------------------------------------------------
      62.4   82.5     23   39.1     25   46.7   17.0   0.86    3.2   30.0     22    206