NOAA Style Climate Reports


Select a Year or Month report
2018: Jan Feb Mar Apr May Jun Jul Aug Sep Oct Nov Dec
2017: Jan Feb Mar Apr May Jun Jul Aug Sep Oct Nov Dec
2016: Jan Feb Mar Apr May Jun Jul Aug Sep Oct Nov Dec

Report for April 2016
                   MONTHLY CLIMATOLOGICAL SUMMARY for Apr 2016


NAME: Allen Weather                  
ELEV: 672 feet    LAT: 33-05.77 N    LONG: 096-41.79 W


                   TEMPERATURE (F), RAIN (in), WIND SPEED (mph)

                                         HEAT   COOL         AVG
      MEAN                               DEG    DEG          WIND                   DOM
DAY   TEMP   HIGH   TIME    LOW   TIME   DAYS   DAYS   RAIN  SPEED   HIGH   TIME    DIR
---------------------------------------------------------------------------------------
 01   57.4   64.2  17:20   52.8  23:58    7.6    0.0   0.00    2.4   17.0  10:43    351
 02   56.2   68.1  16:36   43.6  07:34    8.8    0.0   0.00    2.2   17.0  12:30    319
 03   63.1   78.5  15:35   45.5  07:05    1.9    0.0   0.00    1.2   14.0  13:50    177
 04   69.7   86.6  16:20   51.3  06:55    0.0    4.7   0.00    1.0   11.0  01:34    216
 05   72.4   87.1  14:45   56.1  06:17    0.0    7.4   0.00    1.9   19.0  14:49    168
 06   68.6   77.3  15:37   58.0  23:56    0.0    3.6   0.00    4.6   24.0  12:27    317
 07   69.3   85.4  14:48   53.5  04:58    0.0    4.3   0.00    1.6   17.0  16:15    329
 08   64.7   72.9  14:13   54.8  07:06    0.3    0.0   0.00    1.0   14.0  11:04     39
 09   61.1   69.8  14:26   54.0  05:43    3.9    0.0   0.00    1.2   11.0  16:09    171
 10   68.0   76.0  17:12   59.8  00:12    0.0    3.0   0.00    3.1   19.0  23:54    172
 11   69.4   83.9  15:21   57.9  18:05    0.0    4.4   0.72    1.9   32.0  17:54     88
 12   61.5   68.3  15:57   54.1  07:41    3.5    0.0   0.00    1.4   11.0  09:52     44
 13   56.0   61.8  00:00   52.6  11:21    9.0    0.0   0.30    1.2   10.0  02:44     33
 14   62.2   71.5  14:24   55.3  06:58    2.8    0.0   0.00    0.9    8.0  13:17     53
 15   65.0   74.8  16:22   56.3  06:47    0.0    0.0   0.00    1.2   11.0  17:08    152
 16   70.2   81.2  15:58   62.4  01:12    0.0    5.2   0.00    2.9   17.0  22:10    161
 17   65.4   68.4  21:45   60.8  11:41    0.0    0.4   1.61    2.8   17.0  10:20    146
 18   67.2   75.5  15:00   62.4  07:14    0.0    2.2   1.25    1.3   15.0  05:20    105
 19   68.7   79.3  16:32   63.1  04:39    0.0    3.7   0.00    0.5    7.0  23:56     97
 20   65.5   74.1  16:49   59.8  03:40    0.0    0.5   0.96    1.5   14.0  01:39    319
 21   67.7   77.4  15:39   60.1  06:58    0.0    2.7   0.12    2.1   12.0  03:44    321
 22   68.7   80.8  15:50   56.6  06:23    0.0    3.7   0.00    1.6   12.0  10:18    324
 23   71.2   84.1  14:51   57.2  07:00    0.0    6.2   0.00    1.0   12.0  16:19    165
 24   70.6   80.1  15:17   61.5  04:27    0.0    5.6   0.00    2.4   18.0  18:39    170
 25   76.0   86.3  16:34   67.4  01:21    0.0   11.0   0.00    2.7   15.0  17:08    173
 26   77.3   86.3  16:02   62.0  22:39    0.0   12.3   1.27    3.2   28.0  22:13    172
 27   71.0   82.0  15:17   61.2  06:26    0.0    6.0   0.04    2.1   17.0  13:28    301
 28   72.8   85.2  15:35   57.8  06:12    0.0    7.8   0.00    1.4   12.0  11:28    136
 29   73.6   83.0  13:11   68.2  01:57    0.0    8.6   0.35    1.2   23.0  17:06    167
 30   66.5   76.0  17:03   60.7  09:45    0.0    1.5   0.00    2.4   13.0  02:49    320
---------------------------------------------------------------------------------------
      67.2   87.1     05   43.6     02   37.9  104.7   6.62    1.8   32.0     11    205