NOAA Style Climate Reports


Select a Year or Month report
2018: Jan Feb Mar Apr May Jun Jul Aug Sep Oct Nov Dec
2017: Jan Feb Mar Apr May Jun Jul Aug Sep Oct Nov Dec
2016: Jan Feb Mar Apr May Jun Jul Aug Sep Oct Nov Dec

Report for May 2016
                   MONTHLY CLIMATOLOGICAL SUMMARY for May 2016


NAME: Allen Weather                  
ELEV: 672 feet    LAT: 33-05.77 N    LONG: 096-41.79 W


                   TEMPERATURE (F), RAIN (in), WIND SPEED (mph)

                                         HEAT   COOL         AVG
      MEAN                               DEG    DEG          WIND                   DOM
DAY   TEMP   HIGH   TIME    LOW   TIME   DAYS   DAYS   RAIN  SPEED   HIGH   TIME    DIR
---------------------------------------------------------------------------------------
 01   65.3   73.6  16:44   56.8  06:57    0.0    0.3   0.00    2.4   15.0  13:36    339
 02   57.7   63.4  14:40   52.0  23:05    7.3    0.0   0.24    3.2   18.0  00:56    326
 03   61.4   73.1  16:43   48.5  06:35    3.6    0.0   0.00    1.4   12.0  14:11    333
 04   68.6   81.1  17:04   55.1  04:43    0.0    3.6   0.00    2.7   18.0  13:15    316
 05   70.0   81.6  16:19   56.1  06:45    0.0    5.0   0.00    0.9   14.0  17:08    333
 06   71.0   84.7  16:59   54.9  06:39    0.0    6.0   0.00    0.8    9.0  12:33    144
 07   73.7   86.7  15:53   60.2  06:46    0.0    8.7   0.00    1.9   16.0  13:34    174
 08   70.0   73.8  00:02   65.8  06:02    0.0    5.0   0.11    2.3   19.0  15:35    173
 09   74.8   87.3  17:18   65.5  06:31    0.0    9.8   0.06    2.6   17.0  16:12    175
 10   81.3   95.0  15:41   70.6  21:00    0.0   16.3   0.04    2.9   26.0  20:41    175
 11   80.4   90.4  15:14   67.7  07:01    0.0   15.4   0.02    2.1   19.0  03:29    174
 12   74.0   81.9  14:46   68.3  00:14    0.0    9.0   0.07    1.7   16.0  01:00    352
 13   74.7   85.7  16:02   62.2  07:01    0.0    9.7   0.00    1.1   11.0  11:10    155
 14   68.4   74.7  00:48   61.1  23:52    0.0    3.4   0.00    2.1   15.0  08:58    343
 15   65.4   73.5  15:51   58.6  02:52    0.0    0.4   0.00    1.4    9.0  04:28    102
 16   70.1   79.5  12:56   62.8  01:56    0.0    5.1   0.00    1.9   13.0  16:09    164
 17   69.0   77.3  13:46   61.6  23:58    0.0    4.0   0.13    2.6   19.0  15:24    332
 18   59.5   62.3  16:30   56.0  07:31    5.5    0.0   0.01    1.8   16.0  02:11    349
 19   60.8   65.0  16:49   58.0  07:26    4.2    0.0   0.45    0.9   10.0  13:06     57
 20   69.7   81.3  17:31   60.3  00:24    0.0    4.7   0.00    0.9   10.0  11:16    319
 21   74.2   84.0  16:08   63.3  06:18    0.0    9.2   0.00    0.9   10.0  17:24    148
 22   76.7   86.6  16:55   68.7  05:32    0.0   11.7   0.00    1.3   11.0  18:12    162
 23   75.8   83.4  14:34   64.9  08:48    0.0   10.8   0.61    2.2   17.0  06:28    169
 24   78.9   86.4  17:37   73.0  05:31    0.0   13.9   0.00    2.0   15.0  16:45    171
 25   81.1   87.2  15:47   76.7  06:15    0.0   16.1   0.00    2.4   16.0  00:09    175
 26   77.2   80.9  12:37   70.8  23:59    0.0   12.2   0.02    2.9   19.0  19:06    170
 27   70.8   80.2  17:01   65.4  08:17    0.0    5.8   0.95    2.1   17.0  12:03    173
 28   75.6   87.3  17:03   66.0  06:35    0.0   10.6   0.00    1.5   12.0  03:35    168
 29   75.9   86.9  16:16   68.4  06:52    0.0   10.9   0.83    1.2   18.0  06:13    313
 30   75.2   86.3  16:26   66.7  05:45    0.0   10.2   0.24    0.8   17.0  03:56     83
 31   74.4   89.1  12:40   66.7  19:59    0.0    9.4   2.50    1.0   15.0  16:43    155
---------------------------------------------------------------------------------------
      71.7   95.0     10   48.5     03   20.6  227.1   6.28    1.8   26.0     10    186