NOAA Style Climate Reports


Select a Year or Month report
2018: Jan Feb Mar Apr May Jun Jul Aug Sep Oct Nov Dec
2017: Jan Feb Mar Apr May Jun Jul Aug Sep Oct Nov Dec
2016: Jan Feb Mar Apr May Jun Jul Aug Sep Oct Nov Dec

Report for June 2016
                   MONTHLY CLIMATOLOGICAL SUMMARY for Jun 2016


NAME: Allen Weather                  
ELEV: 672 feet    LAT: 33-05.77 N    LONG: 096-41.79 W


                   TEMPERATURE (F), RAIN (in), WIND SPEED (mph)

                                         HEAT   COOL         AVG
      MEAN                               DEG    DEG          WIND                   DOM
DAY   TEMP   HIGH   TIME    LOW   TIME   DAYS   DAYS   RAIN  SPEED   HIGH   TIME    DIR
---------------------------------------------------------------------------------------
 01   72.6   81.2  15:24   66.7  00:16    0.0    7.6   0.04    0.9   10.0  16:03    120
 02   71.8   75.5  11:29   69.0  23:14    0.0    6.8   1.24    1.0   13.0  13:56    120
 03   74.3   84.0  15:08   68.3  06:19    0.0    9.3   0.02    1.2    9.0  10:58    143
 04   75.6   85.1  16:33   69.3  08:01    0.0   10.6   0.01    1.1   15.0  17:53      0
 05   77.7   87.1  13:55   67.1  06:44    0.0   12.7   0.00    1.5   13.0  11:25    338
 06   77.5   88.2  16:06   64.7  05:56    0.0   12.5   0.00    0.7    9.0  16:35    356
 07   80.6   93.6  16:24   65.8  06:31    0.0   15.6   0.00    0.5    7.0  13:20    130
 08   82.8   94.6  16:25   69.0  06:05    0.0   17.8   0.00    0.9   12.0  12:21    171
 09   83.3   94.5  15:23   72.4  06:18    0.0   18.3   0.00    1.1   11.0  15:57    171
 10   84.4   94.4  16:26   72.9  06:38    0.0   19.4   0.00    1.3   15.0  13:20    171
 11   81.5   91.3  12:58   75.3  06:19    0.0   16.5   0.00    0.7   13.0  16:35    172
 12   80.1   92.0  15:40   71.5  17:52    0.0   15.1   1.01    1.5   20.0  17:30    177
 13   76.6   88.3  13:03   71.9  03:34    0.0   11.6   0.06    0.7   17.0  14:37    184
 14   81.7   93.4  17:16   71.9  06:01    0.0   16.7   0.00    1.0   15.0  16:59    178
 15   86.6   96.6  16:39   77.6  06:53    0.0   21.6   0.00    1.7   13.0  18:32    176
 16   87.7   99.1  15:24   77.4  06:56    0.0   22.7   0.00    1.8   16.0  19:05    176
 17   87.2   98.5  16:40   76.3  06:39    0.0   22.2   0.00    1.1    9.0  00:22    179
 18   87.4   97.4  14:22   77.1  05:09    0.0   22.4   0.00    0.8   10.0  23:50    163
 19   85.3   94.1  14:35   76.0  06:51    0.0   20.3   0.00    1.1    9.0  10:14    163
 20   85.7   95.6  16:27   75.3  06:26    0.0   20.7   0.00    0.7    8.0  12:30    150
 21   87.7   98.1  16:10   77.8  06:06    0.0   22.7   0.00    1.0   10.0  11:21    230
 22   88.2   97.9  14:32   79.5  06:22    0.0   23.2   0.00    1.8   13.0  17:19    176
 23   87.4   96.8  14:43   78.8  06:25    0.0   22.4   0.00    2.0   13.0  08:44    178
 24   86.2   95.8  15:35   77.6  06:43    0.0   21.2   0.00    1.7   14.0  14:23    173
 25   86.1   96.0  15:25   78.2  06:11    0.0   21.1   0.00    1.8   12.0  13:16    183
 26   88.0   98.1  15:54   79.3  06:17    0.0   23.0   0.00    1.2   10.0  14:04    179
 27   86.0   98.2  14:43   78.5  06:37    0.0   21.0   0.07    1.1   11.0  10:24    326
 28   85.9   94.7  16:09   77.0  05:06    0.0   20.9   0.00    1.0   12.0  13:45      2
 29   84.7   95.3  15:41   74.8  05:54    0.0   19.7   0.00    0.7    8.0  12:55    145
 30   86.0   96.7  16:54   74.4  05:51    0.0   21.0   0.00    0.8    8.0  13:12    166
---------------------------------------------------------------------------------------
      82.9   99.1     16   64.7     06    0.0  536.7   2.45    1.1   20.0     12    171