NOAA Style Climate Reports


Select a Year or Month report
2018: Jan Feb Mar Apr May Jun Jul Aug Sep Oct Nov Dec
2017: Jan Feb Mar Apr May Jun Jul Aug Sep Oct Nov Dec
2016: Jan Feb Mar Apr May Jun Jul Aug Sep Oct Nov Dec

Report for July 2016
                   MONTHLY CLIMATOLOGICAL SUMMARY for Jul 2016


NAME: Allen Weather                  
ELEV: 672 feet    LAT: 33-05.77 N    LONG: 096-41.79 W


                   TEMPERATURE (F), RAIN (in), WIND SPEED (mph)

                                         HEAT   COOL         AVG
      MEAN                               DEG    DEG          WIND                   DOM
DAY   TEMP   HIGH   TIME    LOW   TIME   DAYS   DAYS   RAIN  SPEED   HIGH   TIME    DIR
---------------------------------------------------------------------------------------
 01   86.8   98.6  15:16   74.9  05:46    0.0   21.8   0.00    0.9   13.0  18:53    171
 02   88.2   98.2  16:18   79.2  06:38    0.0   23.2   0.00    1.8   16.0  18:56    174
 03   88.4   97.9  16:23   78.6  23:59    0.0   23.4   0.11    2.9   18.0  23:36    180
 04   82.6   92.3  17:12   71.3  07:01    0.0   17.6   0.08    1.8   16.0  05:59    187
 05   85.8   94.3  14:42   77.8  02:09    0.0   20.8   0.00    2.2   19.0  18:07    183
 06   88.0   97.8  15:34   77.8  06:43    0.0   23.0   0.00    3.1   19.0  23:40    176
 07   88.1   98.9  16:40   78.3  06:49    0.0   23.1   0.00    3.2   18.0  14:40    178
 08   87.9   97.9  15:37   77.8  06:44    0.0   22.9   0.00    2.4   15.0  00:27    177
 09   82.0   95.7  14:36   71.0  16:40    0.0   17.0   0.92    1.8   22.0  16:32    179
 10   83.7   95.9  16:33   71.0  06:31    0.0   18.7   0.00    1.4   14.0  14:16    171
 11   86.8   97.1  16:06   77.9  06:55    0.0   21.8   0.00    2.9   18.0  22:42    177
 12   86.6   96.4  15:35   77.6  05:48    0.0   21.6   0.00    3.4   21.0  14:53    177
 13   89.0   99.7  16:42   78.5  06:21    0.0   24.0   0.00    2.7   16.0  14:13    179
 14   88.6   99.3  16:14   78.4  06:54    0.0   23.6   0.00    2.1   16.0  19:59    174
 15   81.6   90.1  16:33   69.2  09:38    0.0   16.6   0.79    1.4   28.0  11:14     46
 16   86.0  100.0  16:53   74.7  06:35    0.0   21.0   0.00    1.4   11.0  05:37    186
 17   87.3   97.4  15:50   78.0  06:33    0.0   22.3   0.00    1.7   13.0  18:33    174
 18   87.6   97.0  17:08   77.8  06:21    0.0   22.6   0.00    1.3   12.0  14:11    168
 19   88.2   98.0  16:00   77.7  06:26    0.0   23.2   0.00    1.2   11.0  14:37    170
 20   88.7   97.9  16:30   79.4  06:59    0.0   23.7   0.00    1.3   11.0  16:41    174
 21   89.8  100.0  16:51   80.7  06:40    0.0   24.8   0.00    1.1   12.0  17:59    177
 22   90.4  102.4  16:56   78.7  06:17    0.0   25.4   0.00    1.0   11.0  11:55    183
 23   91.3  102.0  17:02   81.3  06:46    0.0   26.3   0.00    1.0    9.0  10:43    182
 24   90.6  102.0  17:04   79.4  06:51    0.0   25.6   0.00    1.1   10.0  17:18    171
 25   84.4   99.1  15:35   79.2  23:57    0.0   19.4   0.09    0.8   13.0  16:16    153
 26   84.5   97.7  15:14   76.5  06:35    0.0   19.5   0.00    0.8   12.0  18:04     55
 27   83.4   96.2  13:09   79.2  17:08    0.0   18.4   0.02    0.7   10.0  14:59    251
 28   84.4   98.3  15:36   77.5  19:43    0.0   19.4   0.09    0.9   19.0  18:39    205
 29   85.6   97.6  16:49   76.2  05:52    0.0   20.6   0.00    1.2   11.0  16:57    214
 30   89.2  100.4  15:21   79.4  05:38    0.0   24.2   0.00    1.6   14.0  19:15    192
 31   90.2  101.0  17:10   81.0  06:50    0.0   25.2   0.00    1.9   14.0  20:09    183
---------------------------------------------------------------------------------------
      87.0  102.4     22   69.2     15    0.0  680.9   2.10    1.7   28.0     15    178