NOAA Style Climate Reports


Select a Year or Month report
2018: Jan Feb Mar Apr May Jun Jul Aug Sep Oct Nov Dec
2017: Jan Feb Mar Apr May Jun Jul Aug Sep Oct Nov Dec
2016: Jan Feb Mar Apr May Jun Jul Aug Sep Oct Nov Dec

Report for August 2016
                   MONTHLY CLIMATOLOGICAL SUMMARY for Aug 2016


NAME: Allen Weather                  
ELEV: 672 feet    LAT: 33-05.77 N    LONG: 096-41.79 W


                   TEMPERATURE (F), RAIN (in), WIND SPEED (mph)

                                         HEAT   COOL         AVG
      MEAN                               DEG    DEG          WIND                   DOM
DAY   TEMP   HIGH   TIME    LOW   TIME   DAYS   DAYS   RAIN  SPEED   HIGH   TIME    DIR
---------------------------------------------------------------------------------------
 01   89.8  102.3  16:56   79.1  06:46    0.0   24.8   0.00    1.9   12.0  10:49    179
 02   90.1  102.6  16:19   78.1  07:13    0.0   25.1   0.00    1.5   10.0  17:13    178
 03   91.2  103.0  16:01   81.3  05:51    0.0   26.2   0.00    1.2   11.0  13:07    175
 04   91.0  103.6  16:46   80.0  06:45    0.0   26.0   0.00    1.2   14.0  17:25    176
 05   90.9  102.1  15:30   80.7  06:34    0.0   25.9   0.00    1.0   12.0  19:02    178
 06   91.8  102.6  15:31   82.6  06:52    0.0   26.8   0.00    1.1   10.0  15:28    211
 07   91.9  103.9  16:08   80.7  06:46    0.0   26.9   0.00    1.1   13.0  16:04    181
 08   90.2  103.4  15:51   79.8  07:10    0.0   25.2   0.00    1.5   11.0  18:49    163
 09   91.0  102.1  15:09   80.5  05:39    0.0   26.0   0.00    1.3   10.0  16:12    174
 10   92.0  103.5  16:14   81.4  06:57    0.0   27.0   0.00    1.4   11.0  14:45    168
 11   92.5  105.3  15:54   80.3  06:48    0.0   27.5   0.00    1.2   10.0  13:58    174
 12   88.8  107.4  16:29   77.9  17:53    0.0   23.8   0.76    1.2   16.0  16:53    230
 13   84.1   92.8  17:31   78.0  00:57    0.0   19.1   0.00    2.4   13.0  04:42    337
 14   80.9   88.0  17:09   73.5  06:59    0.0   15.9   0.00    1.3    9.0  08:16    358
 15   75.4   80.1  00:04   70.7  23:48    0.0   10.4   0.11    0.4    5.0  10:04    142
 16   76.4   84.8  17:09   70.6  00:00    0.0   11.4   0.00    0.7    7.0  16:44    129
 17   77.4   81.4  12:05   74.6  22:57    0.0   12.4   0.00    1.4   11.0  22:27    163
 18   78.4   92.4  14:33   73.9  01:31    0.0   13.4   0.03    1.1    9.0  11:50    188
 19   75.0   82.4  15:07   70.2  18:06    0.0   10.0   0.85    0.8   12.0  16:37    207
 20   75.0   80.6  17:48   70.6  08:30    0.0   10.0   1.02    1.0   13.0  07:30    283
 21   78.5   88.7  15:30   70.6  04:46    0.0   13.5   0.00    0.8    9.0  13:57     36
 22   78.5   90.1  14:41   73.6  06:12    0.0   13.5   0.55    0.8   15.0  16:24    168
 23   84.3   94.8  16:25   76.9  02:02    0.0   19.3   0.00    2.3   16.0  18:42    178
 24   84.9   96.3  15:46   74.6  07:18    0.0   19.9   0.00    1.8   15.0  19:00    184
 25   85.5   96.4  16:08   76.0  07:24    0.0   20.5   0.00    1.1   11.0  18:23    176
 26   79.7   92.0  14:21   74.0  23:47    0.0   14.7   0.02    1.0   16.0  15:18    161
 27   81.4   92.0  15:43   72.1  06:38    0.0   16.4   0.00    0.7    8.0  14:44    144
 28   82.5   92.9  14:28   73.3  06:53    0.0   17.5   0.00    0.9   10.0  19:10    139
 29   80.8   91.4  13:23   72.5  06:19    0.0   15.8   0.00    0.5   10.0  13:17    101
 30   81.8   92.7  13:45   74.0  06:34    0.0   16.8   0.66    0.7   13.0  15:08     31
 31   84.7   94.7  15:47   75.2  06:09    0.0   19.7   0.00    0.6    7.0  13:14     42
---------------------------------------------------------------------------------------
      84.4  107.4     12   70.2     19    0.0  601.5   4.00    1.2   16.0     12    174