NOAA Style Climate Reports


Select a Year or Month report
2018: Jan Feb Mar Apr May Jun Jul Aug Sep Oct Nov Dec
2017: Jan Feb Mar Apr May Jun Jul Aug Sep Oct Nov Dec
2016: Jan Feb Mar Apr May Jun Jul Aug Sep Oct Nov Dec

Report for September 2016
                   MONTHLY CLIMATOLOGICAL SUMMARY for Sep 2016


NAME: Allen Weather                  
ELEV: 672 feet    LAT: 33-05.77 N    LONG: 096-41.79 W


                   TEMPERATURE (F), RAIN (in), WIND SPEED (mph)

                                         HEAT   COOL         AVG
      MEAN                               DEG    DEG          WIND                   DOM
DAY   TEMP   HIGH   TIME    LOW   TIME   DAYS   DAYS   RAIN  SPEED   HIGH   TIME    DIR
---------------------------------------------------------------------------------------
 01   79.1   90.2  15:35   73.2  23:59    0.0   14.1   0.01    1.6   20.0  16:25    335
 02   78.2   87.3  15:21   71.9  02:22    0.0   13.2   0.00    0.8    9.0  15:52     33
 03   78.8   89.8  16:08   69.1  06:50    0.0   13.8   0.00    0.7    8.0  09:58    144
 04   81.1   92.4  16:45   70.3  07:09    0.0   16.1   0.00    1.1   10.0  10:30    168
 05   84.3   95.0  16:34   75.7  07:10    0.0   19.3   0.00    1.6   13.0  15:17    173
 06   83.8   95.6  16:18   76.2  05:54    0.0   18.8   0.00    1.7   11.0  09:10    177
 07   85.5   95.8  16:14   77.4  06:20    0.0   20.5   0.00    1.7   14.0  13:34    181
 08   86.3   97.3  15:19   78.0  06:37    0.0   21.3   0.00    1.7   13.0  18:12    180
 09   85.8   96.3  15:49   76.1  06:04    0.0   20.8   0.00    1.8   11.0  14:02    177
 10   75.9   83.2  14:35   68.8  06:49    0.0   10.9   0.46    2.2   21.0  04:06    330
 11   75.0   88.5  16:36   62.0  07:20    0.0   10.0   0.00    0.4    7.0  13:59    138
 12   79.1   91.7  16:16   66.4  07:20    0.0   14.1   0.00    0.9   11.0  11:14    164
 13   82.3   93.8  15:33   72.4  05:51    0.0   17.3   0.00    0.8   11.0  10:39    163
 14   82.6   94.7  14:45   75.0  20:30    0.0   17.6   0.11    0.7   11.0  19:30    148
 15   83.8   95.4  16:31   74.0  06:52    0.0   18.8   0.00    0.6    7.0  11:55    164
 16   84.1   95.8  14:38   75.7  05:50    0.0   19.1   0.00    0.8    9.0  12:49    222
 17   84.2   95.4  17:09   73.7  07:16    0.0   19.2   0.00    0.6    9.0  13:01    328
 18   82.7   94.3  16:34   70.4  07:25    0.0   17.7   0.44    1.0   31.0  06:25    316
 19   86.5   98.9  13:56   76.4  05:56    0.0   21.5   0.00    0.5    8.0  13:16    174
 20   86.6   98.3  14:51   76.5  07:15    0.0   21.6   0.00    0.8    9.0  21:06    138
 21   83.3   94.5  16:16   72.8  07:23    0.0   18.3   0.00    0.8    9.0  16:40    159
 22   82.5   94.4  15:34   70.8  06:55    0.0   17.5   0.00    0.7    8.0  16:45    163
 23   83.0   94.9  15:09   74.0  06:28    0.0   18.0   0.00    1.4   13.0  14:29    171
 24   82.3   91.2  16:06   76.1  05:21    0.0   17.3   0.00    1.8   13.0  12:03    177
 25   75.0   80.7  00:00   70.8  23:58    0.0   10.0   3.76    0.9   12.0  23:31    336
 26   64.9   70.8  00:00   62.3  14:17    0.1    0.0   0.34    1.8   15.0  13:07    345
 27   67.8   78.0  13:56   60.3  23:20    0.0    2.8   0.00    0.9    9.0  11:22    329
 28   72.0   89.0  15:50   57.0  05:38    0.0    7.0   0.00    0.8    9.0  23:50    315
 29   68.3   76.5  15:20   58.6  07:29    0.0    3.3   0.00    1.6   13.0  15:10    347
 30   67.5   79.5  15:56   55.6  06:59    0.0    2.5   0.00    0.6    8.0  13:38    338
---------------------------------------------------------------------------------------
      79.7   98.9     19   55.6     30    0.1  442.6   5.12    1.1   31.0     18    187