NOAA Style Climate Reports


Select a Year or Month report
2018: Jan Feb Mar Apr May Jun Jul Aug Sep Oct Nov Dec
2017: Jan Feb Mar Apr May Jun Jul Aug Sep Oct Nov Dec
2016: Jan Feb Mar Apr May Jun Jul Aug Sep Oct Nov Dec

Report for October 2016
                   MONTHLY CLIMATOLOGICAL SUMMARY for Oct 2016


NAME: Allen Weather                  
ELEV: 672 feet    LAT: 33-05.77 N    LONG: 096-41.79 W


                   TEMPERATURE (F), RAIN (in), WIND SPEED (mph)

                                         HEAT   COOL         AVG
      MEAN                               DEG    DEG          WIND                   DOM
DAY   TEMP   HIGH   TIME    LOW   TIME   DAYS   DAYS   RAIN  SPEED   HIGH   TIME    DIR
---------------------------------------------------------------------------------------
 01   71.2   83.9  16:08   59.3  07:40    0.0    6.2   0.00    0.4    7.0  11:13    176
 02   72.0   84.7  16:09   60.0  06:40    0.0    7.0   0.00    0.6    9.0  13:10    168
 03   73.6   85.5  15:48   61.6  06:25    0.0    8.6   0.00    1.0   12.0  12:37    167
 04   77.0   88.4  15:57   66.8  05:10    0.0   12.0   0.00    2.1   17.0  12:26    177
 05   80.9   91.4  15:35   73.9  07:46    0.0   15.9   0.00    2.1   14.0  01:45    175
 06   80.5   90.2  15:28   74.1  05:14    0.0   15.5   0.00    1.7   16.0  11:00    176
 07   66.5   77.0  00:07   60.6  23:57    0.0    1.5   0.98    2.8   19.0  05:25    333
 08   63.4   75.8  15:49   52.5  07:40    1.6    0.0   0.00    0.9    8.0  01:02    354
 09   63.9   75.3  15:20   52.1  06:10    1.1    0.0   0.00    0.4    7.0  11:14     95
 10   66.3   80.5  16:16   53.7  05:41    0.0    1.3   0.00    0.4    8.0  13:26    166
 11   71.5   87.6  15:47   56.5  07:30    0.0    6.5   0.00    1.2   11.0  17:38    176
 12   78.5   90.8  15:43   63.8  23:54    0.0   13.5   0.00    1.9   18.0  01:05    190
 13   64.1   74.3  14:32   57.3  06:03    0.9    0.0   0.00    2.1   12.0  15:04    325
 14   66.9   76.6  16:00   60.6  06:34    0.0    1.9   0.00    0.6    7.0  00:00    248
 15   76.7   87.0  14:59   68.0  00:51    0.0   11.7   0.00    2.2   17.0  14:20    176
 16   79.9   89.4  15:09   71.9  05:03    0.0   14.9   0.00    2.6   17.0  16:08    180
 17   80.0   89.8  15:20   72.0  07:00    0.0   15.0   0.00    2.7   19.0  15:30    178
 18   80.8   93.3  15:36   73.0  05:46    0.0   15.8   0.00    1.7   16.0  00:26    182
 19   79.8   90.5  15:26   72.9  05:54    0.0   14.8   0.00    1.1   11.0  10:07    182
 20   68.9   74.8  14:46   60.4  23:52    0.0    3.9   0.96    2.6   18.0  13:07    338
 21   60.7   72.4  15:36   52.1  07:28    4.3    0.0   0.00    0.6    7.0  10:06     19
 22   62.1   77.6  15:18   48.3  06:59    2.9    0.0   0.00    0.8   11.0  12:54    178
 23   66.0   76.8  15:29   53.6  07:55    0.0    1.0   0.00    1.2   13.0  12:57    175
 24   72.3   84.5  14:28   64.9  06:53    0.0    7.3   0.00    1.0    9.0  15:26    172
 25   70.5   81.7  15:29   62.7  07:24    0.0    5.5   0.00    0.9   11.0  15:18    171
 26   72.4   84.5  15:47   62.4  05:52    0.0    7.4   0.00    1.1   11.0  13:55    180
 27   73.7   87.2  15:21   63.2  07:12    0.0    8.7   0.00    0.7   10.0  16:53    167
 28   73.0   85.1  15:06   61.7  07:34    0.0    8.0   0.00    0.9   13.0  14:03    184
 29   74.2   86.5  15:07   62.8  07:42    0.0    9.2   0.00    1.6   15.0  15:10    178
 30   74.6   87.7  15:15   63.2  05:28    0.0    9.6   0.00    0.8   10.0  14:08    187
 31   73.2   86.4  15:08   59.9  07:46    0.0    8.2   0.00    1.4   15.0  16:35    179
---------------------------------------------------------------------------------------
      72.1   93.3     18   48.3     22   10.8  230.9   1.94    1.4   19.0     07    184