NOAA Style Climate Reports


Select a Year or Month report
2018: Jan Feb Mar Apr May Jun Jul Aug Sep Oct Nov Dec
2017: Jan Feb Mar Apr May Jun Jul Aug Sep Oct Nov Dec
2016: Jan Feb Mar Apr May Jun Jul Aug Sep Oct Nov Dec

Report for November 2016
                   MONTHLY CLIMATOLOGICAL SUMMARY for Nov 2016


NAME: Allen Weather                  
ELEV: 672 feet    LAT: 33-05.77 N    LONG: 096-41.79 W


                   TEMPERATURE (F), RAIN (in), WIND SPEED (mph)

                                         HEAT   COOL         AVG
      MEAN                               DEG    DEG          WIND                   DOM
DAY   TEMP   HIGH   TIME    LOW   TIME   DAYS   DAYS   RAIN  SPEED   HIGH   TIME    DIR
---------------------------------------------------------------------------------------
 01   75.7   85.6  15:13   69.6  04:20    0.0   10.7   0.00    2.8   17.0  08:29    175
 02   75.8   83.3  14:35   71.3  08:30    0.0   10.8   0.09    1.7   16.0  01:50    173
 03   69.1   72.5  01:48   66.7  03:10    0.0    4.1   0.63    1.7   20.0  02:00    326
 04   69.1   74.4  15:57   64.4  04:41    0.0    4.1   0.00    1.0    9.0  04:18     12
 05   64.8   69.3  00:00   60.2  21:20    0.2    0.0   0.00    0.7    9.0  08:41    149
 06   62.7   70.7  11:02   59.3  04:36    2.3    0.0   0.10    0.7   11.0  11:05    155
 07   63.4   65.9  09:44   60.5  03:02    1.6    0.0   2.07    0.6    8.0  09:46    151
 08   61.5   64.4  16:04   59.0  06:44    3.5    0.0   0.83    1.0   11.0  23:53      0
 09   60.5   65.3  13:24   54.1  23:50    4.5    0.0   0.00    1.1   10.0  07:05    354
 10   58.6   71.9  14:35   47.8  06:29    6.4    0.0   0.00    0.4    7.0  14:54    239
 11   62.0   75.9  14:16   51.0  06:44    3.0    0.0   0.00    0.9   10.0  11:09    321
 12   58.4   66.7  15:05   51.6  07:02    6.6    0.0   0.00    0.8    8.0  00:00      1
 13   59.5   70.8  14:06   50.1  06:52    5.5    0.0   0.00    0.7    8.0  09:49    172
 14   63.7   78.2  14:35   53.6  03:52    1.3    0.0   0.00    1.1   11.0  13:49    297
 15   64.1   82.4  14:31   49.8  07:19    0.9    0.0   0.00    0.5    8.0  13:02    290
 16   69.0   85.8  14:16   51.9  06:36    0.0    4.0   0.00    1.2   13.0  21:45    182
 17   69.0   77.7  14:32   58.5  07:07    0.0    4.0   0.00    3.6   22.0  14:08    179
 18   59.4   70.8  00:00   46.4  23:59    5.6    0.0   0.10    5.1   24.0  08:50    315
 19   45.5   55.9  14:35   37.5  23:57   19.5    0.0   0.00    2.0   13.0  14:40    330
 20   48.3   63.1  14:30   33.4  05:58   16.7    0.0   0.00    1.2   15.0  15:25    179
 21   57.2   72.4  13:56   41.6  07:07    7.8    0.0   0.00    1.8   15.0  15:50    177
 22   64.6   70.2  13:29   59.5  04:29    0.4    0.0   0.24    2.4   17.0  23:10    181
 23   54.7   63.7  14:28   47.5  23:59   10.3    0.0   0.00    3.1   15.0  09:45    316
 24   55.1   69.4  14:07   42.3  04:59    9.9    0.0   0.00    0.7   10.0  12:53    176
 25   54.4   62.4  14:11   48.4  08:23   10.6    0.0   0.00    1.2   11.0  09:40    340
 26   50.9   58.0  13:52   44.7  07:42   14.1    0.0   0.00    0.6    6.0  02:40    113
 27   57.6   65.4  23:48   51.7  03:47    7.4    0.0   0.00    2.7   15.0  08:17    174
 28   63.7   72.1  14:11   54.5  20:00    1.3    0.0   0.40    2.5   21.0  11:08    261
 29   60.9   72.2  13:33   51.9  23:53    4.1    0.0   0.00    1.8   15.0  15:00    312
 30   49.2   58.1  13:47   38.8  23:38   15.8    0.0   0.00    3.0   17.0  02:37    318
---------------------------------------------------------------------------------------
      60.9   85.8     16   33.4     20  159.4   37.5   4.46    1.6   24.0     18    252