NOAA Style Climate Reports


Select a Year or Month report
2018: Jan Feb Mar Apr May Jun Jul Aug Sep Oct Nov Dec
2017: Jan Feb Mar Apr May Jun Jul Aug Sep Oct Nov Dec
2016: Jan Feb Mar Apr May Jun Jul Aug Sep Oct Nov Dec

Report for December 2016
                   MONTHLY CLIMATOLOGICAL SUMMARY for Dec 2016


NAME: Allen Weather                  
ELEV: 672 feet    LAT: 33-05.77 N    LONG: 096-41.79 W


                   TEMPERATURE (F), RAIN (in), WIND SPEED (mph)

                                         HEAT   COOL         AVG
      MEAN                               DEG    DEG          WIND                   DOM
DAY   TEMP   HIGH   TIME    LOW   TIME   DAYS   DAYS   RAIN  SPEED   HIGH   TIME    DIR
---------------------------------------------------------------------------------------
 01   49.9   65.4  14:26   35.8  05:09   15.1    0.0   0.00    0.8   11.0  11:22    173
 02   53.2   64.9  14:27   42.9  04:10   11.8    0.0   0.00    0.7   10.0  10:44    140
 03   47.9   53.1  00:00   46.2  23:39   17.1    0.0   0.38    1.3   12.0  10:42     76
 04   48.1   51.2  13:48   46.2  00:01   16.9    0.0   0.01    1.3   10.0  09:06    342
 05   47.9   52.0  14:23   45.0  04:35   17.1    0.0   0.17    0.5    8.0  08:48     89
 06   48.3   51.7  12:01   44.4  23:54   16.7    0.0   0.01    1.6   15.0  10:07    343
 07   44.9   51.9  12:21   37.9  04:19   20.1    0.0   0.00    1.1   16.0  22:51    341
 08   33.6   38.6  00:00   29.3  23:59   31.4    0.0   0.00    2.8   16.0  06:40    339
 09   32.6   37.1  14:56   27.2  06:23   32.4    0.0   0.00    0.7    7.0  11:17     67
 10   42.5   48.1  23:48   35.7  00:00   22.5    0.0   0.00    2.4   16.0  23:57    174
 11   57.3   72.0  15:07   48.0  00:00    7.7    0.0   0.00    3.1   24.0  13:13    186
 12   46.4   54.1  14:47   37.1  07:30   18.6    0.0   0.00    1.3   12.0  01:09    337
 13   49.0   58.5  14:20   41.6  23:49   16.0    0.0   0.00    1.4   13.0  12:39    350
 14   41.9   48.4  14:04   38.1  23:48   23.1    0.0   0.00    1.7   10.0  15:11    338
 15   38.8   44.4  22:45   32.8  08:22   26.2    0.0   0.00    1.3   14.0  20:53    166
 16   52.0   62.5  22:11   44.3  00:21   13.0    0.0   0.01    3.3   17.0  08:44    174
 17   49.8   73.2  11:02   20.9  23:56   15.2    0.0   0.01    5.2   26.0  17:24    311
 18   20.8   27.6  15:13   15.0  09:14   44.2    0.0   0.00    4.0   20.0  01:11    330
 19   25.7   36.8  15:39   14.5  07:23   39.3    0.0   0.00    0.9    9.0  00:36    340
 20   40.1   53.2  13:48   27.3  04:36   24.9    0.0   0.00    1.1   11.0  15:08    169
 21   51.4   66.6  14:08   39.9  07:10   13.6    0.0   0.00    1.3   15.0  14:15    174
 22   48.4   56.8  13:56   42.1  23:53   16.6    0.0   0.00    1.6   15.0  05:02    348
 23   48.4   53.5  23:56   40.9  01:24   16.6    0.0   0.05    0.4    6.0  20:00    166
 24   60.7   67.8  22:38   53.4  00:00    4.3    0.0   0.07    0.6   11.0  23:11    159
 25   71.2   77.4  15:44   66.1  03:44    0.0    6.2   0.00    4.4   27.0  09:36    166
 26   66.6   70.6  00:00   57.3  23:58    0.0    1.6   0.00    2.0   16.0  01:51    298
 27   57.3   69.7  15:08   47.3  07:52    7.7    0.0   0.00    0.7   11.0  02:02    349
 28   66.1   80.1  13:05   56.6  00:32    0.0    1.1   0.00    2.0   15.0  14:06    222
 29   52.8   57.5  13:38   45.3  23:55   12.2    0.0   0.00    2.7   19.0  01:12    340
 30   47.1   58.5  12:44   35.1  06:58   17.9    0.0   0.00    2.2   18.0  18:50    167
 31   56.4   68.6  14:22   48.8  00:00    8.6    0.0   0.00    2.4   15.0  02:03    185
---------------------------------------------------------------------------------------
      48.3   80.1     28   14.5     19  527.1    8.9   0.71    1.8   27.0     25    277