NOAA Style Climate Reports


Select a Year or Month report
2018: Jan Feb Mar Apr May Jun Jul Aug Sep Oct Nov Dec
2017: Jan Feb Mar Apr May Jun Jul Aug Sep Oct Nov Dec
2016: Jan Feb Mar Apr May Jun Jul Aug Sep Oct Nov Dec

Report for January 2017
                   MONTHLY CLIMATOLOGICAL SUMMARY for Jan 2017


NAME: Allen Weather                  
ELEV: 672 feet    LAT: 33-05.77 N    LONG: 096-41.79 W


                   TEMPERATURE (F), RAIN (in), WIND SPEED (mph)

                                         HEAT   COOL         AVG
      MEAN                               DEG    DEG          WIND                   DOM
DAY   TEMP   HIGH   TIME    LOW   TIME   DAYS   DAYS   RAIN  SPEED   HIGH   TIME    DIR
---------------------------------------------------------------------------------------
 01   56.6   65.5  15:26   46.8  02:19    8.4    0.0   0.10    0.7    8.0  12:16    164
 02   61.9   70.2  14:36   55.4  07:29    3.1    0.0   0.35    1.6   28.0  05:44    304
 03   47.7   60.3  00:33   36.7  23:58   17.3    0.0   0.00    4.4   20.0  09:08    318
 04   33.2   36.9  16:41   29.5  07:59   31.8    0.0   0.00    1.8   13.0  00:51    337
 05   32.5   37.5  11:11   24.4  23:54   32.5    0.0   0.00    2.6   18.0  17:49    341
 06   21.2   24.7  02:28   16.8  23:57   43.8    0.0   0.00    3.4   17.0  13:56    337
 07   23.8   35.9  15:26   12.8  07:53   41.2    0.0   0.00    1.4   10.0  12:30    326
 08   34.2   46.7  14:50   21.0  04:19   30.8    0.0   0.00    2.3   17.0  14:30    162
 09   50.4   64.7  16:00   34.7  07:42   14.6    0.0   0.00    4.3   22.0  13:51    165
 10   64.2   76.7  13:46   56.5  22:48    0.8    0.0   0.00    2.8   24.0  00:17    172
 11   67.5   77.4  14:21   55.0  00:35    0.0    2.5   0.00    4.5   31.0  13:30    167
 12   62.9   74.9  13:52   45.1  21:40    2.1    0.0   0.00    2.7   17.0  00:45    202
 13   45.2   49.4  11:11   39.3  23:52   19.8    0.0   0.08    2.0   11.0  19:51    335
 14   41.6   44.8  16:34   38.3  06:57   23.4    0.0   0.00    1.7   11.0  06:26    333
 15   52.1   63.9  21:40   42.9  00:00   12.9    0.0   1.62    1.4   23.0  21:37    143
 16   54.3   62.0  14:20   47.0  23:44   10.7    0.0   0.03    1.6   16.0  12:11    314
 17   46.9   51.1  14:11   42.1  07:39   18.1    0.0   0.21    1.3   10.0  09:24    339
 18   48.2   51.4  16:32   45.4  04:17   16.8    0.0   0.39    1.0    9.0  00:59    335
 19   54.5   62.9  15:01   49.6  08:25   10.5    0.0   0.00    2.5   17.0  15:37    164
 20   60.9   75.5  15:04   47.8  05:39    4.1    0.0   0.00    1.6   14.0  13:15    174
 21   57.5   68.4  14:50   48.4  06:12    7.5    0.0   0.15    1.5   21.0  17:45    167
 22   54.9   62.7  16:02   48.6  23:57   10.1    0.0   0.00    5.9   25.0  11:34    317
 23   52.3   65.8  14:33   39.0  07:25   12.7    0.0   0.00    1.6   11.0  16:28    192
 24   62.5   77.2  14:10   48.5  05:40    2.5    0.0   0.00    2.4   16.0  10:52    165
 25   49.1   65.2  00:00   39.7  23:59   15.9    0.0   0.00    4.3   17.0  11:00    318
 26   40.6   49.5  15:07   32.4  07:29   24.4    0.0   0.00    2.0   14.0  13:33    322
 27   41.7   54.2  14:43   31.8  02:57   23.3    0.0   0.00    2.4   17.0  15:38    318
 28   44.6   55.7  15:26   34.8  00:42   20.4    0.0   0.00    3.0   17.0  14:14    316
 29   52.2   65.8  14:21   40.3  07:12   12.8    0.0   0.00    3.5   17.0  12:58    315
 30   58.5   75.7  14:53   47.3  04:33    6.5    0.0   0.00    1.3   13.0  09:00    313
 31   62.2   78.6  14:43   43.1  07:19    2.8    0.0   0.00    2.2   16.0  15:34    168
---------------------------------------------------------------------------------------
      49.5   78.6     31   12.8     07  481.7    2.5   2.93    2.4   31.0     11    298