NOAA Style Climate Reports


Select a Year or Month report
2018: Jan Feb Mar Apr May Jun Jul Aug Sep Oct Nov Dec
2017: Jan Feb Mar Apr May Jun Jul Aug Sep Oct Nov Dec
2016: Jan Feb Mar Apr May Jun Jul Aug Sep Oct Nov Dec

Report for February 2017
                   MONTHLY CLIMATOLOGICAL SUMMARY for Feb 2017


NAME: Allen Weather                  
ELEV: 672 feet    LAT: 33-05.77 N    LONG: 096-41.79 W


                   TEMPERATURE (F), RAIN (in), WIND SPEED (mph)

                                         HEAT   COOL         AVG
      MEAN                               DEG    DEG          WIND                   DOM
DAY   TEMP   HIGH   TIME    LOW   TIME   DAYS   DAYS   RAIN  SPEED   HIGH   TIME    DIR
---------------------------------------------------------------------------------------
 01   63.5   78.0  15:03   52.8  07:22    1.5    0.0   0.00    2.3   14.0  20:28    170
 02   45.0   53.3  00:00   41.3  23:23   20.0    0.0   0.00    3.1   15.0  02:26    338
 03   44.0   50.8  14:55   38.4  07:54   21.0    0.0   0.00    1.5   10.0  14:44    359
 04   46.8   51.2  15:12   42.9  08:49   18.2    0.0   0.00    2.7   12.0  02:14    161
 05   59.1   75.7  15:46   48.0  01:00    5.9    0.0   0.01    2.2   18.0  16:44    164
 06   71.1   81.2  14:33   64.1  01:37    0.0    6.1   0.00    3.7   20.0  12:08    171
 07   67.8   77.4  15:15   57.4  22:35    0.0    2.8   0.00    2.8   18.0  02:43    316
 08   56.9   64.6  10:22   42.5  23:57    8.1    0.0   0.00    3.2   20.0  11:17    332
 09   45.9   59.3  15:17   33.3  07:24   19.1    0.0   0.00    1.1   10.0  01:04     20
 10   61.0   75.0  15:17   47.2  07:28    4.0    0.0   0.00    3.4   20.0  13:14    169
 11   73.8   86.2  15:00   62.8  02:48    0.0    8.8   0.00    3.3   17.0  14:10    174
 12   65.6   71.6  00:00   56.5  23:57    0.0    0.6   0.00    2.8   18.0  08:42    346
 13   57.5   63.2  14:51   49.0  23:59    7.5    0.0   0.08    2.0   13.0  09:39     56
 14   44.0   49.0  00:00   40.7  20:31   21.0    0.0   1.20    4.1   19.0  18:10    326
 15   47.5   57.2  15:28   40.0  07:14   17.5    0.0   0.00    3.2   17.0  14:46    322
 16   51.8   67.1  15:06   35.6  05:30   13.2    0.0   0.00    1.2   11.0  09:59    171
 17   57.8   68.8  15:21   47.0  06:52    7.2    0.0   0.00    2.6   15.0  14:42    160
 18   65.1   78.1  14:50   57.1  00:00    0.0    0.1   0.00    2.2   12.0  01:50    149
 19   66.1   73.6  17:11   57.8  05:53    0.0    1.1   0.00    2.5   16.0  14:15    156
 20   59.2   69.1  00:08   54.1  23:53    5.8    0.0   1.09    2.1   26.0  01:03    182
 21   60.6   74.0  15:23   49.9  06:17    4.4    0.0   0.01    2.6   18.0  15:42    320
 22   65.4   82.6  15:23   46.1  07:16    0.0    0.4   0.00    1.5   14.0  15:14    163
 23   72.5   86.5  14:11   56.4  06:57    0.0    7.5   0.00    4.2   22.0  16:20    164
 24   55.9   70.8  00:06   44.8  23:58    9.1    0.0   0.00    4.7   18.0  08:47    318
 25   43.0   53.0  16:17   33.9  07:06   22.0    0.0   0.00    1.5   15.0  00:47    347
 26   52.6   62.8  16:45   40.3  05:01   12.4    0.0   0.92    2.0   16.0  10:05    162
 27   66.2   76.6  17:05   56.4  01:36    0.0    1.2   0.03    1.5   15.0  12:30    165
 28   73.3   80.6  14:54   66.6  00:32    0.0    8.3   0.00    3.4   18.0  13:50    174
---------------------------------------------------------------------------------------
      58.5   86.5     23   33.3     09  217.9   36.7   3.34    2.6   26.0     20    191