NOAA Style Climate Reports


Select a Year or Month report
2018: Jan Feb Mar Apr May Jun Jul Aug Sep Oct Nov Dec
2017: Jan Feb Mar Apr May Jun Jul Aug Sep Oct Nov Dec
2016: Jan Feb Mar Apr May Jun Jul Aug Sep Oct Nov Dec

Report for March 2017
                   MONTHLY CLIMATOLOGICAL SUMMARY for Mar 2017


NAME: Allen Weather                  
ELEV: 672 feet    LAT: 33-05.77 N    LONG: 096-41.79 W


                   TEMPERATURE (F), RAIN (in), WIND SPEED (mph)

                                         HEAT   COOL         AVG
      MEAN                               DEG    DEG          WIND                   DOM
DAY   TEMP   HIGH   TIME    LOW   TIME   DAYS   DAYS   RAIN  SPEED   HIGH   TIME    DIR
---------------------------------------------------------------------------------------
 01   60.1   72.2  00:00   48.9  23:58    4.9    0.0   0.00    4.1   20.0  11:57    330
 02   52.7   66.1  15:34   37.7  06:30   12.3    0.0   0.00    0.6    9.0  10:30    133
 03   56.0   70.9  13:39   39.8  06:36    9.0    0.0   0.00    1.3   14.0  13:56    166
 04   53.7   61.4  11:26   48.4  03:41   11.3    0.0   0.06    2.9   17.0  14:39    158
 05   56.4   62.9  23:56   51.6  00:00    8.6    0.0   0.15    2.9   15.0  19:00    158
 06   72.3   81.6  15:00   62.8  00:00    0.0    7.3   0.01    4.6   25.0  15:15    170
 07   60.8   73.1  00:00   47.3  04:37    4.2    0.0   0.22    2.5   20.0  04:11    344
 08   60.5   76.7  15:03   42.0  06:10    4.5    0.0   0.00    1.9   14.0  10:19    162
 09   69.0   76.8  12:25   59.8  04:51    0.0    4.0   0.00    2.2   16.0  14:34    168
 10   65.0   70.4  16:22   58.6  09:47    0.0    0.0   0.00    1.2   11.0  12:35      0
 11   60.6   71.9  11:49   46.5  23:58    4.4    0.0   0.00    2.2   14.0  16:52     66
 12   46.6   53.2  16:32   40.9  06:55   18.4    0.0   0.00    1.5   10.0  03:08     91
 13   52.0   62.0  15:12   43.9  23:58   13.0    0.0   0.00    3.2   18.0  17:30    326
 14   49.1   62.6  16:06   37.2  07:16   15.9    0.0   0.00    0.9   10.0  15:39    102
 15   52.1   63.1  16:14   44.2  07:48   12.9    0.0   0.00    2.0   11.0  04:00    120
 16   60.8   71.9  17:57   50.5  03:14    4.2    0.0   0.00    3.5   17.0  17:27    163
 17   70.7   76.3  14:20   63.9  01:56    0.0    5.7   0.00    3.4   20.0  17:07    170
 18   71.4   81.8  17:02   63.5  06:13    0.0    6.4   0.00    1.6   13.0  01:10    163
 19   72.2   84.7  16:26   61.1  07:07    0.0    7.2   0.00    2.3   17.0  19:27    165
 20   76.3   90.4  16:36   66.0  05:32    0.0   11.3   0.00    3.4   19.0  14:40    168
 21   74.8   86.0  16:15   62.8  07:46    0.0    9.8   0.00    2.8   16.0  12:23    169
 22   71.0   79.7  16:08   63.2  07:30    0.0    6.0   0.00    1.9   13.0  09:35    166
 23   73.0   85.0  15:33   63.1  04:39    0.0    8.0   0.00    4.9   25.0  23:59    166
 24   67.3   76.3  17:19   54.1  13:03    0.0    2.3   0.40    4.1   27.0  00:55    173
 25   61.2   71.0  17:43   53.1  07:53    3.8    0.0   0.00    3.7   22.0  00:00    316
 26   67.5   83.7  15:46   51.4  06:12    0.0    2.5   0.00    2.5   18.0  15:14    168
 27   64.4   72.7  00:00   55.5  09:08    0.6    0.0   0.00    2.2   14.0  09:08    307
 28   69.0   80.1  17:34   58.3  04:04    0.0    4.0   0.00    2.2   19.0  23:12    158
 29   68.8   81.4  15:06   57.4  23:58    0.0    3.8   0.47    3.8   23.0  02:54    235
 30   62.6   75.9  16:33   51.4  07:21    2.4    0.0   0.00    3.4   23.0  11:50    317
 31   69.0   87.0  15:39   51.7  07:14    0.0    4.0   0.00    1.7   15.0  15:46    161
---------------------------------------------------------------------------------------
      63.5   90.4     20   37.2     14  130.3   82.3   1.31    2.6   27.0     24    173