NOAA Style Climate Reports


Select a Year or Month report
2018: Jan Feb Mar Apr May Jun Jul Aug Sep Oct Nov Dec
2017: Jan Feb Mar Apr May Jun Jul Aug Sep Oct Nov Dec
2016: Jan Feb Mar Apr May Jun Jul Aug Sep Oct Nov Dec

Report for April 2017
                   MONTHLY CLIMATOLOGICAL SUMMARY for Apr 2017


NAME: Allen Weather                  
ELEV: 672 feet    LAT: 33-05.77 N    LONG: 096-41.79 W


                   TEMPERATURE (F), RAIN (in), WIND SPEED (mph)

                                         HEAT   COOL         AVG
      MEAN                               DEG    DEG          WIND                   DOM
DAY   TEMP   HIGH   TIME    LOW   TIME   DAYS   DAYS   RAIN  SPEED   HIGH   TIME    DIR
---------------------------------------------------------------------------------------
 01   69.4   79.9  16:21   57.2  07:22    0.0    4.4   0.00    2.4   19.0  14:48    167
 02   62.2   71.5  00:00   59.2  13:28    2.8    0.0   1.46    2.3   21.0  02:26    333
 03   65.1   78.8  17:28   51.3  07:25    0.0    0.1   0.00    1.2   15.0  04:13    310
 04   71.6   85.7  17:02   60.5  05:09    0.0    6.6   0.00    2.6   22.0  14:21    197
 05   58.9   70.5  16:48   48.9  03:39    6.1    0.0   0.00    6.6   24.0  14:57    316
 06   61.2   75.3  16:16   45.5  06:34    3.8    0.0   0.00    1.0   11.0  17:20    320
 07   65.5   80.3  16:45   51.0  05:35    0.0    0.5   0.00    1.5   15.0  10:19    173
 08   70.9   81.8  15:15   61.0  07:24    0.0    5.9   0.00    3.6   23.0  16:34    174
 09   73.3   82.7  16:53   65.6  02:50    0.0    8.3   0.00    4.2   25.0  13:47    175
 10   70.3   78.4  13:36   64.8  15:37    0.0    5.3   0.55    2.0   21.0  00:59    186
 11   65.8   73.3  15:59   59.9  07:17    0.0    0.8   0.00    1.3   12.0  10:41      3
 12   67.9   76.6  15:14   62.3  06:10    0.0    2.9   0.00    0.8   11.0  13:26    162
 13   71.0   80.7  14:13   61.9  06:27    0.0    6.0   0.00    1.6   16.0  16:56    171
 14   72.7   81.7  14:36   65.7  07:10    0.0    7.7   0.00    2.3   16.0  12:26    176
 15   72.6   81.5  15:01   65.6  07:28    0.0    7.6   0.00    2.2   17.0  18:18    175
 16   72.9   82.9  17:09   65.1  07:15    0.0    7.9   0.00    1.7   12.0  16:39    179
 17   67.0   72.4  02:36   63.0  16:38    0.0    2.0   0.38    1.1   17.0  12:35    133
 18   71.4   83.2  15:53   62.6  04:16    0.0    6.4   0.00    1.2   15.0  19:25    169
 19   73.2   84.1  15:34   64.7  03:03    0.0    8.2   0.00    2.3   18.0  14:33    178
 20   75.7   86.2  16:14   69.5  04:25    0.0   10.7   0.00    2.1   19.0  04:59    179
 21   74.1   83.4  17:18   60.5  23:55    0.0    9.1   0.37    2.7   19.0  21:38    188
 22   55.9   60.5  00:00   50.8  23:58    9.1    0.0   0.03    4.6   20.0  05:12    324
 23   59.3   71.9  16:02   47.5  07:07    5.7    0.0   0.00    2.7   18.0  14:45    323
 24   64.3   78.6  15:46   47.3  06:32    0.7    0.0   0.00    1.8   16.0  15:21    177
 25   73.8   85.1  16:13   61.9  07:00    0.0    8.8   0.00    4.4   21.0  18:50    175
 26   63.1   75.1  00:00   49.2  23:56    1.9    0.0   0.13    4.1   23.0  00:40    304
 27   61.6   75.5  16:36   46.0  04:56    3.4    0.0   0.01    1.9   16.0  13:18    171
 28   75.6   86.3  17:02   64.2  02:53    0.0   10.6   0.00    2.5   21.0  23:35    173
 29   74.4   88.7  15:09   54.9  21:56    0.0    9.4   0.24    5.2   22.0  05:26    216
 30   56.9   67.2  15:41   47.6  06:47    8.1    0.0   0.02    5.2   30.0  16:18    318
---------------------------------------------------------------------------------------
      67.9   88.7     29   45.5     06   41.6  129.1   3.19    2.6   30.0     30    215