NOAA Style Climate Reports


Select a Year or Month report
2018: Jan Feb Mar Apr May Jun Jul Aug Sep Oct Nov Dec
2017: Jan Feb Mar Apr May Jun Jul Aug Sep Oct Nov Dec
2016: Jan Feb Mar Apr May Jun Jul Aug Sep Oct Nov Dec

Report for May 2017
                   MONTHLY CLIMATOLOGICAL SUMMARY for May 2017


NAME: Allen Weather                  
ELEV: 672 feet    LAT: 33-05.77 N    LONG: 096-41.79 W


                   TEMPERATURE (F), RAIN (in), WIND SPEED (mph)

                                         HEAT   COOL         AVG
      MEAN                               DEG    DEG          WIND                   DOM
DAY   TEMP   HIGH   TIME    LOW   TIME   DAYS   DAYS   RAIN  SPEED   HIGH   TIME    DIR
---------------------------------------------------------------------------------------
 01   65.5   83.8  17:25   45.9  06:58    0.0    0.5   0.00    1.4   13.0  13:39    312
 02   74.4   88.4  15:50   59.0  05:57    0.0    9.4   0.00    2.0   16.0  16:40    174
 03   69.0   80.5  11:57   56.9  23:39    0.0    4.0   0.04    4.4   25.0  16:26    303
 04   62.0   72.9  16:26   51.3  06:57    3.0    0.0   0.00    5.2   22.0  12:52    323
 05   66.0   78.4  15:58   52.7  06:50    0.0    1.0   0.00    2.5   16.0  11:15    320
 06   70.6   86.5  16:19   53.0  05:49    0.0    5.6   0.00    0.7    9.0  09:46    188
 07   74.4   87.4  15:31   59.3  06:22    0.0    9.4   0.00    1.4   17.0  17:50    165
 08   74.0   84.0  15:49   62.6  07:03    0.0    9.0   0.00    2.0   16.0  18:01    173
 09   75.2   82.2  14:18   69.1  07:40    0.0   10.2   0.00    2.1   12.0  15:28    176
 10   74.9   80.9  15:21   69.0  05:08    0.0    9.9   0.00    2.7   16.0  22:55    173
 11   77.1   86.2  16:51   70.2  08:20    0.0   12.1   0.01    2.2   15.0  01:10    237
 12   68.0   75.5  17:12   60.0  05:19    0.0    3.0   0.00    4.3   21.0  11:30    320
 13   71.0   83.6  16:19   57.5  06:34    0.0    6.0   0.00    0.7    9.0  16:57    112
 14   75.5   90.1  16:03   60.6  06:23    0.0   10.5   0.00    1.6   13.0  19:12    170
 15   78.2   89.1  16:23   68.1  05:31    0.0   13.2   0.00    2.2   16.0  15:57    171
 16   76.5   83.4  14:11   69.1  06:27    0.0   11.5   0.00    4.0   21.0  23:29    174
 17   79.0   91.8  16:43   67.9  07:07    0.0   14.0   0.11    3.1   22.0  00:20    180
 18   82.2   92.4  14:12   75.3  06:37    0.0   17.2   0.00    3.8   22.0  17:41    174
 19   80.3   87.7  15:37   74.5  05:26    0.0   15.3   0.00    4.0   26.0  00:18    176
 20   71.8   81.1  00:00   65.3  10:06    0.0    6.8   0.08    2.1   18.0  01:20    319
 21   70.7   79.8  14:16   61.3  07:51    0.0    5.7   0.05    1.2   10.0  14:47     27
 22   70.1   78.8  15:46   61.4  06:43    0.0    5.1   0.13    1.0   11.0  10:40    150
 23   64.8   75.0  13:37   58.0  23:55    0.2    0.0   0.58    2.2   17.0  16:00    316
 24   66.6   79.3  16:17   53.7  06:36    0.0    1.6   0.00    3.0   19.0  14:36    317
 25   76.1   90.5  15:10   59.1  05:25    0.0   11.1   0.00    3.0   22.0  16:01    174
 26   83.5   96.4  15:08   73.3  04:06    0.0   18.5   0.00    3.4   19.0  00:12    178
 27   84.2   91.6  14:39   78.7  05:38    0.0   19.2   0.00    3.2   17.0  15:45    178
 28   74.2   83.5  00:00   69.8  06:09    0.0    9.2   0.32    0.9   13.0  00:21    256
 29   76.2   86.9  16:47   66.1  05:21    0.0   11.2   0.00    0.5    7.0  12:48    124
 30   77.1   89.8  15:46   63.0  05:33    0.0   12.1   0.00    0.5    8.0  14:23    134
 31   79.9   92.4  16:02   68.0  05:26    0.0   14.9   0.00    1.0   10.0  12:20    166
---------------------------------------------------------------------------------------
      73.8   96.4     26   45.9     01    3.1  277.0   1.32    2.3   26.0     19    204