NOAA Style Climate Reports


Select a Year or Month report
2018: Jan Feb Mar Apr May Jun Jul Aug Sep Oct Nov Dec
2017: Jan Feb Mar Apr May Jun Jul Aug Sep Oct Nov Dec
2016: Jan Feb Mar Apr May Jun Jul Aug Sep Oct Nov Dec

Report for June 2017
                   MONTHLY CLIMATOLOGICAL SUMMARY for Jun 2017


NAME: Allen Weather                  
ELEV: 672 feet    LAT: 33-05.77 N    LONG: 096-41.79 W


                   TEMPERATURE (F), RAIN (in), WIND SPEED (mph)

                                         HEAT   COOL         AVG
      MEAN                               DEG    DEG          WIND                   DOM
DAY   TEMP   HIGH   TIME    LOW   TIME   DAYS   DAYS   RAIN  SPEED   HIGH   TIME    DIR
---------------------------------------------------------------------------------------
 01   76.7   83.8  10:28   71.8  23:52    0.0   11.7   0.00    1.0   11.0  08:58    137
 02   72.6   82.0  11:27   68.0  17:48    0.0    7.6   2.16    0.8   11.0  16:52    122
 03   72.8   81.7  18:07   66.9  05:48    0.0    7.8   0.66    0.3    8.0  03:32    282
 04   75.1   87.4  16:14   68.8  06:16    0.0   10.1   0.20    0.6   11.0  18:37    310
 05   73.1   84.4  13:51   68.3  03:49    0.0    8.1   0.93    0.4   14.0  14:20    349
 06   80.2   91.5  15:49   69.3  06:02    0.0   15.2   0.00    1.2   13.0  12:56    349
 07   79.5   88.1  15:48   69.9  06:44    0.0   14.5   0.00    1.1   11.0  14:10    351
 08   78.3   89.3  15:48   68.7  06:37    0.0   13.3   0.00    0.8   10.0  10:58    162
 09   71.3   79.9  17:17   64.8  08:59    0.0    6.3   0.84    1.4   14.0  17:45    170
 10   78.4   88.8  16:30   69.5  04:27    0.0   13.4   0.00    2.4   18.0  20:48    174
 11   81.2   90.2  15:23   73.7  05:56    0.0   16.2   0.00    2.9   16.0  04:09    174
 12   83.1   93.3  16:15   74.8  05:19    0.0   18.1   0.00    2.6   15.0  15:51    172
 13   84.1   92.7  15:51   77.7  05:37    0.0   19.1   0.00    3.1   15.0  04:18    175
 14   84.6   93.1  17:02   77.5  06:23    0.0   19.6   0.00    2.9   24.0  03:25    179
 15   85.8   94.6  17:22   76.8  06:15    0.0   20.8   0.00    2.1   13.0  01:31    177
 16   86.7   97.0  16:32   77.6  06:19    0.0   21.7   0.00    2.1   14.0  17:52    175
 17   85.5   92.9  15:04   77.8  06:37    0.0   20.5   0.00    2.7   18.0  16:45    176
 18   85.5   94.0  15:24   78.3  06:03    0.0   20.5   0.00    2.1   15.0  04:23    174
 19   79.6   90.0  15:19   71.2  06:46    0.0   14.6   0.87    0.8   10.0  06:36    352
 20   82.7   93.0  16:25   73.7  06:27    0.0   17.7   0.00    0.6    8.0  14:19    105
 21   81.5   90.6  14:01   71.4  06:46    0.0   16.5   0.00    0.8   10.0  15:17     76
 22   80.4   88.6  19:34   73.9  05:39    0.0   15.4   0.00    0.8    9.0  08:27    341
 23   86.5   98.1  14:55   76.0  03:58    0.0   21.5   0.21    0.7   19.0  23:41    148
 24   75.0   82.3  18:23   69.9  09:15    0.0   10.0   1.21    0.7   11.0  14:32     32
 25   78.3   87.4  17:30   69.7  06:51    0.0   13.3   0.00    0.8   12.0  12:49    142
 26   78.5   87.0  15:28   70.3  06:46    0.0   13.5   0.00    0.5    8.0  10:28    158
 27   80.0   91.7  13:25   73.9  04:49    0.0   15.0   0.05    0.5   10.0  15:38    175
 28   81.7   91.1  17:28   72.5  06:41    0.0   16.7   0.00    1.6   17.0  11:41    175
 29   82.3   92.5  16:37   74.2  06:29    0.0   17.3   0.00    2.2   14.0  16:44    176
 30   87.1   96.8  16:47   75.7  23:59    0.0   22.1   0.00    2.3   20.0  02:32    179
---------------------------------------------------------------------------------------
      80.3   98.1     23   64.8     09    0.0  458.1   7.13    1.4   24.0     14    173