NOAA Style Climate Reports


Select a Year or Month report
2018: Jan Feb Mar Apr May Jun Jul Aug Sep Oct Nov Dec
2017: Jan Feb Mar Apr May Jun Jul Aug Sep Oct Nov Dec
2016: Jan Feb Mar Apr May Jun Jul Aug Sep Oct Nov Dec

Report for July 2017
                   MONTHLY CLIMATOLOGICAL SUMMARY for Jul 2017


NAME: Allen Weather                  
ELEV: 672 feet    LAT: 33-05.77 N    LONG: 096-41.79 W


                   TEMPERATURE (F), RAIN (in), WIND SPEED (mph)

                                         HEAT   COOL         AVG
      MEAN                               DEG    DEG          WIND                   DOM
DAY   TEMP   HIGH   TIME    LOW   TIME   DAYS   DAYS   RAIN  SPEED   HIGH   TIME    DIR
---------------------------------------------------------------------------------------
 01   75.1   84.3  18:33   69.7  06:20    0.0   10.1   0.72    0.4   17.0  00:00    309
 02   83.6   94.3  16:32   72.8  05:28    0.0   18.6   0.00    1.5   17.0  11:12    179
 03   84.4   93.3  14:54   76.6  09:20    0.0   19.4   0.17    1.8   15.0  12:05    176
 04   82.0   94.5  16:07   68.3  03:01    0.0   17.0   0.55    1.5   25.0  02:21    210
 05   81.3   93.1  15:41   68.8  21:24    0.0   16.3   1.27    1.2   27.0  20:30    175
 06   81.0   94.9  16:07   72.1  05:48    0.0   16.0   0.30    0.4   11.0  18:02    268
 07   84.2   96.5  15:08   75.1  06:08    0.0   19.2   0.00    0.2   10.0  15:13    245
 08   80.6   96.6  13:23   71.9  16:07    0.0   15.6   1.35    0.5   20.0  15:36    164
 09   78.9   93.1  17:19   73.1  06:39    0.0   13.9   0.14    0.6   17.0  18:36    165
 10   82.5   95.2  17:00   71.6  05:51    0.0   17.5   0.01    1.1   10.0  13:05    175
 11   86.3   98.0  16:26   75.8  06:43    0.0   21.3   0.00    1.5   15.0  17:59    177
 12   86.6   96.2  16:38   77.6  06:23    0.0   21.6   0.00    1.4   13.0  00:42    174
 13   87.1   96.8  15:22   78.7  06:15    0.0   22.1   0.00    0.8   10.0  18:08    178
 14   88.1   97.3  14:30   78.2  06:10    0.0   23.1   0.00    0.7   11.0  16:32    298
 15   82.9   92.9  17:41   74.5  09:15    0.0   17.9   0.11    0.3   14.0  08:52    358
 16   85.1   94.4  16:21   75.7  06:37    0.0   20.1   0.00    0.5    8.0  16:04     65
 17   86.4   95.5  14:56   77.4  06:29    0.0   21.4   0.00    0.6   10.0  15:14    150
 18   87.7   97.6  15:43   77.7  06:40    0.0   22.7   0.00    0.6   11.0  15:09    171
 19   89.0   98.6  15:24   80.1  06:17    0.0   24.0   0.00    0.7   14.0  16:35    170
 20   89.5  100.1  15:25   80.1  05:17    0.0   24.5   0.00    0.6   11.0  18:20    176
 21   89.8  100.9  15:13   80.2  06:40    0.0   24.8   0.00    0.8   10.0  13:07    171
 22   89.9  102.0  16:09   79.4  06:45    0.0   24.9   0.00    0.7   10.0  17:36    176
 23   88.6  102.3  16:47   72.9  23:57    0.0   23.6   0.06    1.0   22.0  21:39    175
 24   81.1   92.8  16:48   72.1  02:17    0.0   16.1   0.25    0.9   12.0  01:33    208
 25   86.5   97.2  15:52   77.4  07:01    0.0   21.5   0.00    1.1   13.0  19:06    176
 26   88.3   99.5  16:47   78.1  07:15    0.0   23.3   0.00    1.3   15.0  10:14    177
 27   90.0  101.3  16:53   80.2  06:53    0.0   25.0   0.00    0.8   12.0  01:38    196
 28   91.8  103.6  18:05   82.9  07:15    0.0   26.8   0.00    0.7   11.0  13:20    290
 29   87.1   95.3  17:20   79.3  06:45    0.0   22.1   0.00    0.3   10.0  16:07     61
 30   83.5   91.8  15:39   77.0  06:44    0.0   18.5   0.00    0.6    9.0  14:23     87
 31   81.8   91.6  16:25   72.2  06:52    0.0   16.8   0.00    0.3    9.0  14:10     74
---------------------------------------------------------------------------------------
      85.2  103.6     28   68.3     04    0.0  625.8   4.93    0.8   27.0     05    178