NOAA Style Climate Reports


Select a Year or Month report
2018: Jan Feb Mar Apr May Jun Jul Aug Sep Oct Nov Dec
2017: Jan Feb Mar Apr May Jun Jul Aug Sep Oct Nov Dec
2016: Jan Feb Mar Apr May Jun Jul Aug Sep Oct Nov Dec

Report for August 2017
                   MONTHLY CLIMATOLOGICAL SUMMARY for Aug 2017


NAME: Allen Weather                  
ELEV: 672 feet    LAT: 33-05.77 N    LONG: 096-41.79 W


                   TEMPERATURE (F), RAIN (in), WIND SPEED (mph)

                                         HEAT   COOL         AVG
      MEAN                               DEG    DEG          WIND                   DOM
DAY   TEMP   HIGH   TIME    LOW   TIME   DAYS   DAYS   RAIN  SPEED   HIGH   TIME    DIR
---------------------------------------------------------------------------------------
 01   81.5   90.1  12:12   74.7  23:58    0.0   16.5   0.00    0.3    8.0  18:03    333
 02   76.7   83.0  16:36   72.5  06:25    0.0   11.7   0.06    0.1    6.0  15:27     15
 03   81.7   93.2  16:39   73.4  02:52    0.0   16.7   0.00    0.1    6.0  11:49     19
 04   82.1   95.1  15:59   74.4  17:48    0.0   17.1   0.18    0.3   15.0  17:18    315
 05   85.6   98.5  15:40   74.2  06:57    0.0   20.6   0.00    1.3   16.0  17:20    175
 06   86.8  100.1  16:44   80.1  06:04    0.0   21.8   0.12    1.1   14.0  01:39    175
 07   80.0   91.0  15:37   71.9  06:12    0.0   15.0   0.12    0.7   10.0  01:06    351
 08   80.2   88.3  14:32   74.4  04:02    0.0   15.2   0.00    0.7   11.0  15:41     10
 09   81.3   92.1  15:59   73.6  07:10    0.0   16.3   0.00    0.2    8.0  14:34    123
 10   85.8   97.9  15:36   74.7  06:52    0.0   20.8   0.00    0.1    7.0  12:21    182
 11   87.0   98.9  17:11   79.4  08:37    0.0   22.0   0.00    1.0   14.0  07:46    319
 12   82.8   98.1  14:30   74.9  23:59    0.0   17.8   2.60    0.6   16.0  17:07      6
 13   80.3   89.9  15:22   74.0  00:32    0.0   15.3   0.81    0.2    9.0  00:04    274
 14   82.5   92.8  15:02   72.6  06:29    0.0   17.5   1.23    0.9   16.0  05:56    190
 15   86.2   95.9  16:05   79.5  07:15    0.0   21.2   0.00    0.9   13.0  03:22    177
 16   87.4   95.4  16:48   79.3  06:57    0.0   22.4   0.00    1.5   14.0  04:30    179
 17   81.5   91.7  16:18   70.0  05:54    0.0   16.5   1.36    0.8   21.0  04:33    179
 18   82.3   90.9  12:48   76.5  04:07    0.0   17.3   0.25    0.2   13.0  13:26    312
 19   87.1   99.8  16:09   76.2  06:45    0.0   22.1   0.00    0.3   10.0  11:45    302
 20   88.5   98.0  15:59   79.6  06:57    0.0   23.5   0.00    0.6   12.0  17:45    168
 21   86.0   95.1  17:12   78.1  06:01    0.0   21.0   0.00    0.5   12.0  15:02    170
 22   87.5   98.7  16:17   76.9  07:07    0.0   22.5   0.00    0.4   10.0  02:15    201
 23   80.5   87.9  14:21   72.9  06:44    0.0   15.5   0.03    0.3   16.0  02:42    334
 24   79.9   87.5  16:08   74.5  04:41    0.0   14.9   0.10    0.3   10.0  14:22     88
 25   77.3   82.9  16:27   73.0  06:47    0.0   12.3   0.25    0.3    9.0  12:15    105
 26   75.4   80.3  16:50   72.3  02:27    0.0   10.4   0.04    0.3   10.0  17:16     13
 27   76.9   83.3  15:27   72.4  03:26    0.0   11.9   0.10    0.2    9.0  03:26     27
 28   77.5   87.1  15:27   72.6  06:46    0.0   12.5   0.00    0.4   11.0  14:52    345
 29   78.0   87.3  16:48   69.4  07:25    0.0   13.0   0.00    0.5   11.0  14:51    353
 30   78.0   86.3  15:52   69.1  07:12    0.0   13.0   0.00    1.2   16.0  15:02    338
 31   79.0   87.8  16:15   69.8  07:16    0.0   14.0   0.00    1.6   14.0  11:22    325
---------------------------------------------------------------------------------------
      82.0  100.1     06   69.1     30    0.0  528.2   7.25    0.6   21.0     17    238