NOAA Style Climate Reports


Select a Year or Month report
2018: Jan Feb Mar Apr May Jun Jul Aug Sep Oct Nov Dec
2017: Jan Feb Mar Apr May Jun Jul Aug Sep Oct Nov Dec
2016: Jan Feb Mar Apr May Jun Jul Aug Sep Oct Nov Dec

Report for September 2017
                   MONTHLY CLIMATOLOGICAL SUMMARY for Sep 2017


NAME: Allen Weather                  
ELEV: 672 feet    LAT: 33-05.77 N    LONG: 096-41.79 W


                   TEMPERATURE (F), RAIN (in), WIND SPEED (mph)

                                         HEAT   COOL         AVG
      MEAN                               DEG    DEG          WIND                   DOM
DAY   TEMP   HIGH   TIME    LOW   TIME   DAYS   DAYS   RAIN  SPEED   HIGH   TIME    DIR
---------------------------------------------------------------------------------------
 01   79.0   90.8  16:50   67.2  06:52    0.0   14.0   0.00    0.1    9.0  12:14    310
 02   81.7   91.6  13:47   71.9  04:22    0.0   16.7   0.00    0.1    9.0  12:53    171
 03   83.4   94.6  16:10   73.1  07:12    0.0   18.4   0.00    0.3    9.0  16:53    175
 04   84.3   95.1  16:45   73.2  07:05    0.0   19.3   0.00    0.5   10.0  17:15    185
 05   79.8   89.3  13:30   71.7  23:50    0.0   14.8   0.00    1.3   15.0  15:05    335
 06   72.8   81.5  14:57   63.3  06:55    0.0    7.8   0.00    1.0   14.0  12:35    337
 07   71.5   85.3  16:27   57.2  06:41    0.0    6.5   0.00    0.5   10.0  10:41    163
 08   72.5   85.1  15:15   61.2  06:27    0.0    7.5   0.00    0.5   13.0  11:34    162
 09   73.7   84.9  15:29   62.3  07:13    0.0    8.7   0.00    0.3   10.0  17:07     94
 10   73.4   84.3  14:46   61.3  06:33    0.0    8.4   0.00    0.4    8.0  14:46     62
 11   73.0   83.6  15:26   61.0  06:07    0.0    8.0   0.00    0.6   12.0  13:59    335
 12   71.6   81.2  15:08   61.1  07:18    0.0    6.6   0.00    1.0   16.0  12:47    328
 13   74.2   88.8  17:09   60.6  06:46    0.0    9.2   0.00    0.3    8.0  12:24    317
 14   80.3   95.9  16:36   66.5  07:16    0.0   15.3   0.00    0.9   12.0  16:14    169
 15   81.4   92.5  15:38   71.1  07:12    0.0   16.4   0.00    1.3   15.0  15:05    171
 16   82.5   94.6  15:42   73.1  07:26    0.0   17.5   0.00    0.9   14.0  11:49    175
 17   83.0   93.7  15:01   72.3  07:20    0.0   18.0   0.00    0.3    9.0  15:57    172
 18   82.2   93.9  16:09   71.2  07:27    0.0   17.2   0.00    0.2   10.0  21:22    178
 19   84.3   96.9  16:22   72.9  06:13    0.0   19.3   0.00    1.2   14.0  14:22    182
 20   85.8   96.2  15:16   77.1  07:16    0.0   20.8   0.00    1.7   14.0  07:59    177
 21   84.6   95.3  15:12   77.7  07:07    0.0   19.6   0.00    1.5   14.0  12:12    174
 22   81.7   93.2  16:04   74.7  05:33    0.0   16.7   0.00    0.7   11.0  16:10    169
 23   82.6   94.2  15:06   71.6  07:21    0.0   17.6   0.00    0.7   13.0  14:22    172
 24   81.7   92.3  16:16   72.5  07:12    0.0   16.7   0.00    0.7   15.0  17:42    172
 25   80.5   92.2  16:28   69.9  06:43    0.0   15.5   0.00    0.8   12.0  10:56    173
 26   81.4   89.3  14:55   75.0  07:23    0.0   16.4   0.00    0.1    8.0  16:22    167
 27   77.8   88.8  13:41   72.4  23:54    0.0   12.8   0.05    0.6   14.0  18:05    337
 28   72.0   78.9  15:02   67.0  23:57    0.0    7.0   0.12    0.5   10.0  02:31    339
 29   68.5   72.4  17:19   65.5  06:49    0.0    3.5   0.07    0.0    8.0  00:00    330
 30   73.5   84.4  15:30   64.8  06:41    0.0    8.5   0.00    0.3    9.0  13:45    108
---------------------------------------------------------------------------------------
      78.5   96.9     19   57.2     07    0.0  404.8   0.24    0.6   16.0     12    184