NOAA Style Climate Reports


Select a Year or Month report
2018: Jan Feb Mar Apr May Jun Jul Aug Sep Oct Nov Dec
2017: Jan Feb Mar Apr May Jun Jul Aug Sep Oct Nov Dec
2016: Jan Feb Mar Apr May Jun Jul Aug Sep Oct Nov Dec

Report for October 2017
                   MONTHLY CLIMATOLOGICAL SUMMARY for Oct 2017


NAME: Allen Weather                  
ELEV: 672 feet    LAT: 33-05.77 N    LONG: 096-41.79 W


                   TEMPERATURE (F), RAIN (in), WIND SPEED (mph)

                                         HEAT   COOL         AVG
      MEAN                               DEG    DEG          WIND                   DOM
DAY   TEMP   HIGH   TIME    LOW   TIME   DAYS   DAYS   RAIN  SPEED   HIGH   TIME    DIR
---------------------------------------------------------------------------------------
 01   74.9   87.4  15:35   64.8  06:20    0.0    9.9   0.00    0.4    9.0  14:01    172
 02   78.3   89.9  15:46   67.9  05:02    0.0   13.3   0.00    1.2   16.0  13:45    170
 03   77.7   86.7  15:44   73.6  05:28    0.0   12.7   0.50    0.6   14.0  14:38    168
 04   79.2   87.9  14:12   74.4  05:56    0.0   14.2   0.12    0.6   10.0  07:59    168
 05   78.0   88.4  15:32   69.2  06:17    0.0   13.0   0.00    0.2   10.0  16:28    170
 06   78.0   88.6  14:57   68.2  07:27    0.0   13.0   0.00    0.9   15.0  23:55    177
 07   76.5   85.6  16:31   66.9  23:59    0.0   11.5   0.00    0.9   14.0  13:48    312
 08   73.3   89.4  15:17   57.3  07:19    0.0    8.3   0.00    0.3    9.0  13:42    281
 09   80.0   94.7  15:35   70.6  03:38    0.0   15.0   0.00    1.8   16.0  15:05    211
 10   60.8   72.9  00:00   53.5  09:03    4.2    0.0   0.03    4.3   19.0  02:40    319
 11   61.0   74.0  17:02   49.9  06:39    4.0    0.0   0.00    0.5   10.0  13:00    331
 12   71.5   86.1  15:44   58.4  04:09    0.0    6.5   0.00    0.3    9.0  12:30    176
 13   79.1   91.9  14:20   67.9  06:56    0.0   14.1   0.00    0.7   11.0  16:40    181
 14   81.3   92.1  14:32   70.5  06:51    0.0   16.3   0.00    1.3   16.0  12:14    179
 15   67.8   80.2  00:00   55.9  23:59    0.0    2.8   0.11    2.4   20.0  08:20    332
 16   60.0   72.2  15:16   49.6  07:28    5.0    0.0   0.00    0.4    8.0  12:47    357
 17   60.5   74.8  15:35   48.3  05:08    4.5    0.0   0.00    0.4   10.0  11:53    177
 18   64.9   81.7  15:53   50.4  07:23    0.1    0.0   0.00    0.7   13.0  12:07    177
 19   68.2   81.1  15:17   55.6  07:48    0.0    3.2   0.00    0.5   12.0  17:14    169
 20   71.4   81.3  16:52   61.2  06:24    0.0    6.4   0.00    1.2   15.0  17:25    173
 21   76.5   87.4  15:29   70.1  04:04    0.0   11.5   0.02    1.3   17.0  00:29    180
 22   63.6   77.8  00:14   51.9  23:59    1.4    0.0   0.85    1.6   20.0  00:18    325
 23   63.9   81.3  15:51   47.8  06:52    1.1    0.0   0.00    1.0   14.0  20:08    318
 24   60.8   70.2  14:57   50.5  23:24    4.2    0.0   0.00    3.2   23.0  14:34    319
 25   60.4   78.3  15:29   44.1  07:27    4.6    0.0   0.00    0.4   11.0  11:58    309
 26   67.3   83.1  15:41   50.0  06:30    0.0    2.3   0.00    1.5   19.0  13:41    180
 27   49.9   64.5  00:00   41.2  23:51   15.1    0.0   0.00    4.0   23.0  09:39    325
 28   44.5   57.5  15:26   34.4  07:52   20.5    0.0   0.00    1.4   15.0  11:25    323
 29   55.2   76.1  15:39   36.7  03:37    9.8    0.0   0.00    0.6   13.0  12:31    301
 30   59.4   76.4  15:09   46.5  07:52    5.6    0.0   0.00    0.7   16.0  15:21    341
 31   52.3   60.6  12:41   47.0  08:01   12.7    0.0   0.03    0.7   15.0  10:44    343
---------------------------------------------------------------------------------------
      67.6   94.7     09   34.4     28   92.9  174.0   1.66    1.2   23.0     24    291