NOAA Style Climate Reports


Select a Year or Month report
2018: Jan Feb Mar Apr May Jun Jul Aug Sep Oct Nov Dec
2017: Jan Feb Mar Apr May Jun Jul Aug Sep Oct Nov Dec
2016: Jan Feb Mar Apr May Jun Jul Aug Sep Oct Nov Dec

Report for November 2017
                   MONTHLY CLIMATOLOGICAL SUMMARY for Nov 2017


NAME: Allen Weather                  
ELEV: 672 feet    LAT: 33-05.77 N    LONG: 096-41.79 W


                   TEMPERATURE (F), RAIN (in), WIND SPEED (mph)

                                         HEAT   COOL         AVG
      MEAN                               DEG    DEG          WIND                   DOM
DAY   TEMP   HIGH   TIME    LOW   TIME   DAYS   DAYS   RAIN  SPEED   HIGH   TIME    DIR
---------------------------------------------------------------------------------------
 01   60.8   75.7  16:33   50.6  07:13    4.2    0.0   0.00    0.9   14.0  13:23    180
 02   74.9   89.8  15:44   64.1  06:06    0.0    9.9   0.00    1.0   16.0  10:45    181
 03   62.9   72.6  00:00   54.7  09:01    2.1    0.0   0.00    0.6   13.0  08:21    315
 04   72.9   86.8  15:08   57.5  02:41    0.0    7.9   0.00    0.8   16.0  18:57    178
 05   78.5   90.7  14:24   65.9  23:59    0.0   13.5   0.00    0.9   15.0  09:44    181
 06   62.9   72.3  14:29   55.7  23:57    2.1    0.0   0.00    0.5   11.0  10:21    319
 07   53.1   58.6  15:31   48.4  23:37   11.9    0.0   0.00    1.5   14.0  14:45    326
 08   46.1   48.4  00:00   44.6  11:23   18.9    0.0   0.65    1.0   12.0  03:05    332
 09   47.4   52.2  15:21   43.3  23:22   17.6    0.0   0.00    0.0    6.0  09:05    326
 10   52.7   65.4  14:34   40.0  04:44   12.3    0.0   0.00    0.3   11.0  13:32    166
 11   60.8   67.2  15:11   54.0  07:08    4.2    0.0   0.00    0.9   19.0  12:40    175
 12   63.6   67.9  11:45   60.6  07:46    1.4    0.0   0.00    0.0    8.0  14:50     30
 13   59.0   65.1  13:45   51.7  05:28    6.0    0.0   0.00    0.0    7.0  23:15    347
 14   67.0   76.5  14:33   58.9  04:00    0.0    2.0   0.00    0.7   15.0  14:47    179
 15   68.3   73.6  14:33   63.5  23:52    0.0    3.3   0.00    0.4   13.0  05:01    181
 16   65.1   72.3  15:57   60.3  07:14    0.0    0.1   0.00    0.0    5.0  18:45    259
 17   73.6   81.2  14:21   65.5  00:00    0.0    8.6   0.00    1.3   21.0  11:33    177
 18   62.6   75.0  00:00   45.1  23:37    2.4    0.0   0.00    3.9   27.0  10:08    319
 19   49.1   61.3  14:11   39.2  06:16   15.9    0.0   0.00    0.3    9.0  12:51    333
 20   52.0   64.9  14:04   39.0  07:14   13.0    0.0   0.00    1.1   15.0  13:30    180
 21   56.8   67.3  13:37   47.8  02:13    8.2    0.0   0.00    0.8   15.0  21:24    326
 22   45.3   53.3  14:06   37.8  23:54   19.7    0.0   0.00    2.2   13.0  04:05    328
 23   49.7   65.7  14:25   35.0  05:14   15.3    0.0   0.00    0.2    9.0  13:23    177
 24   58.7   74.9  14:26   42.8  07:00    6.3    0.0   0.00    1.1   19.0  21:20    177
 25   59.9   71.6  13:21   49.0  06:26    5.1    0.0   0.00    0.4   11.0  13:49    344
 26   58.5   71.0  13:09   48.9  07:17    6.5    0.0   0.00    0.2    8.0  11:24    163
 27   60.9   73.9  14:18   49.4  06:12    4.1    0.0   0.00    1.5   17.0  09:27    177
 28   64.3   76.4  13:23   52.6  07:15    0.7    0.0   0.00    2.0   20.0  15:51    174
 29   55.6   64.0  00:00   47.0  23:42    9.4    0.0   0.00    1.7   13.0  08:20    315
 30   53.1   64.5  14:17   42.7  05:00   11.9    0.0   0.00    0.5   10.0  13:04    332
---------------------------------------------------------------------------------------
      59.9   90.7     05   35.0     23  199.1   45.3   0.65    0.9   27.0     18    244