NOAA Style Climate Reports


Select a Year or Month report
2018: Jan Feb Mar Apr May Jun Jul Aug Sep Oct Nov Dec
2017: Jan Feb Mar Apr May Jun Jul Aug Sep Oct Nov Dec
2016: Jan Feb Mar Apr May Jun Jul Aug Sep Oct Nov Dec

Report for December 2017
                   MONTHLY CLIMATOLOGICAL SUMMARY for Dec 2017


NAME: Allen Weather                  
ELEV: 672 feet    LAT: 33-05.77 N    LONG: 096-41.79 W


                   TEMPERATURE (F), RAIN (in), WIND SPEED (mph)

                                         HEAT   COOL         AVG
      MEAN                               DEG    DEG          WIND                   DOM
DAY   TEMP   HIGH   TIME    LOW   TIME   DAYS   DAYS   RAIN  SPEED   HIGH   TIME    DIR
---------------------------------------------------------------------------------------
 01   58.1   70.7  13:23   44.4  07:14    6.9    0.0   0.00    0.4   12.0  13:27    174
 02   64.2   77.0  13:48   53.6  04:44    0.8    0.0   0.00    0.4   10.0  13:10    176
 03   65.9   78.3  13:42   55.7  07:21    0.0    0.9   0.00    0.8   13.0  19:38    175
 04   69.8   79.8  14:00   55.0  23:54    0.0    4.8   0.12    1.2   20.0  21:31    185
 05   48.2   55.5  00:13   43.5  23:54   16.8    0.0   0.00    2.0   14.0  01:45    338
 06   47.9   54.2  13:50   43.1  01:38   17.1    0.0   0.00    0.7   13.0  23:48    326
 07   38.9   48.9  00:00   31.1  23:54   26.1    0.0   0.00    2.5   17.0  08:01    335
 08   34.6   45.8  14:25   23.1  07:36   30.4    0.0   0.00    0.3    9.0  15:04    314
 09   43.9   57.2  14:50   32.4  00:34   21.1    0.0   0.00    1.9   16.0  14:03    321
 10   50.0   68.9  14:33   33.2  06:08   15.0    0.0   0.00    0.6   12.0  14:34    318
 11   56.8   76.6  14:34   37.2  05:54    8.2    0.0   0.00    1.5   16.0  14:14    321
 12   47.4   57.2  00:00   38.7  23:00   17.6    0.0   0.00    2.5   17.0  01:00    330
 13   52.1   73.6  14:24   36.5  02:26   12.9    0.0   0.00    0.4   12.0  13:48    234
 14   49.2   59.4  13:34   39.2  03:08   15.8    0.0   0.00    1.7   16.0  13:07    336
 15   42.4   53.7  14:14   34.3  07:29   22.6    0.0   0.00    1.1   12.0  10:36    319
 16   45.3   61.3  13:10   35.8  01:57   19.7    0.0   0.71    1.1   16.0  16:13    172
 17   46.8   50.4  15:01   43.1  00:00   18.2    0.0   0.00    0.4    9.0  02:37    168
 18   49.2   52.7  23:57   46.1  08:33   15.8    0.0   0.02    0.1    7.0  20:43    174
 19   56.4   59.8  13:54   52.6  00:00    8.6    0.0   2.09    0.2    7.0  12:22    296
 20   54.7   61.2  15:41   49.4  05:42   10.3    0.0   0.01    0.2    9.0  01:01    307
 21   59.7   74.3  15:43   45.5  07:35    5.3    0.0   0.01    0.7   12.0  16:26    173
 22   42.8   61.8  01:15   34.6  20:55   22.2    0.0   0.49    4.2   19.0  18:46    322
 23   39.8   48.5  14:17   32.4  07:39   25.2    0.0   0.00    2.1   15.0  00:24    317
 24   38.7   43.9  15:03   33.9  22:21   26.3    0.0   0.00    1.7   20.0  12:49    333
 25   36.6   45.7  14:33   29.2  05:53   28.4    0.0   0.00    0.9   12.0  15:09    157
 26   38.3   40.8  00:49   35.2  12:59   26.7    0.0   0.02    0.8    9.0  07:01     23
 27   33.7   39.0  00:00   30.1  08:04   31.3    0.0   0.00    1.7   13.0  01:44    342
 28   36.7   39.8  15:00   33.9  00:00   28.3    0.0   0.00    0.1    7.0  17:17    137
 29   41.1   46.6  14:31   35.6  01:09   23.9    0.0   0.00    0.9   14.0  14:36    172
 30   39.9   44.9  00:00   31.6  23:39   25.1    0.0   0.00    0.9   14.0  13:36    345
 31   26.5   31.9  00:20   20.0  23:55   38.5    0.0   0.00    2.8   16.0  12:40    338
---------------------------------------------------------------------------------------
      46.9   79.8     04   20.0     31  565.2    5.6   3.47    1.2   20.0     04    323