NOAA Style Climate Reports


Select a Year or Month report
2018: Jan Feb Mar Apr May Jun Jul Aug Sep Oct Nov Dec
2017: Jan Feb Mar Apr May Jun Jul Aug Sep Oct Nov Dec
2016: Jan Feb Mar Apr May Jun Jul Aug Sep Oct Nov Dec

Report for January 2018
                   MONTHLY CLIMATOLOGICAL SUMMARY for Jan 2018


NAME: Allen Weather                  
ELEV: 672 feet    LAT: 33-05.77 N    LONG: 096-41.79 W


                   TEMPERATURE (F), RAIN (in), WIND SPEED (mph)

                                         HEAT   COOL         AVG
      MEAN                               DEG    DEG          WIND                   DOM
DAY   TEMP   HIGH   TIME    LOW   TIME   DAYS   DAYS   RAIN  SPEED   HIGH   TIME    DIR
---------------------------------------------------------------------------------------
 01   20.5   26.3  14:26   14.0  08:00   44.5    0.0   0.00    1.6   12.0  01:50    338
 02   22.1   25.1  14:53   19.3  02:28   42.9    0.0   0.00    1.1   10.0  19:48    331
 03   30.9   45.4  15:50   17.8  01:41   34.1    0.0   0.00    1.5   14.0  12:54    317
 04   35.5   47.3  14:49   25.1  07:37   29.5    0.0   0.00    0.1    7.0  12:30    110
 05   43.8   60.2  14:25   29.1  06:56   21.2    0.0   0.00    0.4   12.0  10:38    175
 06   48.9   62.2  14:24   35.1  07:37   16.1    0.0   0.00    1.6   16.0  23:39    163
 07   53.9   59.0  15:21   49.6  07:10   11.1    0.0   0.36    2.9   20.0  08:41    162
 08   48.6   57.4  15:17   39.7  07:51   16.4    0.0   0.00    2.7   16.0  02:21    328
 09   43.2   48.7  15:55   38.1  04:27   21.8    0.0   0.00    0.7   15.0  20:17    161
 10   49.6   55.5  16:27   44.7  00:39   15.4    0.0   0.00    3.9   19.0  13:18    162
 11   46.2   61.5  10:43   28.2  23:58   18.8    0.0   0.00    6.0   28.0  16:00    310
 12   30.5   40.7  15:51   21.6  07:28   34.5    0.0   0.00    4.5   25.0  00:05    320
 13   33.8   43.5  14:58   26.8  06:37   31.2    0.0   0.00    2.1   15.0  10:39    330
 14   40.0   52.3  15:30   29.2  07:39   25.0    0.0   0.00    1.0   12.0  09:31    164
 15   40.8   60.8  12:58   26.5  23:59   24.2    0.0   0.00    2.1   18.0  20:44    334
 16   21.2   26.5  00:00   15.0  09:12   43.8    0.0   0.00    4.1   18.0  03:18    328
 17   22.1   32.6  14:27   12.8  06:16   42.9    0.0   0.00    0.3    8.0  13:17    335
 18   31.7   45.7  14:52   17.6  06:08   33.3    0.0   0.00    1.6   12.0  17:44    168
 19   45.2   53.2  13:43   33.9  00:05   19.8    0.0   0.00    3.2   17.0  15:03    167
 20   59.8   68.7  14:22   51.0  01:39    5.2    0.0   0.00    3.9   20.0  11:55    167
 21   65.2   73.2  15:35   56.6  23:59    0.0    0.2   0.30    3.3   20.0  21:23    171
 22   50.1   57.6  14:23   40.8  22:56   14.9    0.0   0.00    5.4   28.0  14:50    315
 23   44.1   55.9  14:45   35.0  07:25   20.9    0.0   0.00    1.7   11.0  09:29    316
 24   47.1   63.3  14:00   33.0  07:04   17.9    0.0   0.00    0.1    9.0  15:05    275
 25   50.4   65.8  13:54   32.9  05:30   14.6    0.0   0.00    1.9   16.0  12:58    165
 26   56.2   63.9  16:38   48.7  05:34    8.8    0.0   0.02    2.6   16.0  03:15    168
 27   57.9   63.1  14:22   48.2  23:58    7.1    0.0   0.10    1.2   13.0  14:29    331
 28   51.2   63.8  15:34   40.6  07:58   13.8    0.0   0.00    0.7   11.0  14:03    332
 29   44.2   53.1  15:30   35.6  08:11   20.8    0.0   0.00    3.0   17.0  14:58    325
 30   46.0   60.8  16:04   32.4  05:06   19.0    0.0   0.00    2.7   19.0  14:49    163
 31   57.8   72.4  15:25   43.0  07:16    7.2    0.0   0.00    3.7   22.0  14:41    171
---------------------------------------------------------------------------------------
      43.2   73.2     21   12.8     17  676.6    0.2   0.78    2.3   28.0     11    254