NOAA Style Climate Reports


Select a Year or Month report
2018: Jan Feb Mar Apr May Jun Jul Aug Sep Oct Nov Dec
2017: Jan Feb Mar Apr May Jun Jul Aug Sep Oct Nov Dec
2016: Jan Feb Mar Apr May Jun Jul Aug Sep Oct Nov Dec

Report for February 2018
                   MONTHLY CLIMATOLOGICAL SUMMARY for Feb 2018


NAME: Allen Weather                  
ELEV: 672 feet    LAT: 33-05.77 N    LONG: 096-41.79 W


                   TEMPERATURE (F), RAIN (in), WIND SPEED (mph)

                                         HEAT   COOL         AVG
      MEAN                               DEG    DEG          WIND                   DOM
DAY   TEMP   HIGH   TIME    LOW   TIME   DAYS   DAYS   RAIN  SPEED   HIGH   TIME    DIR
---------------------------------------------------------------------------------------
 01   53.0   61.7  13:40   41.6  23:59   12.0    0.0   0.00    2.8   20.0  21:52    326
 02   41.7   51.9  14:40   32.3  07:31   23.3    0.0   0.00    1.3   14.0  00:41    358
 03   48.1   56.5  15:26   39.0  07:45   16.9    0.0   0.00    3.0   19.0  13:20    164
 04   49.2   62.5  14:31   32.3  23:59   15.8    0.0   0.00    1.5   20.0  20:35    335
 05   34.0   44.9  18:37   22.5  07:08   31.0    0.0   0.00    0.7   12.0  00:00    321
 06   35.7   42.5  11:57   29.9  23:58   29.3    0.0   0.31    1.1   15.0  16:38    332
 07   35.5   45.8  16:08   27.7  09:00   29.5    0.0   0.02    0.6   12.0  12:10    338
 08   42.7   57.5  15:16   28.0  07:23   22.3    0.0   0.00    0.6   12.0  15:58    163
 09   55.8   66.6  15:20   42.9  00:48    9.2    0.0   0.00    2.1   15.0  13:36    164
 10   38.3   58.7  03:08   28.2  23:09   26.7    0.0   0.00    3.9   18.0  08:24    321
 11   30.8   39.9  15:50   24.6  04:47   34.2    0.0   0.00    3.6   19.0  05:57    324
 12   34.9   45.7  15:56   25.8  05:27   30.1    0.0   0.00    0.9   10.0  15:48     87
 13   40.8   43.9  14:38   37.7  06:37   24.2    0.0   0.00    0.7   12.0  01:52    157
 14   55.6   71.0  16:43   42.5  00:00    9.4    0.0   0.02    2.1   18.0  21:57    163
 15   69.5   76.6  16:14   63.1  00:19    0.0    4.5   0.00    3.4   21.0  17:44    173
 16   54.4   69.8  00:10   44.1  23:56   10.6    0.0   0.00    2.7   19.0  05:36    327
 17   48.9   60.3  15:31   40.5  04:36   16.1    0.0   0.54    1.0   15.0  04:04    319
 18   52.6   61.6  22:28   44.7  05:10   12.4    0.0   0.01    1.7   18.0  12:56    162
 19   69.7   75.4  12:10   61.3  00:00    0.0    4.7   0.02    4.7   23.0  12:48    164
 20   59.7   71.0  01:28   36.9  23:57    5.3    0.0   2.82    4.3   21.0  03:50    178
 21   34.4   37.1  00:07   31.8  13:37   30.6    0.0   1.07    3.8   18.0  13:22    325
 22   36.2   39.5  22:12   33.2  05:43   28.8    0.0   0.41    1.7   13.0  08:33    322
 23   44.8   51.2  16:48   38.6  03:41   20.2    0.0   0.58    0.3    8.0  22:08    319
 24   52.5   62.4  10:27   45.7  23:53   12.5    0.0   0.68    2.1   25.0  11:02    311
 25   53.2   67.6  14:27   39.6  07:14   11.8    0.0   0.00    0.9   12.0  13:14    156
 26   53.9   65.5  15:36   43.5  06:54   11.1    0.0   0.00    0.8   10.0  11:14    153
 27   57.7   64.4  22:49   49.6  04:48    7.3    0.0   0.05    1.1   11.0  10:55    163
 28   65.0   68.1  12:17   58.9  23:57    0.0    0.0   3.01    0.8   20.0  23:43    172
---------------------------------------------------------------------------------------
      48.2   76.6     15   22.5     05  480.5    9.3   9.54    1.9   25.0     24    246