NOAA Style Climate Reports


Select a Year or Month report
2018: Jan Feb Mar Apr May Jun Jul Aug Sep Oct Nov Dec
2017: Jan Feb Mar Apr May Jun Jul Aug Sep Oct Nov Dec
2016: Jan Feb Mar Apr May Jun Jul Aug Sep Oct Nov Dec

Report for March 2018
                   MONTHLY CLIMATOLOGICAL SUMMARY for Mar 2018


NAME: Allen Weather                  
ELEV: 672 feet    LAT: 33-05.77 N    LONG: 096-41.79 W


                   TEMPERATURE (F), RAIN (in), WIND SPEED (mph)

                                         HEAT   COOL         AVG
      MEAN                               DEG    DEG          WIND                   DOM
DAY   TEMP   HIGH   TIME    LOW   TIME   DAYS   DAYS   RAIN  SPEED   HIGH   TIME    DIR
---------------------------------------------------------------------------------------
 01   56.0   61.7  01:18   50.0  23:52    9.0    0.0   0.06    1.9   16.0  00:00    331
 02   55.9   69.0  14:59   43.8  05:52    9.1    0.0   0.00    0.8   13.0  11:46    149
 03   61.5   73.1  14:29   47.5  07:02    3.5    0.0   0.00    1.7   15.0  15:11    161
 04   64.6   69.2  19:54   60.5  08:08    0.4    0.0   0.00    2.1   18.0  19:25    160
 05   64.8   70.9  09:11   48.1  23:55    0.2    0.0   0.00    3.7   23.0  10:19    314
 06   54.0   65.3  15:43   40.4  04:09   11.0    0.0   0.00    3.5   22.0  16:13    321
 07   47.3   57.3  15:32   37.9  06:55   17.7    0.0   0.00    2.6   14.0  01:39    325
 08   53.9   68.4  15:50   39.0  04:57   11.1    0.0   0.00    1.8   14.0  15:50    167
 09   63.4   75.4  14:22   51.5  06:07    1.6    0.0   0.00    4.2   24.0  10:37    170
 10   70.6   82.4  15:49   62.7  06:01    0.0    5.6   0.00    1.7   12.0  03:05    170
 11   60.4   68.8  00:00   49.5  23:59    4.6    0.0   0.00    4.3   21.0  12:28    333
 12   49.6   61.3  16:50   38.8  07:43   15.4    0.0   0.00    2.1   14.0  01:17    336
 13   51.1   61.7  16:34   40.3  07:54   13.9    0.0   0.00    1.3   14.0  12:19    339
 14   54.2   68.3  16:41   37.7  07:44   10.8    0.0   0.00    0.8    9.0  10:19    165
 15   62.4   76.9  16:21   49.2  06:26    2.6    0.0   0.00    3.5   20.0  16:56    169
 16   71.7   85.0  16:50   60.9  23:50    0.0    6.7   0.00    2.8   20.0  01:06    227
 17   63.9   78.0  14:41   55.7  03:53    1.1    0.0   0.36    0.4   15.0  18:21    136
 18   66.3   78.2  16:58   58.4  05:13    0.0    1.3   0.01    0.7   12.0  17:51    168
 19   62.8   71.7  14:07   50.6  23:56    2.2    0.0   0.00    5.7   24.0  14:33    316
 20   52.5   63.4  16:46   42.6  07:36   12.5    0.0   0.00    4.6   19.0  01:39    318
 21   58.7   72.4  16:07   43.6  06:37    6.3    0.0   0.00    0.7    9.0  16:12    142
 22   65.8   78.9  16:49   51.8  07:06    0.0    0.8   0.00    2.9   19.0  15:25    167
 23   67.2   74.9  18:09   61.0  04:16    0.0    2.2   0.00    4.3   21.0  20:27    173
 24   73.3   84.1  16:35   65.6  04:06    0.0    8.3   0.00    2.3   20.0  00:31    217
 25   68.3   75.0  15:24   60.4  05:26    0.0    3.3   0.00    1.6   16.0  15:41    163
 26   74.3   85.7  16:15   66.3  07:11    0.0    9.3   0.00    3.8   20.0  12:17    169
 27   64.8   71.9  00:00   57.6  23:57    0.2    0.0   2.27    1.5   16.0  07:26    170
 28   59.8   65.8  14:50   55.8  08:16    5.2    0.0   0.42    0.5   10.0  18:13    338
 29   61.2   71.4  16:00   54.2  08:38    3.8    0.0   0.00    1.7   16.0  15:54    331
 30   58.7   70.9  15:46   47.4  06:19    6.3    0.0   0.00    0.7    9.0  11:01     30
 31   65.7   76.8  13:40   52.7  07:21    0.0    0.7   0.00    2.7   22.0  14:15    170
---------------------------------------------------------------------------------------
      61.4   85.7     26   37.7     14  148.5   38.1   3.12    2.4   24.0     09    227