NOAA Style Climate Reports


Select a Year or Month report
2018: Jan Feb Mar Apr May Jun Jul Aug Sep Oct Nov Dec
2017: Jan Feb Mar Apr May Jun Jul Aug Sep Oct Nov Dec
2016: Jan Feb Mar Apr May Jun Jul Aug Sep Oct Nov Dec

Report for April 2018
                   MONTHLY CLIMATOLOGICAL SUMMARY for Apr 2018


NAME: Allen Weather                  
ELEV: 672 feet    LAT: 33-05.77 N    LONG: 096-41.79 W


                   TEMPERATURE (F), RAIN (in), WIND SPEED (mph)

                                         HEAT   COOL         AVG
      MEAN                               DEG    DEG          WIND                   DOM
DAY   TEMP   HIGH   TIME    LOW   TIME   DAYS   DAYS   RAIN  SPEED   HIGH   TIME    DIR
---------------------------------------------------------------------------------------
 01   60.3   71.5  14:00   43.1  23:32    4.7    0.0   0.00    3.0   16.0  04:35    274
 02   47.5   59.2  21:20   40.4  06:10   17.5    0.0   0.00    0.7   10.0  00:58    335
 03   67.3   83.0  13:46   51.5  23:50    0.0    2.3   0.26    4.5   22.0  16:35    280
 04   52.0   62.7  16:40   41.1  07:38   13.0    0.0   0.00    1.6   15.0  01:28     16
 05   60.0   73.1  16:18   48.1  05:35    5.0    0.0   0.00    2.4   17.0  13:18    165
 06   69.0   84.6  16:09   49.3  23:55    0.0    4.0   0.82    2.2   25.0  17:55    177
 07   39.1   49.3  00:00   33.2  10:30   25.9    0.0   0.00    2.4   19.0  09:50    337
 08   45.5   56.2  16:09   35.2  02:23   19.5    0.0   0.00    0.6   12.0  15:25    170
 09   56.6   69.1  16:42   43.8  07:02    8.4    0.0   0.00    0.2   10.0  14:08    350
 10   59.1   71.5  16:36   46.8  07:17    5.9    0.0   0.00    0.2   10.0  10:47     55
 11   66.0   80.6  16:33   51.0  05:20    0.0    1.0   0.00    2.7   21.0  18:21    173
 12   71.3   82.2  17:17   61.7  05:29    0.0    6.3   0.00    5.2   25.0  21:45    171
 13   74.6   85.6  16:00   68.3  23:59    0.0    9.6   0.04    4.7   24.0  05:52    178
 14   53.2   68.3  00:00   44.0  09:34   11.8    0.0   0.00    7.8   28.0  02:41    318
 15   48.0   61.8  17:03   36.0  06:58   17.0    0.0   0.00    5.3   22.0  04:36    318
 16   61.7   81.5  16:57   40.5  05:17    3.3    0.0   0.00    2.0   21.0  16:13    174
 17   72.0   84.9  16:49   58.8  06:05    0.0    7.0   0.00    4.4   20.0  14:07    175
 18   69.5   76.7  15:24   58.5  23:17    0.0    4.5   0.00    3.5   20.0  00:24    317
 19   59.9   68.9  15:29   47.5  06:33    5.1    0.0   0.00    1.5   12.0  09:21    353
 20   58.7   69.5  17:07   48.4  07:15    6.3    0.0   0.00    1.9   14.0  08:31    138
 21   58.5   63.7  16:36   53.3  23:10    6.5    0.0   0.25    1.7   16.0  08:36    190
 22   57.4   66.2  17:37   50.9  08:17    7.6    0.0   0.00    4.7   20.0  03:00    317
 23   61.4   73.5  17:15   51.1  05:55    3.6    0.0   0.00    2.6   16.0  10:44    324
 24   68.7   83.0  16:16   52.6  06:18    0.0    3.7   0.00    0.5    8.0  13:36     33
 25   58.5   68.9  02:46   48.5  23:26    6.5    0.0   0.27    2.3   21.0  10:53    323
 26   58.3   71.1  16:57   43.8  06:46    6.7    0.0   0.00    1.4   12.0  12:44    324
 27   66.8   79.6  16:27   55.5  07:05    0.0    1.8   0.00    1.6   13.0  15:21    319
 28   68.9   85.5  16:57   50.0  06:08    0.0    3.9   0.00    0.5    9.0  10:54    289
 29   72.6   86.3  14:34   56.8  06:01    0.0    7.6   0.00    1.6   18.0  15:38    175
 30   72.1   81.5  17:14   59.5  07:13    0.0    7.1   0.00    2.9   18.0  19:35    173
---------------------------------------------------------------------------------------
      61.1   86.3     29   33.2     07  174.2   58.7   1.64    2.6   28.0     14    264