NOAA Style Climate Reports


Select a Year or Month report
2018: Jan Feb Mar Apr May Jun Jul Aug Sep Oct Nov Dec
2017: Jan Feb Mar Apr May Jun Jul Aug Sep Oct Nov Dec
2016: Jan Feb Mar Apr May Jun Jul Aug Sep Oct Nov Dec

Report for May 2018
                   MONTHLY CLIMATOLOGICAL SUMMARY for May 2018


NAME: Allen Weather                  
ELEV: 672 feet    LAT: 33-05.77 N    LONG: 096-41.79 W


                   TEMPERATURE (F), RAIN (in), WIND SPEED (mph)

                                         HEAT   COOL         AVG
      MEAN                               DEG    DEG          WIND                   DOM
DAY   TEMP   HIGH   TIME    LOW   TIME   DAYS   DAYS   RAIN  SPEED   HIGH   TIME    DIR
---------------------------------------------------------------------------------------
 01   72.9   79.6  15:11   66.9  07:22    0.0    7.9   0.00    3.3   18.0  02:28    175
 02   76.6   85.2  17:01   70.9  03:02    0.0   11.6   0.00    3.4   28.0  15:20    177
 03   72.5   77.9  00:00   65.9  11:55    0.0    7.5   0.60    2.3   21.0  10:59    179
 04   67.8   72.4  02:44   62.6  23:37    0.0    2.8   0.85    0.6   10.0  04:11    290
 05   69.8   81.7  15:58   58.3  06:32    0.0    4.8   0.00    1.6   16.0  12:11    327
 06   73.6   88.4  17:10   57.7  05:54    0.0    8.6   0.00    0.8    9.0  11:35    306
 07   78.6   94.3  15:40   61.6  06:09    0.0   13.6   0.00    0.7    9.0  12:04    238
 08   79.9   90.1  13:04   67.8  06:34    0.0   14.9   0.00    2.1   16.0  15:07    181
 09   79.1   88.8  16:21   67.0  07:04    0.0   14.1   0.00    2.4   18.0  00:51    180
 10   77.5   87.2  16:07   66.4  06:59    0.0   12.5   0.00    2.7   21.0  12:10    178
 11   78.8   88.8  16:25   69.4  05:59    0.0   13.8   0.00    4.1   23.0  12:56    179
 12   80.2   90.4  15:59   72.5  06:16    0.0   15.2   0.00    3.0   22.0  01:21    178
 13   80.5   91.4  16:00   72.0  06:55    0.0   15.5   0.00    2.2   16.0  13:06    176
 14   80.8   91.1  16:04   73.5  04:27    0.0   15.8   0.00    2.1   15.0  12:53    178
 15   77.9   89.2  16:05   71.6  09:52    0.0   12.9   0.00    1.2   14.0  11:40    159
 16   77.8   90.0  15:48   67.5  04:29    0.0   12.8   0.00    0.7   12.0  17:00    344
 17   79.9   92.6  17:09   67.3  05:54    0.0   14.9   0.00    0.6    8.0  10:21    115
 18   82.6   96.1  15:35   69.1  05:22    0.0   17.6   0.08    1.7   25.0  01:49    177
 19   82.1   92.7  15:46   73.4  06:39    0.0   17.1   0.00    2.8   18.0  10:31    177
 20   75.0   82.0  16:38   67.1  10:41    0.0   10.0   0.17    1.1   12.0  04:01    193
 21   76.5   87.9  16:36   65.2  06:17    0.0   11.5   0.00    0.4    8.0  14:45    300
 22   79.7   91.4  16:33   68.7  06:22    0.0   14.7   0.00    0.6   11.0  13:59    175
 23   81.6   92.5  16:01   70.8  06:30    0.0   16.6   0.00    0.6   10.0  15:55    169
 24   81.4   91.7  17:16   70.9  06:29    0.0   16.4   0.00    0.5   10.0  13:42    170
 25   79.7   91.4  12:05   67.4  13:40    0.0   14.7   0.26    0.7   22.0  12:41    185
 26   82.4   95.6  16:27   69.2  06:24    0.0   17.4   0.00    0.4    9.0  12:41    165
 27   85.3   96.7  16:13   75.1  06:54    0.0   20.3   0.00    0.3    8.0  11:59    107
 28   84.0   94.2  16:11   72.9  06:09    0.0   19.0   0.00    0.2    8.0  14:35    126
 29   86.0   96.9  15:50   75.1  05:12    0.0   21.0   0.00    0.7   14.0  15:43    173
 30   86.7   95.8  17:13   77.7  06:43    0.0   21.7   0.00    2.3   16.0  12:16    178
 31   86.2   96.3  17:18   75.7  06:22    0.0   21.2   0.00    3.3   20.0  14:55    181
---------------------------------------------------------------------------------------
      79.1   96.9     29   57.7     06    0.0  438.5   1.96    1.6   28.0     02    180