NOAA Style Climate Reports


Select a Year or Month report
2018: Jan Feb Mar Apr May Jun Jul Aug Sep Oct Nov Dec
2017: Jan Feb Mar Apr May Jun Jul Aug Sep Oct Nov Dec
2016: Jan Feb Mar Apr May Jun Jul Aug Sep Oct Nov Dec

Report for June 2018
                   MONTHLY CLIMATOLOGICAL SUMMARY for Jun 2018


NAME: Allen Weather                  
ELEV: 672 feet    LAT: 33-05.77 N    LONG: 096-41.79 W


                   TEMPERATURE (F), RAIN (in), WIND SPEED (mph)

                                         HEAT   COOL         AVG
      MEAN                               DEG    DEG          WIND                   DOM
DAY   TEMP   HIGH   TIME    LOW   TIME   DAYS   DAYS   RAIN  SPEED   HIGH   TIME    DIR
---------------------------------------------------------------------------------------
 01   87.1   98.2  17:10   76.8  06:40    0.0   22.1   0.00    2.8   19.0  01:17    179
 02   89.1  100.0  16:18   78.9  06:15    0.0   24.1   0.00    1.8   18.0  02:34    191
 03   82.6   91.0  16:23   75.5  07:32    0.0   17.6   0.00    1.6   12.0  03:36    351
 04   75.6   84.0  17:17   67.2  08:52    0.0   10.6   0.55    0.3   12.0  08:28    150
 05   80.5   93.2  17:25   67.3  08:25    0.0   15.5   0.31    0.8   15.0  08:12    148
 06   85.2   96.8  15:47   75.0  06:28    0.0   20.2   0.16    1.4   17.0  17:54    175
 07   81.7   92.7  15:11   73.2  19:39    0.0   16.7   0.02    1.8   25.0  19:30    175
 08   83.7   95.3  16:27   72.6  05:41    0.0   18.7   0.00    1.6   15.0  10:48    180
 09   85.9   95.6  16:07   77.4  02:37    0.0   20.9   0.00    1.5   15.0  13:19    174
 10   86.0   97.8  16:43   75.2  06:29    0.0   21.0   0.00    2.2   14.0  22:41    183
 11   85.8   95.1  17:29   78.2  07:24    0.0   20.8   0.00    2.7   20.0  12:40    181
 12   86.1   95.6  17:04   78.1  06:37    0.0   21.1   0.00    1.9   15.0  01:25    180
 13   87.8   98.5  17:28   78.9  06:53    0.0   22.8   0.00    1.6   13.0  08:01    186
 14   88.6   98.2  16:27   79.1  06:42    0.0   23.6   0.00    1.6   15.0  14:45    181
 15   87.1   97.3  16:51   77.1  06:40    0.0   22.1   0.00    2.2   15.0  15:56    179
 16   86.9   96.4  16:51   78.0  06:40    0.0   21.9   0.00    3.0   16.0  23:24    178
 17   85.5   95.5  17:20   76.4  06:35    0.0   20.5   0.00    2.0   16.0  21:03    173
 18   83.0   92.5  16:49   76.4  07:49    0.0   18.0   0.00    2.2   16.0  20:58    169
 19   79.6   86.3  17:59   72.9  06:33    0.0   14.6   0.12    1.5   12.0  10:59    165
 20   81.2   89.7  15:46   74.4  10:06    0.0   16.2   0.75    0.9   14.0  16:25    172
 21   86.3   98.2  17:49   75.0  06:02    0.0   21.3   0.00    0.8   11.0  13:02    314
 22   88.5  101.5  16:05   80.2  06:29    0.0   23.5   0.00    1.6   15.0  10:06    299
 23   84.7   94.6  17:26   74.4  09:13    0.0   19.7   0.00    2.2   16.0  00:06    166
 24   87.8   98.2  15:58   80.5  05:42    0.0   22.8   0.00    3.8   23.0  01:28    177
 25   85.8   95.3  16:29   72.6  07:59    0.0   20.8   0.00    3.1   20.0  13:58    180
 26   88.0   98.4  16:47   79.0  06:11    0.0   23.0   0.00    2.7   18.0  16:49    183
 27   89.9  101.5  16:24   79.6  06:52    0.0   24.9   0.00    2.2   14.0  00:34    182
 28   89.7  100.8  16:11   79.2  07:03    0.0   24.7   0.00    2.3   14.0  01:40    179
 29   88.6   99.1  16:19   78.6  07:19    0.0   23.6   0.00    3.3   19.0  20:15    177
 30   88.3   99.1  17:14   78.4  06:15    0.0   23.3   0.00    3.4   17.0  00:46    178
---------------------------------------------------------------------------------------
      85.6  101.5     22   67.2     04    0.0  616.6   1.91    2.0   25.0     07    179