NOAA Style Climate Reports


Select a Year or Month report
2018: Jan Feb Mar Apr May Jun Jul Aug Sep Oct Nov Dec
2017: Jan Feb Mar Apr May Jun Jul Aug Sep Oct Nov Dec
2016: Jan Feb Mar Apr May Jun Jul Aug Sep Oct Nov Dec

Report for July 2018
                   MONTHLY CLIMATOLOGICAL SUMMARY for Jul 2018


NAME: Allen Weather                  
ELEV: 672 feet    LAT: 33-05.77 N    LONG: 096-41.79 W


                   TEMPERATURE (F), RAIN (in), WIND SPEED (mph)

                                         HEAT   COOL         AVG
      MEAN                               DEG    DEG          WIND                   DOM
DAY   TEMP   HIGH   TIME    LOW   TIME   DAYS   DAYS   RAIN  SPEED   HIGH   TIME    DIR
---------------------------------------------------------------------------------------
 01   88.2  101.8  16:38   77.6  07:05    0.0   23.2   0.00    2.3   19.0  00:08    182
 02   90.6  102.3  17:06   78.4  06:44    0.0   25.6   0.00    1.3   12.0  00:03    178
 03   90.0  103.3  16:40   78.2  06:51    0.0   25.0   0.00    1.1   21.0  20:47    169
 04   84.0   91.9  17:20   77.3  05:01    0.0   19.0   0.00    1.3   11.0  16:19    142
 05   84.6   97.1  15:04   73.9  06:35    0.0   19.6   0.00    0.7   10.0  12:28     74
 06   83.4   97.6  14:53   77.2  15:39    0.0   18.4   0.07    0.4   15.0  15:05     78
 07   83.7   94.9  16:34   73.6  06:09    0.0   18.7   0.00    0.8   14.0  15:10     95
 08   84.2   95.2  16:13   75.7  06:36    0.0   19.2   0.04    0.8   11.0  21:00    107
 09   81.8   91.5  12:54   75.6  06:14    0.0   16.8   0.00    0.3   12.0  19:09    161
 10   82.1   96.6  15:03   74.7  06:40    0.0   17.1   0.00    0.3   10.0  16:22    189
 11   85.9   98.9  16:52   76.5  04:17    0.0   20.9   0.00    0.6   10.0  15:58    182
 12   81.7   98.2  14:58   73.3  23:44    0.0   16.7   0.11    0.7   20.0  17:03    197
 13   84.6   97.8  17:17   72.9  02:01    0.0   19.6   0.01    1.1   13.0  14:16    174
 14   89.1   99.2  14:51   78.5  06:59    0.0   24.1   0.00    1.4   14.0  12:29    178
 15   90.1  100.9  16:14   80.0  06:50    0.0   25.1   0.00    1.5   12.0  16:00    179
 16   91.0  101.5  16:07   80.8  06:57    0.0   26.0   0.00    1.3   14.0  16:56    180
 17   92.2  104.9  15:55   81.1  05:23    0.0   27.2   0.00    1.1   12.0  15:18    205
 18   93.5  106.5  17:03   82.3  06:52    0.0   28.5   0.00    1.6   13.0  22:59    209
 19   95.5  109.0  16:28   83.8  06:32    0.0   30.5   0.00    1.9   14.0  00:07    194
 20   95.6  108.9  17:06   83.3  07:10    0.0   30.6   0.00    1.7   15.0  14:33    194
 21   95.6  110.2  17:18   82.1  06:46    0.0   30.6   0.00    1.2   11.0  11:22    261
 22   95.4  109.3  16:35   80.3  07:00    0.0   30.4   0.00    1.1   13.0  12:29    267
 23   90.6  101.4  14:59   80.8  06:39    0.0   25.6   0.00    1.2   13.0  21:43      7
 24   87.8   97.3  16:07   77.9  07:22    0.0   22.8   0.00    1.0   10.0  11:54     20
 25   89.5  101.6  15:50   77.3  05:48    0.0   24.5   0.00    0.7   10.0  13:30    170
 26   90.7  103.8  17:16   77.3  06:42    0.0   25.7   0.00    0.8   10.0  13:48    264
 27   90.5  100.1  14:30   81.9  07:12    0.0   25.5   0.00    1.1   13.0  14:29    315
 28   88.5  101.3  16:16   81.8  07:12    0.0   23.5   0.00    0.8   13.0  15:59    170
 29   87.8  101.2  16:55   77.1  06:54    0.0   22.8   0.00    1.0   16.0  11:11    174
 30   82.1   92.0  16:49   72.9  08:06    0.0   17.1   0.00    1.2   29.0  07:28    319
 31   81.5   91.8  16:12   71.2  07:08    0.0   16.5   0.00    2.2   15.0  15:17    334
---------------------------------------------------------------------------------------
      88.1  110.2     21   71.2     31    0.0  716.9   0.23    1.1   29.0     30    190