NOAA Style Climate Reports


Select a Year or Month report
2018: Jan Feb Mar Apr May Jun Jul Aug Sep Oct Nov Dec
2017: Jan Feb Mar Apr May Jun Jul Aug Sep Oct Nov Dec
2016: Jan Feb Mar Apr May Jun Jul Aug Sep Oct Nov Dec

Report for August 2018
                   MONTHLY CLIMATOLOGICAL SUMMARY for Aug 2018


NAME: Allen Weather                  
ELEV: 672 feet    LAT: 33-05.77 N    LONG: 096-41.79 W


                   TEMPERATURE (F), RAIN (in), WIND SPEED (mph)

                                         HEAT   COOL         AVG
      MEAN                               DEG    DEG          WIND                   DOM
DAY   TEMP   HIGH   TIME    LOW   TIME   DAYS   DAYS   RAIN  SPEED   HIGH   TIME    DIR
---------------------------------------------------------------------------------------
 01   82.2   94.4  17:02   68.6  06:36    0.0   17.2   0.00    0.8    9.0  11:41      9
 02   84.1   96.0  15:55   70.3  05:56    0.0   19.1   0.00    0.8    8.0  13:56    168
 03   85.9   98.7  16:24   72.1  06:08    0.0   20.9   0.00    1.0   12.0  16:39    159
 04   86.8   98.9  15:17   73.7  06:57    0.0   21.8   0.00    1.5   17.0  16:27    175
 05   87.8   99.6  17:08   76.7  06:25    0.0   22.8   0.00    2.2   15.0  15:19    180
 06   88.8   99.6  15:45   78.4  07:02    0.0   23.8   0.00    1.6   14.0  03:41    179
 07   89.5  101.3  16:18   79.4  07:08    0.0   24.5   0.00    1.8   12.0  00:57    182
 08   84.5   90.7  17:18   78.7  23:13    0.0   19.5   0.00    1.9   12.0  03:19    189
 09   82.2   96.4  15:20   73.3  22:25    0.0   17.2   1.13    1.0   25.0  21:35    307
 10   77.4   87.5  17:15   73.0  02:15    0.0   12.4   0.00    1.2   12.0  10:05    194
 11   75.0   79.3  18:02   70.8  08:48    0.0   10.0   0.75    0.2    8.0  05:07    120
 12   77.6   86.6  17:01   71.8  00:08    0.0   12.6   0.01    1.0   11.0  14:20    181
 13   76.6   88.4  12:59   72.8  05:01    0.0   11.6   0.43    0.9   14.0  12:50    187
 14   79.7   87.3  18:38   70.7  06:31    0.0   14.7   0.18    1.2   17.0  05:31    182
 15   86.7   98.0  16:01   78.2  06:58    0.0   21.7   0.00    1.9   13.0  08:47    184
 16   87.8   98.0  15:18   78.7  06:37    0.0   22.8   0.00    1.3   13.0  03:01    181
 17   89.2  100.5  16:52   81.6  07:05    0.0   24.2   0.00    1.0   10.0  02:17    200
 18   86.9  101.7  16:15   71.4  20:18    0.0   21.9   0.58    1.2   21.0  19:50    291
 19   84.5   96.5  16:54   75.3  00:00    0.0   19.5   0.00    0.7   11.0  14:13    255
 20   83.7   92.7  16:05   77.4  06:42    0.0   18.7   0.00    2.0   15.0  08:48    321
 21   81.4   91.6  15:14   71.0  06:23    0.0   16.4   0.00    0.7    9.0  11:47    341
 22   82.5   94.1  16:14   71.4  06:59    0.0   17.5   0.00    0.5    7.0  14:05     87
 23   85.9   99.1  15:35   73.3  07:06    0.0   20.9   0.00    1.2   10.0  09:41    175
 24   88.8   99.8  16:19   79.2  07:22    0.0   23.8   0.00    2.1   14.0  13:35    182
 25   88.3   98.5  15:43   79.3  07:05    0.0   23.3   0.00    2.0   14.0  03:30    179
 26   87.7   97.4  15:43   77.9  07:37    0.0   22.7   0.00    1.8   13.0  12:12    178
 27   87.8   97.3  16:12   78.9  07:00    0.0   22.8   0.00    2.7   16.0  13:17    180
 28   88.1   98.2  16:06   79.0  06:54    0.0   23.1   0.00    2.7   15.0  13:47    179
 29   87.6   98.9  16:38   78.1  06:51    0.0   22.6   0.00    1.9   12.0  02:20    180
 30   86.3   96.5  16:22   75.5  06:58    0.0   21.3   0.00    1.4   12.0  16:13    176
 31   87.8   98.2  15:55   77.3  07:07    0.0   22.8   0.00    1.0   11.0  16:24    177
---------------------------------------------------------------------------------------
      85.1  101.7     18   68.6     01    0.0  614.0   3.08    1.4   25.0     09    184