NOAA Style Climate Reports


Select a Year or Month report
2018: Jan Feb Mar Apr May Jun Jul Aug Sep Oct Nov Dec
2017: Jan Feb Mar Apr May Jun Jul Aug Sep Oct Nov Dec
2016: Jan Feb Mar Apr May Jun Jul Aug Sep Oct Nov Dec

Report for October 2018
                   MONTHLY CLIMATOLOGICAL SUMMARY for Oct 2018


NAME: Allen Weather                  
ELEV: 672 feet    LAT: 33-05.77 N    LONG: 096-41.79 W


                   TEMPERATURE (F), RAIN (in), WIND SPEED (mph)

                                         HEAT   COOL         AVG
      MEAN                               DEG    DEG          WIND                   DOM
DAY   TEMP   HIGH   TIME    LOW   TIME   DAYS   DAYS   RAIN  SPEED   HIGH   TIME    DIR
---------------------------------------------------------------------------------------
 01   77.3   87.4  15:03   71.2  02:08    0.0   12.3   0.00    1.5   10.0  12:51    178
 02   77.7   87.6  14:59   69.7  06:23    0.0   12.7   0.00    1.3   11.0  17:11    180
 03   81.1   90.9  15:48   73.2  07:26    0.0   16.1   0.00    2.4   16.0  12:10    183
 04   81.2   91.1  15:39   73.9  07:11    0.0   16.2   0.00    1.6   14.0  15:45    177
 05   80.9   90.5  16:18   73.5  07:03    0.0   15.9   0.00    1.9   14.0  15:46    181
 06   80.4   90.3  15:49   75.7  07:19    0.0   15.4   0.02    1.9   12.0  04:17    179
 07   78.9   89.7  15:23   74.3  22:43    0.0   13.9   0.09    2.2   20.0  12:33    175
 08   75.5   86.0  15:12   68.9  16:49    0.0   10.5   0.85    2.1   17.0  00:55    177
 09   67.8   73.6  09:00   62.4  23:58    0.0    2.8   1.38    0.7   17.0  09:21    202
 10   63.6   71.3  15:30   57.4  08:43    1.4    0.0   0.01    2.5   17.0  09:03    321
 11   61.5   71.3  15:38   52.4  07:30    3.5    0.0   0.00    1.1    9.0  06:19    358
 12   62.3   67.4  13:52   59.6  05:43    2.7    0.0   0.29    0.5    7.0  08:26    136
 13   61.9   65.9  16:37   59.7  23:24    3.1    0.0   1.85    0.9   11.0  12:08    350
 14   64.6   82.8  15:45   51.8  23:58    0.4    0.0   0.09    1.7   18.0  22:19    326
 15   43.8   51.9  00:06   40.9  09:26   21.2    0.0   1.70    3.8   18.0  00:00    337
 16   47.0   52.0  23:59   44.0  02:58   18.0    0.0   1.13    1.7   12.0  03:12    345
 17   53.2   56.9  13:27   51.4  03:37   11.8    0.0   0.25    0.9    8.0  02:11      3
 18   60.2   67.8  13:54   53.7  00:05    4.8    0.0   0.00    0.9    9.0  12:17     69
 19   58.1   60.6  00:41   56.4  07:00    6.9    0.0   0.78    0.2    6.0  01:55     37
 20   61.9   72.8  14:59   55.6  07:44    3.1    0.0   0.00    1.0   13.0  14:31    343
 21   57.6   68.7  15:55   49.2  23:59    7.4    0.0   0.00    0.5    7.0  15:05     81
 22   55.7   65.2  14:38   46.6  07:27    9.3    0.0   0.00    0.4    7.0  10:35    178
 23   61.1   71.5  15:09   54.7  06:53    3.9    0.0   0.00    0.5    8.0  13:51    111
 24   54.7   57.0  00:26   51.2  19:20   10.3    0.0   1.66    0.8   11.0  19:18    113
 25   55.1   61.0  17:05   50.5  23:51    9.9    0.0   0.05    0.9   13.0  17:39    318
 26   57.6   71.0  15:53   48.7  05:09    7.4    0.0   0.00    1.7   15.0  13:14    322
 27   64.8   81.1  15:19   50.9  07:46    0.2    0.0   0.01    0.5   10.0  11:50    291
 28   69.6   84.8  14:42   58.0  04:47    0.0    4.6   0.00    0.8   12.0  12:18    314
 29   70.8   83.9  15:15   58.0  06:53    0.0    5.8   0.00    1.5   14.0  22:41    184
 30   73.8   81.2  14:37   67.0  05:42    0.0    8.8   0.00    2.9   17.0  14:24    182
 31   60.1   73.9  00:00   52.4  23:22    4.9    0.0   0.72    2.2   20.0  12:29    325
---------------------------------------------------------------------------------------
      65.2   91.1     04   40.9     15  130.1  135.3  10.88    1.4   20.0     07    238