NOAA Style Climate Reports


Select a Year or Month report
2019: Jan Feb Mar Apr May Jun Jul Aug Sep Oct Nov Dec
2018: Jan Feb Mar Apr May Jun Jul Aug Sep Oct Nov Dec
2017: Jan Feb Mar Apr May Jun Jul Aug Sep Oct Nov Dec
2016: Jan Feb Mar Apr May Jun Jul Aug Sep Oct Nov Dec

Report for November 2018
                   MONTHLY CLIMATOLOGICAL SUMMARY for Nov 2018


NAME: Allen Weather                  
ELEV: 672 feet    LAT: 33-05.77 N    LONG: 096-41.79 W


                   TEMPERATURE (F), RAIN (in), WIND SPEED (mph)

                                         HEAT   COOL         AVG
      MEAN                               DEG    DEG          WIND                   DOM
DAY   TEMP   HIGH   TIME    LOW   TIME   DAYS   DAYS   RAIN  SPEED   HIGH   TIME    DIR
---------------------------------------------------------------------------------------
 01   54.0   60.7  16:03   48.0  23:58   11.0    0.0   0.00    3.8   23.0  09:14    326
 02   56.7   71.8  15:06   44.2  04:24    8.3    0.0   0.00    1.3   14.0  14:29    316
 03   60.9   74.1  14:57   46.9  06:16    4.1    0.0   0.16    2.5   21.0  13:52    181
 04   56.0   64.7  13:43   47.5  07:15    9.0    0.0   0.00    1.8   13.0  09:05    321
 05   63.5   78.9  14:46   50.8  00:28    1.5    0.0   0.00    1.8   14.0  06:32    192
 06   65.1   75.7  11:54   52.3  04:45    0.0    0.1   0.00    0.8   11.0  11:54    148
 07   59.6   67.1  00:00   56.1  23:14    5.4    0.0   0.53    1.5   12.0  19:40     11
 08   54.2   56.3  00:24   48.8  23:59   10.8    0.0   0.17    1.4   12.0  23:47     21
 09   47.0   53.9  14:46   41.3  22:12   18.0    0.0   0.01    2.8   19.0  10:14    338
 10   42.2   51.7  13:55   31.5  07:00   22.8    0.0   0.00    1.0    8.0  23:41    135
 11   47.9   52.4  14:48   45.0  06:52   17.1    0.0   0.05    1.6   12.0  08:39    163
 12   39.9   45.4  00:00   32.5  23:56   25.1    0.0   0.16    4.3   22.0  15:48    331
 13   33.2   39.4  14:18   29.7  08:01   31.8    0.0   0.00    4.2   20.0  05:17    330
 14   34.3   45.9  14:36   24.5  06:56   30.7    0.0   0.00    1.9   14.0  14:08    327
 15   46.7   64.6  13:53   28.1  06:54   18.3    0.0   0.00    1.0   10.0  12:59    191
 16   55.4   72.1  14:22   38.8  04:24    9.6    0.0   0.00    1.2   12.0  15:24    192
 17   57.1   69.9  14:11   42.9  06:25    7.9    0.0   0.00    1.2   12.0  12:31    179
 18   42.4   59.7  00:40   37.2  23:56   22.6    0.0   0.00    4.1   16.0  01:44    321
 19   42.3   53.6  14:10   35.2  03:49   22.7    0.0   0.00    1.3   11.0  14:20    334
 20   45.9   56.9  13:15   36.9  00:46   19.1    0.0   0.00    0.8    8.0  09:20    350
 21   46.1   59.6  14:26   33.1  06:33   18.9    0.0   0.00    0.3    8.0  10:39    156
 22   51.3   64.2  13:47   36.9  07:19   13.7    0.0   0.00    1.0   10.0  12:08    186
 23   59.7   75.1  14:04   50.0  23:51    5.3    0.0   0.00    2.7   22.0  15:00    221
 24   59.7   75.2  13:43   44.5  05:36    5.3    0.0   0.00    1.7   15.0  14:45    183
 25   52.3   61.5  00:00   38.1  23:55   12.7    0.0   0.00    6.1   30.0  15:30    313
 26   38.3   49.1  15:34   30.0  07:16   26.7    0.0   0.00    2.8   14.0  00:37    323
 27   48.3   65.1  14:11   32.5  05:38   16.7    0.0   0.00    1.0   10.0  14:00    190
 28   55.5   69.5  14:22   40.6  04:23    9.5    0.0   0.00    2.4   17.0  15:18    184
 29   63.9   76.5  14:41   51.7  06:31    1.1    0.0   0.00    2.1   17.0  11:36    183
 30   67.3   70.4  15:54   63.9  00:00    0.0    2.3   0.08    2.4   18.0  21:31    181
---------------------------------------------------------------------------------------
      51.6   78.9     05   24.5     14  405.6    2.4   1.16    2.1   30.0     25    296