NOAA Style Climate Reports


Select a Year or Month report
2019: Jan Feb Mar Apr May Jun Jul Aug Sep Oct Nov Dec
2018: Jan Feb Mar Apr May Jun Jul Aug Sep Oct Nov Dec
2017: Jan Feb Mar Apr May Jun Jul Aug Sep Oct Nov Dec
2016: Jan Feb Mar Apr May Jun Jul Aug Sep Oct Nov Dec

Report for December 2018
                   MONTHLY CLIMATOLOGICAL SUMMARY for Dec 2018


NAME: Allen Weather                  
ELEV: 672 feet    LAT: 33-05.77 N    LONG: 096-41.79 W


                   TEMPERATURE (F), RAIN (in), WIND SPEED (mph)

                                         HEAT   COOL         AVG
      MEAN                               DEG    DEG          WIND                   DOM
DAY   TEMP   HIGH   TIME    LOW   TIME   DAYS   DAYS   RAIN  SPEED   HIGH   TIME    DIR
---------------------------------------------------------------------------------------
 01   63.6   70.7  14:15   56.8  07:24    1.4    0.0   0.00    2.6   17.0  09:42    307
 02   52.2   61.5  00:00   44.3  07:41   12.8    0.0   0.00    1.9   14.0  03:04    329
 03   45.3   51.0  13:03   35.9  23:57   19.7    0.0   0.00    1.8   15.0  11:49    340
 04   37.8   45.6  15:29   29.8  07:14   27.2    0.0   0.00    1.2   11.0  15:35    335
 05   42.0   53.2  14:19   28.7  07:10   23.0    0.0   0.00    0.7    9.0  13:56    175
 06   49.0   52.9  12:13   44.9  23:45   16.0    0.0   0.16    0.7   11.0  01:59    179
 07   43.8   45.1  00:04   42.1  19:29   21.2    0.0   0.58    1.2   12.0  16:53    343
 08   39.5   42.4  00:00   36.8  22:05   25.5    0.0   0.52    2.6   14.0  18:04    337
 09   41.0   49.7  15:40   36.2  05:21   24.0    0.0   0.00    2.9   15.0  11:56    328
 10   42.7   56.0  14:16   30.1  06:54   22.3    0.0   0.00    0.4   10.0  12:47    325
 11   47.6   62.3  14:02   33.3  07:06   17.4    0.0   0.00    2.0   18.0  17:42    170
 12   55.6   63.1  14:38   47.9  06:25    9.4    0.0   0.00    2.2   18.0  23:01    173
 13   56.1   65.3  12:06   44.7  23:46    8.9    0.0   0.36    2.7   18.0  17:12    289
 14   45.0   48.7  22:02   42.5  09:38   20.0    0.0   0.06    5.7   21.0  06:57    325
 15   46.8   58.3  15:35   37.3  06:44   18.2    0.0   0.00    3.5   16.0  00:24    321
 16   49.9   66.6  14:38   36.4  02:38   15.1    0.0   0.00    0.7   12.0  14:09    174
 17   47.0   54.2  15:43   41.5  04:53   18.0    0.0   0.00    0.1    6.0  05:38    306
 18   48.4   60.8  14:38   35.5  07:16   16.6    0.0   0.00    0.1    6.0  13:03    180
 19   54.3   62.5  13:37   49.4  00:00   10.7    0.0   0.07    0.6   10.0  23:47    230
 20   51.7   58.9  14:40   45.1  07:39   13.3    0.0   0.00    6.7   29.0  15:20    318
 21   48.0   58.1  14:19   38.4  07:28   17.0    0.0   0.00    1.8   15.0  00:42    312
 22   52.1   64.4  12:48   42.0  23:59   12.9    0.0   0.00    2.0   18.0  12:51    246
 23   46.8   55.2  14:12   40.5  23:15   18.2    0.0   0.00    0.8   16.0  03:02    333
 24   49.9   60.5  13:50   34.4  06:42   15.1    0.0   0.00    1.5   15.0  10:02    167
 25   59.7   64.5  13:01   56.1  03:30    5.3    0.0   0.00    0.0    8.0  23:54    180
 26   60.7   65.9  11:48   54.5  23:53    4.3    0.0   2.26    1.9   26.0  20:40    164
 27   52.6   63.8  13:07   39.6  23:56   12.4    0.0   0.20    3.0   19.0  14:54    305
 28   39.0   44.9  14:12   32.8  07:12   26.0    0.0   0.00    1.1   14.0  09:13    334
 29   36.7   41.0  15:01   34.2  08:26   28.3    0.0   0.00    0.3   12.0  00:53    337
 30   37.4   40.5  23:59   33.8  03:33   27.6    0.0   0.04    0.0    6.0  14:31     90
 31   47.4   60.7  15:14   39.9  04:14   17.6    0.0   0.47    0.7   12.0  05:39    184
---------------------------------------------------------------------------------------
      48.1   70.7     01   28.7     05  525.3    0.0   4.72    1.7   29.0     20    313