NOAA Style Climate Reports


Select a Year or Month report
2020: Jan Feb Mar Apr May Jun Jul Aug Sep Oct Nov Dec
2019: Jan Feb Mar Apr May Jun Jul Aug Sep Oct Nov Dec
2018: Jan Feb Mar Apr May Jun Jul Aug Sep Oct Nov Dec
2017: Jan Feb Mar Apr May Jun Jul Aug Sep Oct Nov Dec
2016: Jan Feb Mar Apr May Jun Jul Aug Sep Oct Nov Dec

Report for April 2019
                   MONTHLY CLIMATOLOGICAL SUMMARY for Apr 2019


NAME: Allen Weather                  
ELEV: 672 feet    LAT: 33-05.77 N    LONG: 096-41.79 W


                   TEMPERATURE (F), RAIN (in), WIND SPEED (mph)

                                         HEAT   COOL         AVG
      MEAN                               DEG    DEG          WIND                   DOM
DAY   TEMP   HIGH   TIME    LOW   TIME   DAYS   DAYS   RAIN  SPEED   HIGH   TIME    DIR
---------------------------------------------------------------------------------------
 01   50.8   62.1  16:46   40.0  04:40   14.2    0.0   0.00    0.0    9.0  14:57    315
 02   56.8   72.3  16:19   42.2  06:45    8.2    0.0   0.00    0.0   10.0  11:15     90
 03   59.8   70.1  17:05   49.5  07:17    5.2    0.0   0.00    0.0   17.0  19:20    182
 04   67.1   79.6  15:03   60.5  23:59    0.0    2.1   0.01    0.2   17.0  02:30    183
 05   65.0   78.7  16:47   51.9  07:49    0.0    0.0   0.00    0.0    8.0  14:38     90
 06   63.0   65.7  00:00   58.8  12:02    2.0    0.0   0.23    0.4   24.0  10:29    290
 07   65.6   73.7  15:57   60.0  00:04    0.0    0.6   0.28    0.0    8.0  16:00    180
 08   70.0   83.0  17:21   59.8  06:14    0.0    5.0   0.01    0.5   14.0  15:20    316
 09   73.2   90.5  15:40   53.9  07:02    0.0    8.2   0.00    0.0   12.0  16:34    177
 10   77.4   90.6  16:33   65.3  06:36    0.0   12.4   0.00    0.5   24.0  16:55    174
 11   64.0   74.8  00:00   51.2  23:59    1.0    0.0   0.00    0.1   24.0  01:03    303
 12   58.1   69.7  15:24   45.5  07:18    6.9    0.0   0.00    0.0    9.0  15:19     90
 13   53.8   61.4  00:00   41.7  23:38   11.2    0.0   1.78    2.9   24.0  22:34    330
 14   54.5   68.7  16:41   41.7  00:00   10.5    0.0   0.05    2.1   24.0  00:21    315
 15   65.8   80.0  15:10   51.5  06:00    0.0    0.8   0.00    0.1   22.0  14:41    173
 16   69.4   77.0  13:54   62.4  03:40    0.0    4.4   0.00    0.6   17.0  02:51    176
 17   70.9   80.2  17:47   67.1  05:25    0.0    5.9   0.09    1.1   16.0  19:06    177
 18   62.8   71.6  16:14   54.5  23:58    2.2    0.0   0.88    2.3   25.0  16:15    319
 19   58.1   67.4  17:24   51.1  07:08    6.9    0.0   0.00    2.6   21.0  09:59    317
 20   64.6   81.9  16:24   46.0  07:04    0.4    0.0   0.00    0.0    7.0  19:00     90
 21   71.6   83.8  15:57   59.0  07:07    0.0    6.6   0.00    0.2   19.0  14:11    173
 22   71.6   80.6  14:55   64.4  07:01    0.0    6.6   0.00    0.5   15.0  03:40    181
 23   70.0   77.0  12:55   61.8  22:59    0.0    5.0   1.70    0.1   12.0  20:05    170
 24   63.1   68.8  14:20   60.5  06:28    1.9    0.0   1.10    0.4   12.0  06:31    177
 25   69.6   81.4  17:00   58.8  07:21    0.0    4.6   0.01    0.2   13.0  15:56    314
 26   69.0   79.9  15:44   58.9  06:47    0.0    4.0   0.00    0.0    8.0  00:27     90
 27   72.8   86.1  16:45   59.9  02:58    0.0    7.8   0.00    0.0   17.0  10:30    180
 28   73.6   83.2  14:35   66.1  08:57    0.0    8.6   0.01    0.1   15.0  18:20    179
 29   74.3   82.3  17:19   67.6  05:03    0.0    9.3   0.00    0.5   19.0  04:10    179
 30   75.5   80.5  16:37   71.8  05:30    0.0   10.5   0.04    1.1   18.0  20:05    177
---------------------------------------------------------------------------------------
      66.1   90.6     10   40.0     01   70.7  102.3   6.19    0.6   25.0     18    290