NOAA Style Climate Reports


Select a Year or Month report
2020: Jan Feb Mar Apr May Jun Jul Aug Sep Oct Nov Dec
2019: Jan Feb Mar Apr May Jun Jul Aug Sep Oct Nov Dec
2018: Jan Feb Mar Apr May Jun Jul Aug Sep Oct Nov Dec
2017: Jan Feb Mar Apr May Jun Jul Aug Sep Oct Nov Dec
2016: Jan Feb Mar Apr May Jun Jul Aug Sep Oct Nov Dec

Report for June 2019
                   MONTHLY CLIMATOLOGICAL SUMMARY for Jun 2019


NAME: Allen Weather                  
ELEV: 672 feet    LAT: 33-05.77 N    LONG: 096-41.79 W


                   TEMPERATURE (F), RAIN (in), WIND SPEED (mph)

                                         HEAT   COOL         AVG
      MEAN                               DEG    DEG          WIND                   DOM
DAY   TEMP   HIGH   TIME    LOW   TIME   DAYS   DAYS   RAIN  SPEED   HIGH   TIME    DIR
---------------------------------------------------------------------------------------
 01   77.7   91.8  15:49   66.7  06:07    0.0   12.7   0.73    0.8   16.0  19:52    237
 02   76.7   87.7  17:32   68.7  03:30    0.0   11.7   0.04    1.0   10.0  08:56    201
 03   81.3   93.4  15:08   74.0  23:56    0.0   16.3   0.04    1.2   13.0  15:01    180
 04   80.0   88.9  11:55   71.9  05:59    0.0   15.0   0.00    1.1   12.0  11:36    184
 05   76.9   83.0  16:50   73.0  22:56    0.0   11.9   0.02    1.2   12.0  11:42    170
 06   78.6   90.7  17:15   71.1  07:33    0.0   13.6   0.01    1.6   14.0  19:43    311
 07   77.1   86.2  17:54   68.4  06:48    0.0   12.1   0.00    2.2   13.0  18:47    324
 08   81.2   92.1  15:52   70.6  06:44    0.0   16.2   0.00    0.8    8.0  12:27      5
 09   79.6   90.7  11:59   68.0  13:44    0.0   14.6   0.64    1.4   28.0  13:34    161
 10   74.4   81.5  15:39   67.0  06:51    0.0    9.4   0.00    2.5   15.0  02:31    333
 11   72.5   80.6  17:45   65.6  07:03    0.0    7.5   0.00    0.8    9.0  09:39    166
 12   74.5   86.9  16:30   63.2  04:42    0.0    9.5   0.00    2.1   17.0  14:10    325
 13   76.5   88.1  16:28   63.5  06:16    0.0   11.5   0.00    0.8   13.0  15:01     45
 14   80.1   91.3  15:31   68.4  05:38    0.0   15.1   0.00    2.5   18.0  17:55    182
 15   84.6   95.7  17:05   75.3  06:05    0.0   19.6   0.00    3.8   22.0  14:38    180
 16   71.3   84.2  00:00   66.1  04:56    0.0    6.3   3.26    1.9   23.0  16:31    184
 17   75.3   87.7  17:50   65.2  04:52    0.0   10.3   0.01    0.9    9.0  15:17    304
 18   82.5   94.2  17:34   69.5  06:00    0.0   17.5   0.00    1.0   10.0  08:46    184
 19   82.0   95.2  17:00   70.3  05:59    0.0   17.0   0.27    1.9   16.0  21:55    199
 20   85.0   97.2  17:14   72.5  06:30    0.0   20.0   0.01    2.1   16.0  15:32    182
 21   87.6   96.3  16:54   80.5  07:15    0.0   22.6   0.00    3.9   24.0  19:16    181
 22   84.4   92.8  12:40   73.2  15:34    0.0   19.4   0.19    3.1   21.0  00:00    180
 23   83.8   94.8  15:45   68.1  21:49    0.0   18.8   0.56    3.4   22.0  10:34    187
 24   75.2   85.5  15:40   67.5  04:07    0.0   10.2   0.00    1.3   10.0  15:39    166
 25   81.7   93.3  16:10   73.5  03:59    0.0   16.7   0.00    2.0   17.0  21:17    175
 26   81.7   92.4  16:11   72.0  05:33    0.0   16.7   0.00    1.9   21.0  20:39    180
 27   82.0   92.7  16:52   72.4  04:34    0.0   17.0   0.00    1.5   12.0  19:23    178
 28   85.0   96.9  16:34   74.1  06:17    0.0   20.0   0.00    1.3   10.0  16:50    190
 29   82.9   97.4  16:51   73.5  19:48    0.0   17.9   0.06    1.0   19.0  18:39    291
 30   79.4   89.2  16:49   70.8  06:13    0.0   14.4   0.00    0.8   11.0  17:10    152
---------------------------------------------------------------------------------------
      79.7   97.4     29   63.2     12    0.0  441.2   5.84    1.7   28.0     09    193