NOAA Style Climate Reports


Select a Year or Month report
2020: Jan Feb Mar Apr May Jun Jul Aug Sep Oct Nov Dec
2019: Jan Feb Mar Apr May Jun Jul Aug Sep Oct Nov Dec
2018: Jan Feb Mar Apr May Jun Jul Aug Sep Oct Nov Dec
2017: Jan Feb Mar Apr May Jun Jul Aug Sep Oct Nov Dec
2016: Jan Feb Mar Apr May Jun Jul Aug Sep Oct Nov Dec

Report for September 2019
                   MONTHLY CLIMATOLOGICAL SUMMARY for Sep 2019


NAME: Allen Weather                  
ELEV: 672 feet    LAT: 33-05.77 N    LONG: 096-41.79 W


                   TEMPERATURE (F), RAIN (in), WIND SPEED (mph)

                                         HEAT   COOL         AVG
      MEAN                               DEG    DEG          WIND                   DOM
DAY   TEMP   HIGH   TIME    LOW   TIME   DAYS   DAYS   RAIN  SPEED   HIGH   TIME    DIR
---------------------------------------------------------------------------------------
 01   82.7   94.9  16:30   72.2  05:05    0.0   17.7   0.00    0.5    6.0  11:49    147
 02   84.6   95.9  16:32   73.6  07:15    0.0   19.6   0.00    0.6    9.0  18:11    142
 03   85.6   97.2  15:05   74.2  06:40    0.0   20.6   0.00    0.7    9.0  15:05    154
 04   86.1   97.5  14:47   73.9  07:14    0.0   21.1   0.00    0.6    8.0  14:20    135
 05   85.7   97.7  17:08   74.7  07:28    0.0   20.7   0.00    0.6    9.0  11:36    278
 06   87.0  101.3  15:19   73.6  06:39    0.0   22.0   0.00    0.6    9.0  11:57    190
 07   88.3  102.5  16:05   75.3  07:15    0.0   23.3   0.00    1.0   11.0  14:53    186
 08   86.8  100.6  15:17   73.9  06:42    0.0   21.8   0.00    1.3   15.0  16:39    177
 09   84.7   95.3  16:22   74.1  07:25    0.0   19.7   0.00    1.9   16.0  23:11    178
 10   84.7   95.8  15:28   74.6  06:28    0.0   19.7   0.00    2.3   15.0  13:26    179
 11   83.5   95.9  14:48   73.2  07:05    0.0   18.5   0.00    2.0   14.0  02:05    178
 12   84.3   95.9  16:11   74.7  06:01    0.0   19.3   0.00    1.5   14.0  17:05    177
 13   84.9   94.0  14:59   77.5  07:25    0.0   19.9   0.00    0.8   10.0  10:58    243
 14   85.6   98.7  15:19   73.8  06:02    0.0   20.6   0.00    0.6   10.0  15:22    130
 15   86.4   97.7  16:27   75.9  06:58    0.0   21.4   0.00    0.6   10.0  18:09    138
 16   86.2   96.8  14:40   77.2  07:11    0.0   21.2   0.00    0.7   10.0  17:15    142
 17   84.5   95.2  15:31   74.6  07:29    0.0   19.5   0.00    1.0   11.0  15:38    158
 18   83.0   93.7  15:55   75.1  06:47    0.0   18.0   0.00    0.9   10.0  18:57    131
 19   77.3   83.2  14:52   74.6  06:06    0.0   12.3   0.00    1.0   10.0  15:07    131
 20   82.5   96.3  15:19   74.8  00:35    0.0   17.5   0.00    2.5   18.0  22:29    177
 21   83.3   93.2  15:08   76.7  07:44    0.0   18.3   0.00    2.8   17.0  02:02    179
 22   84.2   94.7  16:03   75.7  07:24    0.0   19.2   0.00    2.4   15.0  01:15    182
 23   84.5   96.0  15:33   78.1  07:04    0.0   19.5   0.00    1.4   10.0  01:15    180
 24   85.0   95.0  15:33   76.6  06:17    0.0   20.0   0.00    1.6   12.0  15:16    183
 25   86.2   97.9  15:04   77.6  07:47    0.0   21.2   0.00    2.0   12.0  01:25    182
 26   84.8   95.9  15:26   76.1  09:07    0.0   19.8   0.00    1.5   11.0  00:37    173
 27   84.1   95.9  15:15   75.0  07:30    0.0   19.1   0.00    2.5   15.0  22:22    182
 28   84.9   95.3  15:25   77.9  03:44    0.0   19.9   0.00    2.6   14.0  05:15    181
 29   84.3   94.3  15:59   77.4  05:52    0.0   19.3   0.00    2.6   14.0  08:26    178
 30   82.7   91.8  16:07   74.4  05:21    0.0   17.7   0.00    1.9   12.0  10:28    174
---------------------------------------------------------------------------------------
      84.6  102.5     07   72.2     01    0.0  588.7   0.00    1.4   18.0     20    175