NOAA Style Climate Reports


Select a Year or Month report
2020: Jan Feb Mar Apr May Jun Jul Aug Sep Oct Nov Dec
2019: Jan Feb Mar Apr May Jun Jul Aug Sep Oct Nov Dec
2018: Jan Feb Mar Apr May Jun Jul Aug Sep Oct Nov Dec
2017: Jan Feb Mar Apr May Jun Jul Aug Sep Oct Nov Dec
2016: Jan Feb Mar Apr May Jun Jul Aug Sep Oct Nov Dec

Report for October 2019
                   MONTHLY CLIMATOLOGICAL SUMMARY for Oct 2019


NAME: Allen Weather                  
ELEV: 672 feet    LAT: 33-05.77 N    LONG: 096-41.79 W


                   TEMPERATURE (F), RAIN (in), WIND SPEED (mph)

                                         HEAT   COOL         AVG
      MEAN                               DEG    DEG          WIND                   DOM
DAY   TEMP   HIGH   TIME    LOW   TIME   DAYS   DAYS   RAIN  SPEED   HIGH   TIME    DIR
---------------------------------------------------------------------------------------
 01   84.2   94.4  14:37   76.6  07:23    0.0   19.2   0.00    2.4   16.0  06:17    180
 02   84.8   96.0  15:51   74.7  07:32    0.0   19.8   0.00    1.8   13.0  15:35    184
 03   84.1   95.7  16:01   73.2  07:29    0.0   19.1   0.00    0.8   11.0  15:21    179
 04   79.3   89.3  14:30   70.3  08:39    0.0   14.3   0.00    0.8    8.0  00:00     95
 05   81.4   94.8  16:00   69.8  07:26    0.0   16.4   0.00    0.9    9.0  09:17    165
 06   81.4   97.4  15:07   64.3  23:59    0.0   16.4   0.00    1.6   15.0  22:13    223
 07   67.8   78.5  16:00   58.5  07:44    0.0    2.8   0.00    2.0   14.0  00:15    343
 08   67.5   80.1  16:11   54.6  07:17    0.0    2.5   0.00    0.7    9.0  13:16    149
 09   73.6   86.7  15:38   61.6  03:09    0.0    8.6   0.00    2.0   16.0  17:50    179
 10   78.8   91.3  15:34   59.2  23:40    0.0   13.8   0.33    3.2   23.0  20:38    190
 11   52.3   62.0  16:17   42.4  07:46   12.7    0.0   0.17    4.7   22.0  13:56    330
 12   52.5   66.9  14:58   37.1  07:44   12.5    0.0   0.00    0.6    6.0  10:37    132
 13   64.8   78.6  15:52   51.3  00:56    0.2    0.0   0.00    1.1   10.0  09:55    188
 14   66.9   76.3  15:21   59.1  05:57    0.0    1.9   0.03    1.3   10.0  12:53    173
 15   75.5   86.2  16:13   65.7  23:57    0.0   10.5   0.03    1.7   15.0  23:54    212
 16   60.3   66.7  16:27   53.5  08:44    4.7    0.0   0.00    1.9   16.0  02:03    335
 17   58.8   74.4  15:35   47.0  07:42    6.2    0.0   0.00    0.6    8.0  12:50    179
 18   62.7   76.8  15:31   49.6  08:00    2.3    0.0   0.00    1.2   11.0  13:24    177
 19   70.2   84.3  14:57   60.7  01:47    0.0    5.2   0.00    1.8   11.0  04:07    284
 20   71.6   88.1  15:48   55.6  08:07    0.0    6.6   1.07    1.8   19.0  21:17    183
 21   63.2   73.9  00:24   51.8  23:58    1.8    0.0   0.83    2.6   25.0  00:26    321
 22   59.2   74.0  15:40   46.0  08:09    5.8    0.0   0.00    0.5    9.0  15:47    323
 23   66.5   81.1  15:32   54.3  00:23    0.0    1.5   0.00    2.6   19.0  11:24    181
 24   62.1   72.9  13:57   53.6  23:55    2.9    0.0   0.75    2.1   13.0  00:17    202
 25   49.1   53.6  00:00   45.9  06:15   15.9    0.0   0.30    4.5   18.0  08:30    317
 26   54.9   66.5  15:41   47.6  07:30   10.1    0.0   0.01    3.3   19.0  07:52    317
 27   60.6   76.9  15:36   48.3  07:40    4.4    0.0   0.01    1.4   15.0  14:45    183
 28   57.1   65.8  15:56   49.8  23:36    7.9    0.0   0.02    1.5   12.0  17:12    291
 29   45.8   49.9  00:00   43.4  08:31   19.2    0.0   0.52    2.0   11.0  01:54    334
 30   42.2   44.2  02:43   37.8  23:59   22.8    0.0   0.22    5.0   20.0  17:10    321
 31   38.2   49.2  15:33   29.8  07:48   26.8    0.0   0.00    3.0   19.0  00:50    321
---------------------------------------------------------------------------------------
      65.1   97.4     06   29.8     31  156.3  158.6   4.29    2.0   25.0     21    277