NOAA Style Climate Reports


Select a Year or Month report
2020: Jan Feb Mar Apr May Jun Jul Aug Sep Oct Nov Dec
2019: Jan Feb Mar Apr May Jun Jul Aug Sep Oct Nov Dec
2018: Jan Feb Mar Apr May Jun Jul Aug Sep Oct Nov Dec
2017: Jan Feb Mar Apr May Jun Jul Aug Sep Oct Nov Dec
2016: Jan Feb Mar Apr May Jun Jul Aug Sep Oct Nov Dec

Report for February 2020
                   MONTHLY CLIMATOLOGICAL SUMMARY for Feb 2020


NAME: Allen Weather                  
ELEV: 672 feet    LAT: 33-05.77 N    LONG: 096-41.79 W


                   TEMPERATURE (F), RAIN (in), WIND SPEED (mph)

                                         HEAT   COOL         AVG
      MEAN                               DEG    DEG          WIND                   DOM
DAY   TEMP   HIGH   TIME    LOW   TIME   DAYS   DAYS   RAIN  SPEED   HIGH   TIME    DIR
---------------------------------------------------------------------------------------
 01   48.0   63.9  14:34   32.7  07:37   17.0    0.0   0.00    0.9   12.0  09:49    316
 02   62.1   79.6  14:20   44.1  07:32    2.9    0.0   0.00    1.8   16.0  20:45    182
 03   62.2   73.1  12:07   53.7  07:30    2.8    0.0   0.05    3.0   18.0  11:33    171
 04   50.1   64.8  00:00   38.0  22:42   14.9    0.0   0.08    3.9   19.0  09:21    322
 05   35.2   38.1  00:00   32.1  21:08   29.8    0.0   0.15    4.6   19.0  01:56    325
 06   35.2   44.6  15:59   27.9  06:54   29.8    0.0   0.00    3.8   17.0  11:30    317
 07   44.7   57.2  15:03   32.6  03:22   20.3    0.0   0.00    1.4   12.0  12:47    320
 08   53.6   65.7  15:09   36.7  07:37   11.4    0.0   0.00    2.0   14.0  22:28    166
 09   61.7   65.8  22:46   54.2  23:59    3.3    0.0   0.08    2.9   18.0  23:02    173
 10   44.7   54.3  00:00   39.7  21:54   20.3    0.0   0.24    3.7   19.0  16:43    328
 11   42.2   44.2  14:15   40.5  00:05   22.8    0.0   0.22    1.9   14.0  05:23    335
 12   43.6   46.3  14:15   41.1  07:47   21.4    0.0   1.24    2.2   14.0  16:28    321
 13   39.0   42.8  15:55   31.0  23:57   26.0    0.0   0.00    2.3   15.0  07:03    333
 14   38.5   51.2  14:56   26.7  07:10   26.5    0.0   0.00    1.2   10.0  15:58    157
 15   50.1   63.9  15:10   37.0  06:05   14.9    0.0   0.00    2.7   17.0  17:26    173
 16   61.9   76.4  15:18   47.4  06:21    3.1    0.0   0.00    2.0   13.0  15:13    172
 17   67.2   77.1  13:00   59.9  03:55    0.0    2.2   0.00    2.8   16.0  02:43    174
 18   54.4   63.0  00:00   47.3  23:55   10.6    0.0   0.10    1.9   17.0  10:06    337
 19   45.0   50.0  14:07   41.1  06:46   20.0    0.0   0.54    1.2    9.0  01:22     16
 20   43.4   53.3  13:37   36.2  23:57   21.6    0.0   0.15    2.5   19.0  16:42    330
 21   38.9   49.9  15:20   29.3  07:24   26.1    0.0   0.00    1.3   10.0  01:25    331
 22
 23
 24
 25
 26
 27
 28
 29
---------------------------------------------------------------------------------------
      48.7   79.6     02   26.7     14  345.5    2.2   2.85    2.4   19.0     04    298