NOAA Style Climate Reports


Report for February 2019
                   MONTHLY CLIMATOLOGICAL SUMMARY for Feb 2019


NAME: Allen Weather                  
ELEV: 672 feet    LAT: 33-05.77 N    LONG: 096-41.79 W


                   TEMPERATURE (F), RAIN (in), WIND SPEED (mph)

                                         HEAT   COOL         AVG
      MEAN                               DEG    DEG          WIND                   DOM
DAY   TEMP   HIGH   TIME    LOW   TIME   DAYS   DAYS   RAIN  SPEED   HIGH   TIME    DIR
---------------------------------------------------------------------------------------
 01   55.4   62.0  13:39   51.8  22:20    9.6    0.0   0.00    0.2   14.0  09:41    172
 02   57.5   64.5  14:02   51.5  03:28    7.5    0.0   0.00    0.4   11.0  12:03    166
 03   63.8   70.4  14:41   58.3  00:00    1.2    0.0   0.00    0.9   14.0  16:18    170
 04   69.8   80.7  15:07   61.3  07:53    0.0    4.8   0.00    0.5   11.0  08:51    189
 05   69.9   77.6  14:10   63.7  05:05    0.0    4.9   0.00    0.5   18.0  11:05    176
 06   71.3   76.1  15:52   67.7  07:34    0.0    6.3   0.00    0.7   19.0  23:58    169
 07   43.1   71.2  01:35   28.1  23:59   21.9    0.0   0.51    2.1   29.0  04:41    310
 08   29.9   36.5  16:47   21.8  07:24   35.1    0.0   0.00    0.0   12.0  07:14     90
 09   34.7   38.2  11:47   32.8  00:54   30.3    0.0   0.14    0.0    7.0  23:00    166
 10   39.6   43.6  23:46   34.7  00:25   25.4    0.0   0.17    1.3   13.0  01:57    174
 11   51.9   59.1  13:52   43.5  00:00   13.1    0.0   0.30    1.2   10.0  13:20    187
 12   47.9   55.8  16:02   38.6  23:58   17.1    0.0   0.00    1.1   25.0  03:48    319
 13   49.9   63.3  12:44   33.7  07:18   15.1    0.0   0.00    0.2   16.0  18:24    166
 14   61.9   77.0  15:35   51.1  07:21    3.1    0.0   0.00    0.5   18.0  00:00    174
 15   55.0   70.3  12:27   34.8  23:54   10.0    0.0   0.00    0.2   15.0  18:21    327
 16   36.4   42.3  23:50   31.9  08:26   28.6    0.0   0.01    0.1    9.0  01:04    199
 17   43.8   51.5  15:41   38.4  08:29   21.2    0.0   0.01    0.9   16.0  07:31    334
 18   37.4   42.3  00:00   30.6  08:13   27.6    0.0   0.00    0.0   10.0  10:49     90
 19   37.1   38.4  05:16   35.0  08:33   27.9    0.0   0.44    0.0    5.0  21:48    329
 20   45.3   57.7  15:24   36.5  06:11   19.7    0.0   0.00    1.1   15.0  03:14    315
 21   45.6   49.9  14:09   40.0  01:55   19.4    0.0   0.08    0.0   10.0  12:05     90
 22   47.0   48.9  23:30   45.5  05:54   18.0    0.0   0.07    0.5   11.0  01:33    110
 23   56.5   68.6  15:35   45.8  23:59    8.5    0.0   0.04    1.5   29.0  19:01    317
 24   46.6   58.6  14:33   36.8  07:21   18.4    0.0   0.00    0.0   13.0  00:00    315
 25   50.3   64.3  15:04   36.8  01:54   14.7    0.0   0.00    0.1   14.0  11:35    168
 26   54.5   60.9  14:29   47.4  01:26   10.5    0.0   0.00    0.0    9.0  15:45    180
 27   49.6   61.4  13:32   30.7  23:53   15.4    0.0   0.03    2.1   18.0  18:03    325
 28   31.6   35.9  13:29   29.1  03:34   33.4    0.0   0.00    2.0   14.0  00:50    325
---------------------------------------------------------------------------------------
      49.4   80.7     04   21.8     08  452.6   16.0   1.80    0.7   29.0     07    283