NOAA Style Climate Reports


Report for March 2019
                   MONTHLY CLIMATOLOGICAL SUMMARY for Mar 2019


NAME: Allen Weather                  
ELEV: 672 feet    LAT: 33-05.77 N    LONG: 096-41.79 W


                   TEMPERATURE (F), RAIN (in), WIND SPEED (mph)

                                         HEAT   COOL         AVG
      MEAN                               DEG    DEG          WIND                   DOM
DAY   TEMP   HIGH   TIME    LOW   TIME   DAYS   DAYS   RAIN  SPEED   HIGH   TIME    DIR
---------------------------------------------------------------------------------------
 01   36.3   41.3  17:12   30.8  00:00   28.7    0.0   0.00    0.0    4.0  14:35     90
 02   40.3   42.9  15:58   36.7  06:06   24.7    0.0   0.06    0.4   10.0  17:05    352
 03   33.8   40.8  00:00   25.4  23:54   31.2    0.0   0.03    2.1   19.0  07:59    332
 04   25.6   32.0  17:00   20.7  04:50   39.4    0.0   0.00    0.1   15.0  04:51    330
 05   32.0   44.4  15:11   20.8  07:11   33.0    0.0   0.00    0.1   13.0  09:15    317
 06   41.4   55.0  14:12   25.5  06:37   23.6    0.0   0.00    0.0   12.0  14:11    168
 07   58.1   69.5  16:22   43.8  00:47    6.9    0.0   0.00    0.6   18.0  11:40    168
 08   69.3   79.4  15:08   60.9  07:02    0.0    4.3   0.00    0.3   20.0  23:35    175
 09   68.1   77.1  14:53   54.1  23:46    0.0    3.1   0.58    1.8   27.0  11:02    311
 10   53.1   59.2  00:56   49.5  08:28   11.9    0.0   0.00    0.0    6.0  06:42     90
 11   55.0   59.6  19:06   50.2  05:53   10.0    0.0   0.08    0.2   12.0  07:23     68
 12   59.7   67.0  22:52   55.3  08:31    5.3    0.0   0.07    2.5   29.0  22:05    163
 13   63.6   71.8  16:58   54.0  09:35    1.4    0.0   0.78    2.8   28.0  05:17    169
 14   58.2   66.3  02:17   49.4  23:57    6.8    0.0   0.00    1.7   21.0  04:14    316
 15   50.0   59.0  16:24   41.0  08:03   15.0    0.0   0.00    0.3   23.0  12:55    329
 16   49.3   60.1  16:19   38.0  07:20   15.7    0.0   0.00    0.0    3.0  11:08     90
 17   53.0   67.7  16:02   37.9  07:22   12.0    0.0   0.00    0.0    2.0  11:46     90
 18   57.0   72.4  15:29   41.1  07:19    8.0    0.0   0.00    0.0    9.0  16:44     90
 19   59.2   71.3  14:41   45.5  07:22    5.8    0.0   0.00    0.0   14.0  13:00    158
 20   56.6   65.5  17:05   48.3  04:43    8.4    0.0   0.00    0.0   13.0  18:19    329
 21   59.9   75.8  15:56   44.6  05:32    5.1    0.0   0.00    0.0   12.0  14:34    322
 22   62.6   76.3  16:27   47.9  04:42    2.4    0.0   0.00    0.0    6.0  11:00     90
 23   64.2   68.8  16:31   59.3  07:19    0.8    0.0   0.05    0.1   14.0  14:08    174
 24   70.1   84.3  15:23   61.4  07:23    0.0    5.1   0.09    0.3   21.0  18:54    175
 25   62.8   70.5  16:59   53.6  07:46    2.2    0.0   0.01    0.2   16.0  12:58    333
 26   59.4   69.8  16:03   49.3  07:37    5.6    0.0   0.00    0.0    3.0  12:49     90
 27   62.9   74.9  16:43   50.5  06:54    2.1    0.0   0.00    0.1   14.0  17:21    171
 28   66.6   77.7  16:16   57.0  07:33    0.0    1.6   0.00    0.2   15.0  15:51    176
 29   67.7   73.7  15:48   62.0  05:10    0.0    2.7   0.00    0.3   17.0  18:30    175
 30   54.4   69.5  00:03   45.9  23:57   10.6    0.0   0.04    1.9   23.0  10:19    317
 31   46.5   55.6  15:33   38.4  06:57   18.5    0.0   0.00    0.0   10.0  14:57    315
---------------------------------------------------------------------------------------
      54.7   84.3     24   20.7     04  334.8   16.7   1.79    0.5   29.0     12    263