NOAA Style Climate Reports


Report for July 2019
                   MONTHLY CLIMATOLOGICAL SUMMARY for Jul 2019


NAME: Allen Weather                  
ELEV: 672 feet    LAT: 33-05.77 N    LONG: 096-41.79 W


                   TEMPERATURE (F), RAIN (in), WIND SPEED (mph)

                                         HEAT   COOL         AVG
      MEAN                               DEG    DEG          WIND                   DOM
DAY   TEMP   HIGH   TIME    LOW   TIME   DAYS   DAYS   RAIN  SPEED   HIGH   TIME    DIR
---------------------------------------------------------------------------------------
 01   80.8   92.3  15:55   73.4  06:21    0.0   15.8   1.17    1.2   13.0  19:31    178
 02   83.4   93.5  17:14   75.5  00:56    0.0   18.4   0.00    2.0   14.0  21:34    183
 03   81.7   92.9  17:28   73.9  05:50    0.0   16.7   0.00    2.0   18.0  19:15    181
 04   84.9   94.2  15:55   77.6  02:43    0.0   19.9   0.00    2.6   15.0  16:33    182
 05   86.0   94.6  16:19   78.5  06:09    0.0   21.0   0.00    2.3   13.0  00:21    180
 06   83.6   95.8  15:36   77.4  23:59    0.0   18.6   0.01    1.1   18.0  17:40    203
 07   85.8   98.7  17:05   75.7  06:32    0.0   20.8   0.01    1.2   12.0  10:53    230
 08   84.9   96.1  16:28   77.8  23:28    0.0   19.9   0.14    0.9   15.0  16:21    194
 09   86.9   98.2  16:29   76.9  02:44    0.0   21.9   0.00    1.8   12.0  16:19    178
 10   87.0   99.3  17:03   79.6  18:24    0.0   22.0   0.00    1.2   16.0  18:01    182
 11   85.1   95.7  17:01   75.7  06:35    0.0   20.1   0.00    1.4   12.0  13:45    338
 12   83.1   92.2  16:03   73.5  06:30    0.0   18.1   0.00    0.9   11.0  17:05     12
 13   83.7   91.8  17:25   75.0  06:46    0.0   18.7   0.01    1.3   13.0  12:43    336
 14   79.4   85.0  14:35   74.4  06:27    0.0   14.4   0.00    1.5   15.0  15:00    336
 15   82.6   95.0  17:00   71.0  04:51    0.0   17.6   0.00    1.5   11.0  11:25    312
 16   89.2   99.8  16:12   80.5  06:34    0.0   24.2   0.00    2.0   13.0  17:02    184
 17   88.2   97.5  15:12   79.1  07:27    0.0   23.2   0.00    2.6   15.0  12:58    182
 18   87.7   97.6  17:12   78.6  06:48    0.0   22.7   0.00    2.8   15.0  15:06    181
 19   87.8   97.8  16:19   79.0  06:57    0.0   22.8   0.00    2.6   16.0  16:51    182
 20   87.9   98.3  16:47   78.7  07:10    0.0   22.9   0.00    2.5   16.0  15:06    182
 21   88.0   99.6  17:03   77.8  07:00    0.0   23.0   0.00    1.6   12.0  12:56    184
 22   84.5   92.0  13:45   78.2  05:35    0.0   19.5   0.00    1.9   15.0  14:27    326
 23   80.7   89.2  16:09   71.7  07:00    0.0   15.7   0.00    1.5   15.0  16:41    340
 24   79.7   89.5  16:16   69.9  06:31    0.0   14.7   0.00    0.9    9.0  10:55    138
 25   78.8   89.6  16:45   66.2  06:49    0.0   13.8   0.00    0.8   12.0  10:29    160
 26   79.4   89.7  15:25   68.4  06:05    0.0   14.4   0.00    0.8   11.0  12:27    172
 27   83.3   95.5  15:30   71.0  04:57    0.0   18.3   0.00    0.9   12.0  11:35    173
 28   86.1   97.5  16:44   75.7  06:42    0.0   21.1   0.00    1.7   12.0  15:22    177
 29   84.8   93.7  15:56   78.6  06:19    0.0   19.8   0.00    1.4   11.0  08:59    185
 30   87.9   99.8  14:56   76.1  06:21    0.0   22.9   0.00    0.9   10.0  10:55    328
 31   87.4   99.1  16:09   75.7  06:44    0.0   22.4   0.00    1.0   10.0  12:10    166
---------------------------------------------------------------------------------------
      84.5   99.8     16   66.2     25    0.0  605.3   1.34    1.6   18.0     03    189