NOAA Style Climate Reports


Report for August 2019
                   MONTHLY CLIMATOLOGICAL SUMMARY for Aug 2019


NAME: Allen Weather                  
ELEV: 672 feet    LAT: 33-05.77 N    LONG: 096-41.79 W


                   TEMPERATURE (F), RAIN (in), WIND SPEED (mph)

                                         HEAT   COOL         AVG
      MEAN                               DEG    DEG          WIND                   DOM
DAY   TEMP   HIGH   TIME    LOW   TIME   DAYS   DAYS   RAIN  SPEED   HIGH   TIME    DIR
---------------------------------------------------------------------------------------
 01   86.4   96.9  14:03   77.3  04:46    0.0   21.4   0.00    0.9   10.0  15:08    175
 02   86.4   96.5  17:08   77.7  07:04    0.0   21.4   0.00    0.9    8.0  14:20    163
 03   81.7   89.0  16:27   76.0  08:31    0.0   16.7   0.51    0.7    8.0  01:18    164
 04   83.2   93.7  16:03   76.6  07:32    0.0   18.2   0.00    0.6    7.0  07:13    205
 05   86.0   96.8  17:14   76.2  06:50    0.0   21.0   0.00    0.6    8.0  13:19    131
 06   88.0  100.3  15:14   79.2  06:58    0.0   23.0   0.12    0.7    9.0  11:19    237
 07   90.4  101.7  15:22   80.2  06:52    0.0   25.4   0.00    1.4   14.0  17:13    193
 08   88.2   96.3  17:35   80.7  07:25    0.0   23.2   0.00    1.6   12.0  15:25    181
 09   90.0  102.2  16:30   80.8  06:51    0.0   25.0   0.00    1.8   11.0  14:59    182
 10   90.4  101.7  17:03   80.3  07:59    0.0   25.4   0.00    1.7   12.0  13:10    184
 11   90.1  101.6  15:40   79.7  07:01    0.0   25.1   0.00    1.6   12.0  13:46    178
 12   91.0  102.7  16:40   81.2  06:47    0.0   26.0   0.00    1.5   11.0  13:43    181
 13   91.0  102.4  16:17   81.2  06:53    0.0   26.0   0.00    1.0    9.0  10:46    181
 14   85.3   95.8  16:54   74.1  07:38    0.0   20.3   0.11    1.2   13.0  03:10    343
 15   87.7   98.9  17:07   76.6  06:29    0.0   22.7   0.00    0.8    8.0  12:24    164
 16   89.6  101.1  16:05   78.7  05:33    0.0   24.6   0.00    1.6   14.0  23:56    179
 17   89.6  100.9  15:57   80.3  06:51    0.0   24.6   0.00    2.2   15.0  05:24    181
 18   89.4  100.6  17:01   80.1  07:29    0.0   24.4   0.00    2.2   18.0  00:13    179
 19   90.2  101.4  16:50   80.6  07:07    0.0   25.2   0.00    1.6   12.0  08:24    181
 20   91.0  102.1  15:49   79.6  07:05    0.0   26.0   0.00    1.0   10.0  15:51    181
 21   89.8  100.3  16:49   79.2  06:59    0.0   24.8   0.00    1.4   11.0  18:26    180
 22   89.3   99.7  15:59   80.2  07:25    0.0   24.3   0.00    1.6   10.0  10:20    185
 23   85.6   91.3  16:56   79.6  07:00    0.0   20.6   0.01    1.4   12.0  13:44    200
 24   82.2   93.0  14:23   77.0  06:55    0.0   17.2   0.21    1.0   10.0  15:47    166
 25   85.8   97.6  16:54   74.9  05:58    0.0   20.8   0.00    0.9    9.0  17:59    159
 26   90.5  102.2  16:34   79.7  07:11    0.0   25.5   0.00    2.6   19.0  12:06    180
 27   79.8   89.2  00:00   71.1  07:37    0.0   14.8   0.33    1.5   18.0  06:32    231
 28   83.6   94.3  15:11   74.4  06:14    0.0   18.6   0.00    0.6    8.0  16:38     98
 29   87.0   98.0  16:39   76.8  07:09    0.0   22.0   0.00    1.1   12.0  19:02    169
 30   79.1   93.0  12:27   71.3  15:05    0.0   14.1   0.13    1.4   28.0  13:48    218
 31   76.7   85.6  15:04   72.1  04:51    0.0   11.7   0.00    0.7    9.0  15:25    141
---------------------------------------------------------------------------------------
      86.9  102.7     12   71.1     27    0.0  679.9   1.42    1.3   28.0     30    179