NOAA Style Climate Reports


Report for November 2019
                   MONTHLY CLIMATOLOGICAL SUMMARY for Nov 2019


NAME: Allen Weather                  
ELEV: 672 feet    LAT: 33-05.77 N    LONG: 096-41.79 W


                   TEMPERATURE (F), RAIN (in), WIND SPEED (mph)

                                         HEAT   COOL         AVG
      MEAN                               DEG    DEG          WIND                   DOM
DAY   TEMP   HIGH   TIME    LOW   TIME   DAYS   DAYS   RAIN  SPEED   HIGH   TIME    DIR
---------------------------------------------------------------------------------------
 01   44.1   61.3  15:26   29.9  06:25   20.9    0.0   0.00    1.1   14.0  10:54    186
 02   47.9   62.0  14:37   36.6  06:09   17.1    0.0   0.00    0.9   13.0  11:17    325
 03   51.9   68.1  13:46   36.1  07:03   13.1    0.0   0.00    1.5   14.0  12:07    182
 04   62.0   76.9  14:31   49.6  06:46    3.0    0.0   0.00    1.6   17.0  11:12    183
 05   62.0   64.0  16:44   59.3  10:23    3.0    0.0   0.10    0.4    7.0  11:05      2
 06   68.6   75.9  12:43   63.3  01:04    0.0    3.6   0.02    1.2   11.0  12:19    184
 07   50.5   67.0  01:26   41.5  15:50   14.5    0.0   0.58    2.9   18.0  10:37    328
 08   44.7   53.1  15:10   39.4  07:16   20.3    0.0   0.00    0.9    8.0  00:00    340
 09   52.0   68.3  14:18   36.9  06:21   13.0    0.0   0.00    0.7    9.0  11:35    194
 10   60.9   75.2  14:02   46.6  07:14    4.1    0.0   0.00    1.9   16.0  22:33    184
 11   46.9   64.8  10:08   28.5  23:54   18.1    0.0   0.02    4.7   28.0  16:35    322
 12   29.3   37.9  14:12   21.3  06:59   35.7    0.0   0.00    2.4   15.0  07:11    333
 13   36.4   47.6  14:19   23.6  04:08   28.6    0.0   0.00    1.6   14.0  09:53    185
 14   47.0   57.4  14:33   39.6  07:37   18.0    0.0   0.00    1.2   11.0  11:01    333
 15   46.0   60.2  14:05   34.3  06:50   19.0    0.0   0.00    0.4    6.0  11:09    356
 16   47.9   62.5  13:27   33.5  07:23   17.1    0.0   0.00    0.7   11.0  11:00    179
 17   52.0   65.9  14:29   39.1  07:17   13.0    0.0   0.00    0.9   12.0  11:04    309
 18   54.2   71.3  14:17   38.7  07:02   10.8    0.0   0.00    0.6    9.0  11:33    231
 19   61.3   79.6  13:49   44.1  07:05    3.7    0.0   0.00    0.7   10.0  14:13    166
 20   66.0   76.5  15:53   57.4  00:28    0.0    1.0   0.01    2.5   24.0  14:11    181
 21   67.1   76.6  11:56   52.2  23:52    0.0    2.1   0.06    2.3   12.0  11:44    197
 22   46.3   52.2  00:00   41.3  23:55   18.7    0.0   0.14    3.9   18.0  10:17    323
 23   44.3   54.9  14:18   36.2  07:21   20.7    0.0   0.00    1.4   11.0  13:07    317
 24   52.9   69.4  14:13   37.3  07:20   12.1    0.0   0.00    0.8   11.0  22:26    212
 25   58.7   70.6  13:58   48.5  07:32    6.3    0.0   0.00    1.2   13.0  01:13    189
 26   63.7   71.1  15:38   51.2  00:18    1.3    0.0   0.00    2.7   21.0  20:10    226
 27   47.2   55.7  00:00   40.5  07:24   17.8    0.0   0.00    2.1   18.0  00:00    329
 28   44.8   48.6  00:12   42.6  07:39   20.2    0.0   0.38    1.1   12.0  13:05     65
 29   54.2   69.7  23:47   43.6  00:00   10.8    0.0   0.19    1.5   15.0  19:01    173
 30   65.3   71.7  03:46   54.1  23:56    0.0    0.3   0.17    4.5   19.0  16:43    307
---------------------------------------------------------------------------------------
      52.5   79.6     19   21.3     12  380.7    6.9   1.67    1.7   28.0     11    271