NOAA Style Climate Reports


Report for December 2019
                   MONTHLY CLIMATOLOGICAL SUMMARY for Dec 2019


NAME: Allen Weather                  
ELEV: 672 feet    LAT: 33-05.77 N    LONG: 096-41.79 W


                   TEMPERATURE (F), RAIN (in), WIND SPEED (mph)

                                         HEAT   COOL         AVG
      MEAN                               DEG    DEG          WIND                   DOM
DAY   TEMP   HIGH   TIME    LOW   TIME   DAYS   DAYS   RAIN  SPEED   HIGH   TIME    DIR
---------------------------------------------------------------------------------------
 01   48.8   55.9  15:17   41.4  07:21   16.2    0.0   0.00    5.2   22.0  10:21    316
 02   45.4   56.0  14:00   37.7  07:27   19.6    0.0   0.00    1.8   13.0  05:29    323
 03   51.6   66.7  13:46   39.2  07:04   13.4    0.0   0.00    1.2   11.0  10:21    254
 04   54.4   67.7  13:13   42.2  06:14   10.6    0.0   0.00    0.7    7.0  14:08    316
 05   60.3   72.5  13:54   47.4  05:14    4.7    0.0   0.00    2.2   17.0  11:48    174
 06   56.7   62.6  14:01   47.0  23:59    8.3    0.0   0.00    4.3   20.0  04:04    324
 07   50.0   62.2  14:27   39.6  07:19   15.0    0.0   0.00    0.7    6.0  02:50    277
 08   58.4   68.7  14:16   47.3  05:33    6.6    0.0   0.00    3.1   22.0  13:07    172
 09   59.1   71.3  12:02   38.9  23:57    5.9    0.0   0.00    3.5   18.0  13:39    311
 10   38.0   43.1  14:51   34.7  05:09   27.0    0.0   0.42    1.3   12.0  00:00    337
 11   41.1   53.7  14:34   30.6  06:18   23.9    0.0   0.00    0.8   10.0  09:17    168
 12   45.4   56.9  13:56   34.8  06:14   19.6    0.0   0.00    1.2   15.0  14:59    168
 13   48.5   60.1  13:09   39.4  07:21   16.5    0.0   0.00    0.8    8.0  13:17    318
 14   50.2   63.0  14:25   39.5  04:16   14.8    0.0   0.01    0.8    9.0  15:02     89
 15   55.2   71.5  14:09   44.4  23:51    9.8    0.0   0.00    2.1   14.0  17:54    283
 16   38.5   44.5  00:00   35.9  23:28   26.5    0.0   0.00    5.0   21.0  14:26    323
 17   37.9   48.6  15:46   29.8  07:35   27.1    0.0   0.00    2.7   15.0  02:24    327
 18   42.2   58.9  14:09   28.3  07:02   22.8    0.0   0.00    0.5    9.0  14:31    299
 19   44.2   59.5  12:43   29.8  06:12   20.8    0.0   0.00    1.2   12.0  13:05    173
 20   44.3   48.9  16:10   38.1  02:54   20.7    0.0   0.00    1.5    8.0  10:56    168
 21   45.8   49.0  15:54   42.6  06:34   19.2    0.0   0.00    0.6    7.0  00:38    337
 22   47.9   56.6  14:32   40.0  23:59   17.1    0.0   0.00    1.1   10.0  16:03    325
 23   48.4   67.1  14:18   33.4  07:32   16.6    0.0   0.00    0.4    6.0  11:33    182
 24   53.3   70.5  14:40   40.0  08:06   11.7    0.0   0.00    1.1   11.0  16:01    172
 25   58.3   71.5  13:51   44.2  07:33    6.7    0.0   0.00    1.6   17.0  15:37    172
 26   56.9   63.9  15:33   50.2  06:20    8.1    0.0   0.00    0.6    8.0  11:55    174
 27   61.1   70.0  15:15   55.0  03:39    3.9    0.0   0.00    1.0   11.0  21:06    162
 28   60.8   65.4  14:36   54.0  23:54    4.2    0.0   0.74    2.4   19.0  11:44    171
 29   47.0   54.1  00:00   41.8  23:59   18.0    0.0   0.01    3.0   17.0  15:22    314
 30   43.7   53.6  14:37   35.9  07:30   21.3    0.0   0.00    3.1   15.0  14:57    316
 31   43.0   54.0  14:19   32.5  06:14   22.0    0.0   0.00    1.0    9.0  12:16    316
---------------------------------------------------------------------------------------
      49.6   72.5     05   28.3     18  478.8    0.0   1.18    1.8   22.0     01    293