NOAA Style Climate Reports


Report for January 2020
                   MONTHLY CLIMATOLOGICAL SUMMARY for Jan 2020


NAME: Allen Weather                  
ELEV: 672 feet    LAT: 33-05.77 N    LONG: 096-41.79 W


                   TEMPERATURE (F), RAIN (in), WIND SPEED (mph)

                                         HEAT   COOL         AVG
      MEAN                               DEG    DEG          WIND                   DOM
DAY   TEMP   HIGH   TIME    LOW   TIME   DAYS   DAYS   RAIN  SPEED   HIGH   TIME    DIR
---------------------------------------------------------------------------------------
 01   48.1   55.1  16:03   40.5  01:10   16.9    0.0   0.00    2.4   20.0  17:55    169
 02   54.6   60.3  15:00   48.6  22:45   10.4    0.0   0.00    2.1   16.0  00:55    173
 03   50.7   60.3  14:08   44.0  23:57   14.3    0.0   0.00    3.2   17.0  10:27    321
 04   46.5   58.6  14:33   36.5  04:45   18.5    0.0   0.00    0.7   10.0  08:58    191
 05   53.0   68.7  13:47   38.6  07:42   12.0    0.0   0.00    1.3   14.0  09:08    297
 06   50.1   63.7  14:25   38.0  07:43   14.9    0.0   0.00    2.0   13.0  15:20    319
 07   48.9   64.5  14:24   38.2  07:56   16.1    0.0   0.00    1.0    6.0  12:55    302
 08   51.0   63.3  13:36   36.2  06:41   14.0    0.0   0.00    2.8   17.0  13:26    168
 09   61.6   67.3  19:06   57.2  04:26    3.4    0.0   0.01    3.3   21.0  01:13    173
 10   64.6   70.7  15:06   42.4  23:59    0.4    0.0   0.87    4.1   24.0  19:13    182
 11   35.4   42.5  00:00   29.6  10:46   29.6    0.0   0.10    4.3   22.0  01:02    316
 12   42.0   55.4  14:31   30.7  07:10   23.0    0.0   0.02    1.7   15.0  14:16    168
 13   50.9   60.7  16:23   39.9  04:29   14.1    0.0   0.01    1.7   15.0  16:36    172
 14   61.2   69.7  13:49   57.4  01:34    3.8    0.0   0.00    1.2    9.0  23:16    175
 15   68.4   80.2  14:43   59.2  23:53    0.0    3.4   0.01    1.7   13.0  23:58    246
 16   50.8   59.2  00:00   45.7  08:31   14.2    0.0   0.61    2.2   15.0  05:38    350
 17   52.4   62.2  23:26   46.3  01:50   12.6    0.0   0.30    2.1   12.0  15:26    170
 18   53.2   61.8  00:00   40.8  23:56   11.8    0.0   0.00    3.6   19.0  09:27    324
 19   43.7   53.2  14:50   33.7  07:50   21.3    0.0   0.00    0.9   10.0  13:36    345
 20   44.0   56.1  14:15   33.0  07:48   21.0    0.0   0.00    0.5   11.0  13:55    341
 21   42.1   49.9  15:50   35.6  03:38   22.9    0.0   0.03    1.2   10.0  19:10    158
 22   40.9   44.3  23:53   38.4  09:19   24.1    0.0   0.41    3.1   17.0  04:16    165
 23   47.1   56.4  16:08   42.3  08:17   17.9    0.0   0.02    2.0   14.0  09:23    325
 24   45.9   56.4  14:36   38.8  07:39   19.1    0.0   0.00    2.5   16.0  12:27    317
 25   52.1   65.2  15:26   38.4  05:37   12.9    0.0   0.00    2.4   19.0  14:04    171
 26   55.5   60.7  12:27   45.7  23:58    9.5    0.0   0.00    1.7   15.0  01:48    295
 27   49.7   60.5  13:53   41.3  04:59   15.3    0.0   0.00    1.0   10.0  14:17    165
 28   50.7   61.1  14:53   41.1  23:41   14.3    0.0   0.34    3.7   19.0  18:19    239
 29   41.3   44.4  13:53   38.7  05:18   23.7    0.0   0.00    4.1   18.0  00:02    325
 30   41.5   45.6  14:58   38.3  03:36   23.5    0.0   0.00    1.0    8.0  03:31    329
 31   46.0   54.3  15:13   41.7  07:08   19.0    0.0   0.00    1.5   11.0  12:08    321
---------------------------------------------------------------------------------------
      49.8   80.2     15   29.6     11  474.4    3.4   2.73    2.2   24.0     10    244