NOAA Style Climate Reports


Report for March 2020
                   MONTHLY CLIMATOLOGICAL SUMMARY for Mar 2020


NAME: Allen Weather                  
ELEV: 672 feet    LAT: 33-05.77 N    LONG: 096-41.79 W


                   TEMPERATURE (F), RAIN (in), WIND SPEED (mph)

                                         HEAT   COOL         AVG
      MEAN                               DEG    DEG          WIND                   DOM
DAY   TEMP   HIGH   TIME    LOW   TIME   DAYS   DAYS   RAIN  SPEED   HIGH   TIME    DIR
---------------------------------------------------------------------------------------
 01   65.1   73.8  15:30   59.5  06:30    0.0    0.1   0.00    4.6   22.0  02:50    173
 02   65.2   71.3  14:53   59.0  22:48    0.0    0.2   0.00    1.7   14.0  00:11    206
 03   59.6   66.4  15:45   54.7  05:34    5.4    0.0   0.00    0.7   13.0  08:54     29
 04   54.4   58.7  13:42   49.5  23:59   10.6    0.0   0.96    2.1   16.0  06:05    331
 05   57.4   72.2  15:36   41.9  06:42    7.6    0.0   0.01    2.3   14.0  13:04    326
 06   54.9   66.7  15:27   45.3  07:11   10.1    0.0   0.00    1.1   10.0  00:10    349
 07   53.3   65.3  13:54   42.9  06:17   11.7    0.0   0.00    2.2   16.0  15:31    170
 08   58.0   68.6  17:09   47.1  04:57    7.0    0.0   0.00    3.6   19.0  17:50    170
 09   65.1   74.1  16:58   59.9  07:32    0.0    0.1   0.07    3.8   21.0  03:58    178
 10   64.0   79.1  16:58   48.9  07:46    1.0    0.0   0.00    1.5   12.0  20:47    172
 11   74.5   87.3  16:00   64.1  04:49    0.0    9.5   0.00    2.5   15.0  20:00    192
 12   74.4   86.0  15:04   66.4  07:21    0.0    9.4   0.00    2.0   18.0  10:45    185
 13   62.5   75.5  00:35   55.7  23:37    2.5    0.0   1.72    1.8   18.0  11:07    108
 14   57.4   70.3  11:24   52.8  23:55    7.6    0.0   0.55    1.6   13.0  11:29    345
 15   52.0   55.7  16:12   49.3  08:04   13.0    0.0   0.25    1.5   13.0  05:49    354
 16   57.8   68.0  17:26   50.6  01:33    7.2    0.0   0.90    1.2   13.0  03:53    157
 17   60.7   64.7  23:51   58.7  03:31    4.3    0.0   0.08    0.9    7.0  18:58    122
 18   70.4   80.5  14:45   62.2  04:44    0.0    5.4   0.91    2.6   17.0  19:31    179
 19   71.0   81.6  16:26   62.9  21:58    0.0    6.0   0.44    3.5   21.0  03:44    179
 20   53.0   64.1  00:18   43.1  23:59   12.0    0.0   0.07    2.9   17.0  15:30    325
 21   47.5   57.5  16:14   39.7  07:16   17.5    0.0   0.12    1.2   10.0  16:18     86
 22   55.9   61.0  17:06   51.5  00:00    9.1    0.0   0.12    0.6    6.0  11:49    188
 23   62.3   65.6  11:34   58.8  00:02    2.7    0.0   0.01    0.8    9.0  20:45    155
 24   73.5   85.1  16:14   64.9  00:00    0.0    8.5   0.00    2.7   18.0  10:56    283
 25   73.2   90.7  16:16   55.1  07:32    0.0    8.2   0.00    1.9   15.0  17:22    179
 26   76.1   87.2  14:04   66.9  07:52    0.0   11.1   0.00    2.9   19.0  17:40    177
 27   75.8   82.5  15:08   68.3  07:22    0.0   10.8   0.00    3.1   16.0  00:05    184
 28   69.4   77.3  00:00   54.7  23:58    0.0    4.4   0.33    2.9   21.0  08:43    288
 29   61.7   73.2  15:03   50.9  07:31    3.3    0.0   0.00    0.7    8.0  17:30    143
 30   57.8   64.7  12:39   53.3  23:25    7.2    0.0   0.40    1.3   15.0  16:30    155
 31   57.4   66.6  16:54   52.2  06:00    7.6    0.0   0.00    1.9   14.0  10:28    328
---------------------------------------------------------------------------------------
      62.6   90.7     25   39.7     21  147.3   73.7   6.94    2.1   22.0     01    190