NOAA Style Climate Reports


Report for April 2020
                   MONTHLY CLIMATOLOGICAL SUMMARY for Apr 2020


NAME: Allen Weather                  
ELEV: 672 feet    LAT: 33-05.77 N    LONG: 096-41.79 W


                   TEMPERATURE (F), RAIN (in), WIND SPEED (mph)

                                         HEAT   COOL         AVG
      MEAN                               DEG    DEG          WIND                   DOM
DAY   TEMP   HIGH   TIME    LOW   TIME   DAYS   DAYS   RAIN  SPEED   HIGH   TIME    DIR
---------------------------------------------------------------------------------------
 01   60.7   72.3  14:55   47.7  06:37    4.3    0.0   0.00    1.9   16.0  13:45    176
 02   64.1   69.2  16:54   57.7  07:23    0.9    0.0   0.00    2.8   18.0  08:37    176
 03   52.3   66.3  09:55   39.5  23:23   12.7    0.0   0.14    3.2   19.0  15:58    317
 04   43.3   47.4  16:03   39.5  01:45   21.7    0.0   0.10    2.1   12.0  04:32    327
 05   54.5   64.8  18:07   45.7  00:53   10.5    0.0   0.00    0.6    7.0  14:50    127
 06   65.3   72.9  14:27   59.2  01:24    0.0    0.3   0.00    0.9   11.0  14:45    176
 07   76.6   88.3  14:38   64.6  00:00    0.0   11.6   0.00    1.5   14.0  13:10    194
 08   80.7   95.7  16:41   70.2  23:56    0.0   15.7   0.00    1.5   16.0  15:44    270
 09   71.1   77.9  13:14   62.9  23:55    0.0    6.1   0.00    1.4   12.0  15:30      1
 10   64.4   74.2  15:56   54.8  07:33    0.6    0.0   0.00    1.5   11.0  10:40     93
 11   62.6   71.2  11:45   56.4  05:20    2.4    0.0   0.04    1.8   16.0  11:38    175
 12   67.9   80.8  13:33   45.9  23:57    0.0    2.9   0.31    3.4   26.0  18:18    313
 13   47.0   56.1  16:39   38.8  07:20   18.0    0.0   0.00    3.0   21.0  01:53    334
 14   47.6   55.4  16:50   41.9  07:05   17.4    0.0   0.00    2.0   15.0  06:36    337
 15   52.2   66.3  17:01   37.1  06:59   12.8    0.0   0.00    1.0    9.0  10:24    231
 16   60.9   73.9  15:36   47.5  06:56    4.1    0.0   0.00    2.3   18.0  17:17    174
 17   57.3   66.9  10:52   48.6  23:57    7.7    0.0   0.00    2.7   17.0  00:35    290
 18   56.4   70.2  16:26   41.8  06:58    8.6    0.0   0.00    1.1    8.0  12:21    164
 19   67.0   77.7  17:29   60.5  23:59    0.0    2.0   0.05    1.2   11.0  09:49    196
 20   63.2   75.0  16:57   54.9  04:58    1.8    0.0   0.01    0.6    7.0  14:50    176
 21   71.9   85.9  15:45   59.7  05:54    0.0    6.9   0.00    1.2   12.0  17:53    164
 22   72.3   85.0  18:49   64.5  08:46    0.0    7.3   0.05    2.8   17.0  02:20    202
 23   70.1   83.7  16:55   58.1  06:56    0.0    5.1   0.00    2.5   14.0  09:21    321
 24   74.5   91.4  16:23   63.3  08:13    0.0    9.5   0.00    3.2   22.0  18:40    281
 25   67.0   77.7  16:20   55.8  07:01    0.0    2.0   0.00    3.2   17.0  00:45    327
 26   69.0   83.9  15:41   52.8  05:34    0.0    4.0   0.00    1.0   11.0  18:05    183
 27   73.2   85.2  15:44   62.5  06:34    0.0    8.2   0.00    3.0   21.0  14:28    180
 28   78.2   90.5  15:54   67.4  23:21    0.0   13.2   0.50    3.2   31.0  23:01    184
 29   69.4   78.4  16:05   61.0  23:59    0.0    4.4   0.00    4.0   24.0  16:18    323
 30   68.8   83.8  17:04   54.2  05:17    0.0    3.8   0.00    1.0   10.0  18:37    278
---------------------------------------------------------------------------------------
      64.3   95.7     08   37.1     15  123.6  103.1   1.20    2.0   31.0     28    256