NOAA Style Climate Reports


Report for May 2020
                   MONTHLY CLIMATOLOGICAL SUMMARY for May 2020


NAME: Allen Weather                  
ELEV: 672 feet    LAT: 33-05.77 N    LONG: 096-41.79 W


                   TEMPERATURE (F), RAIN (in), WIND SPEED (mph)

                                         HEAT   COOL         AVG
      MEAN                               DEG    DEG          WIND                   DOM
DAY   TEMP   HIGH   TIME    LOW   TIME   DAYS   DAYS   RAIN  SPEED   HIGH   TIME    DIR
---------------------------------------------------------------------------------------
 01   75.8   88.5  14:24   64.2  04:02    0.0   10.8   0.00    3.1   18.0  14:51    181
 02   76.7   88.3  16:49   66.1  06:26    0.0   11.7   0.00    4.0   19.0  15:55    180
 03   80.3   91.6  16:05   69.3  06:11    0.0   15.3   0.00    2.9   17.0  16:36    181
 04   81.5   92.4  15:50   71.0  06:33    0.0   16.5   0.00    3.4   22.0  16:26    180
 05   72.4   80.1  00:00   64.0  07:25    0.0    7.4   0.06    2.3   23.0  05:50    337
 06   68.8   80.5  14:38   54.4  05:43    0.0    3.8   0.00    0.8    8.0  13:10     21
 07   72.4   84.7  16:02   56.7  06:21    0.0    7.4   0.00    2.7   21.0  22:45    179
 08   67.4   73.6  04:53   59.7  23:57    0.0    2.4   0.17    3.4   26.0  01:00    315
 09   63.5   74.8  15:56   52.5  06:13    1.5    0.0   0.00    1.2   11.0  12:03    137
 10   66.6   78.4  15:41   53.0  06:07    0.0    1.6   0.00    0.8    8.0  14:25    128
 11   69.3   81.6  16:40   55.6  06:36    0.0    4.3   0.00    1.6   14.0  15:46    156
 12   70.5   77.2  14:00   65.1  06:26    0.0    5.5   0.17    1.8   14.0  04:06    176
 13   73.8   84.9  17:36   66.5  03:29    0.0    8.8   0.00    2.4   17.0  17:07    181
 14   78.5   89.7  15:53   65.7  06:35    0.0   13.5   0.06    2.5   17.0  11:44    180
 15   75.1   86.5  17:49   66.0  23:37    0.0   10.1   0.05    2.6   21.0  19:20    177
 16   65.4   68.3  13:09   64.0  13:55    0.0    0.4   1.10    2.7   21.0  17:03    326
 17   73.2   84.1  17:30   64.5  00:00    0.0    8.2   0.04    3.4   17.0  12:55    321
 18   76.9   91.4  15:34   62.2  06:23    0.0   11.9   0.00    0.5    9.0  19:54    191
 19   78.6   90.3  16:26   70.2  07:05    0.0   13.6   0.00    1.1    9.0  08:22    120
 20   72.6   76.6  16:55   69.5  06:26    0.0    7.6   0.00    1.4   13.0  17:18    140
 21   76.8   87.2  17:57   68.9  06:12    0.0   11.8   0.03    1.4   12.0  15:26    174
 22   82.6   93.1  16:16   73.9  05:41    0.0   17.6   0.00    2.6   19.0  04:16    182
 23   77.8   90.8  16:20   65.4  01:30    0.0   12.8   0.92    2.8   24.0  00:57    192
 24   74.1   88.6  13:24   66.5  22:58    0.0    9.1   0.49    1.9   20.0  15:25    176
 25   66.8   68.9  08:32   64.2  23:59    0.0    1.8   0.73    1.8   15.0  16:15    309
 26   66.0   72.8  18:13   62.5  06:16    0.0    1.0   0.01    1.5   12.0  09:03    314
 27   72.7   86.6  15:51   57.8  06:34    0.0    7.7   0.00    0.7    8.0  13:11    317
 28   75.7   84.8  16:05   68.5  06:08    0.0   10.7   0.00    1.5   14.0  14:56    331
 29   76.7   87.4  16:08   65.0  06:41    0.0   11.7   0.00    1.4   11.0  15:12    335
 30   77.1   87.7  16:15   66.2  06:56    0.0   12.1   0.00    0.8    8.0  14:37    110
 31   76.9   87.1  14:53   64.5  05:54    0.0   11.9   0.00    0.7    8.0  09:09    134
---------------------------------------------------------------------------------------
      73.6   93.1     22   52.5     09    1.5  269.1   3.83    2.0   26.0     08    194